{"id":8204,"date":"2025-10-23T15:41:39","date_gmt":"2025-10-23T13:41:39","guid":{"rendered":"https:\/\/www.investaura.co\/wordpress\/?page_id=8204"},"modified":"2025-10-24T12:43:38","modified_gmt":"2025-10-24T10:43:38","slug":"marktgroesse-und-analyse-warum-sollten-unternehmen-sich-dafuer-interessieren","status":"publish","type":"page","link":"https:\/\/www.investaura.co\/wordpress\/losungen\/marktgroesse-und-analyse-warum-sollten-unternehmen-sich-dafuer-interessieren\/","title":{"rendered":"Marktgr\u00f6\u00dfe und -analyse: Warum sollten Unternehmen sich daf\u00fcr interessieren?"},"content":{"rendered":"<p>Es ist nicht ungew\u00f6hnlich, dass mittelst\u00e4ndische Unternehmen nur eine vage Vorstellung von der Gr\u00f6\u00dfe des Marktes f\u00fcr ihre Produkte und Dienstleistungen haben.\u00a0Sicherlich sind diese Unternehmen gewachsen, weil sie Kunden gefunden haben, denen ihr Angebot gefallen hat, und nicht, weil sie wussten, wie gro\u00df der Markt ist. Warum sollten sie sich also darum k\u00fcmmern?<\/p>\n<p><!--more--><\/p>\n<p>Nat\u00fcrlich k\u00f6nnen sich F\u00fchrungskr\u00e4fte und Vertriebsmitarbeiter auf ihr pers\u00f6nliches Wissen und grobe Sch\u00e4tzungen verlassen, wie beispielsweise \u201eWir wissen, wie hoch unser Umsatz ist, und wir glauben, dass wir einen Marktanteil von X % haben\u201c. Aber jeder wird andere Zahlen im Kopf haben, und ein Konsens wird selten zustande kommen.<\/p>\n<p>Um ehrlich zu sein, sind <strong>M\u00e4rkte oft komplex<\/strong> und lassen sich nicht auf eine einzige Zahl reduzieren. Oft wird eine gro\u00dfe Vielfalt an Produkten verkauft, sodass es nicht nur einen Markt, sondern mehrere M\u00e4rkte oder Teilm\u00e4rkte gibt. Die Situation kann sich auch von Land zu Land stark unterscheiden, da die Kundenanforderungen in der Regel unterschiedlich sind und jedes Land oft von einer anderen Gruppe von Anbietern dominiert wird.<\/p>\n<p>Unternehmen, die mehr als eine einzige Zahl ben\u00f6tigen, profitieren in hohem Ma\u00dfe von einem \u201emehrdimensionalen\u201d Marktmodell, das <strong>die relevante Granularit\u00e4t<\/strong> und den richtigen Detaillierungsgrad bietet \u2013 Details, die n\u00fctzlich sein sollten, um <strong>die schwierigen Fragen zu beantworten<\/strong>, die das Management und die Aktion\u00e4re aufwerfen.<\/p>\n<p>Immer wieder haben wir erlebt, welchen <strong>Mehrwert<\/strong> diese Marktgr\u00f6\u00dfenmodelle unseren Kunden bieten:<\/p>\n<ul>\n<li>Alte Wahrheiten hinterfragen, blinde Flecken beseitigen und einen Konsens \u00fcber eine neue Wahrheit erzielen.<\/li>\n<li>\u201eAha-Momente\u201d sind ebenfalls sehr h\u00e4ufig!<\/li>\n<li>Bessere Darstellung der verschiedenen Marktsegmente (Produkte und Kunden), die tats\u00e4chlich vom Unternehmen angesprochen werden.<\/li>\n<li>Eine realistischere Sicht auf Marktanteile und die Gr\u00f6\u00dfe oder Kleinheit von Wettbewerbern sowie deren jeweilige Schwerpunkte.<\/li>\n<li>Die Identifizierung potenzieller Marktsegmente oder L\u00e4nder f\u00fcr Wachstum.<\/li>\n<li>Quantitative Inputs f\u00fcr Markteintrittsstrategien und Gesch\u00e4ftsplanung.<\/li>\n<li>Ein verbessertes Marktbewusstsein, das bei der Kommunikation mit Investoren und Aktion\u00e4ren n\u00fctzlich sein kann, die oft daran interessiert sind, die Entwicklung des Marktes zu diskutieren.<\/li>\n<\/ul>\n<p>Tief im Inneren ist das Verst\u00e4ndnis der tats\u00e4chlichen Gr\u00f6\u00dfe des Marktes, seiner Struktur und seiner Akteure eine <strong>\u201eOutside-In\u201d-Betrachtung<\/strong> und eine dem\u00fctigende Erfahrung: zu verstehen und zu akzeptieren, dass es auch ohne das Unternehmen einen Markt g\u00e4be, dessen Bed\u00fcrfnisse von anderen Unternehmen befriedigt w\u00fcrden.<\/p>\n<p>Liegt der Marktanteil des Unternehmens also n\u00e4her bei 0 % oder bei 100 %? Ein besseres Verst\u00e4ndnis der Realit\u00e4t des eigenen Marktanteils wirft auch interessante Fragen auf, wie zum Beispiel: <strong>Warum haben wir nicht 100 % Marktanteil?<\/strong> Warum kaufen viele Kunden bei unseren Mitbewerbern und nicht bei uns? Sind wir damit zufrieden, einen gro\u00dfen Teil des Marktes unseren Mitbewerbern zu \u00fcberlassen, und wenn nicht, <strong>was sollen wir tun und wo sollen wir anfangen?<\/strong><\/p>\n<p>Investaura entwickelt seit mehr als 25 Jahren Modelle zur Marktbewertung und -analyse, sowohl f\u00fcr Produkt- als auch f\u00fcr Dienstleistungsunternehmen. K\u00fcrzlich haben wir einen Auftrag zur Konzeption und Entwicklung einer Marktdatenbank f\u00fcr mehrere Produkte und L\u00e4nder f\u00fcr einen Hersteller abgeschlossen, der in mehr als 100 L\u00e4ndern weltweit t\u00e4tig ist.<\/p>\n<p>Der Kunde fand die Ergebnisse \u00e4u\u00dferst interessant und n\u00fctzlich.\u00a0Warum also nicht auch Sie? Kontaktieren Sie uns unter <a href=\"mailto: pierre.lurin@investaura.de\">pierre.lurin@investaura.de<\/a>, um Ihre pers\u00f6nlichen Anforderungen zu besprechen.<\/p>\n<p>&nbsp;<\/p>\n","protected":false},"excerpt":{"rendered":"<p>Es ist nicht ungew\u00f6hnlich, dass mittelst\u00e4ndische Unternehmen nur eine vage Vorstellung von der Gr\u00f6\u00dfe des Marktes f\u00fcr ihre Produkte und Dienstleistungen haben.\u00a0Sicherlich sind diese Unternehmen gewachsen, weil sie Kunden gefunden haben, denen ihr Angebot gefallen hat, und nicht, weil sie&#8230; <\/p>\n<div class=\"more-link-container\"><a class=\"more-link\" href=\"https:\/\/www.investaura.co\/wordpress\/losungen\/marktgroesse-und-analyse-warum-sollten-unternehmen-sich-dafuer-interessieren\/\">Read More<\/a><\/div>\n","protected":false},"author":1,"featured_media":7909,"parent":5685,"menu_order":0,"comment_status":"closed","ping_status":"closed","template":"","meta":{"jetpack_post_was_ever_published":false},"yoast_head":"<!-- This site is optimized with the Yoast SEO plugin v20.4 - https:\/\/yoast.com\/wordpress\/plugins\/seo\/ -->\n<title>Marktgr\u00f6\u00dfe und -analyse: Warum sollten Unternehmen sich daf\u00fcr interessieren? | Investaura<\/title>\n<meta name=\"robots\" content=\"index, follow, max-snippet:-1, max-image-preview:large, max-video-preview:-1\" \/>\n<link rel=\"canonical\" href=\"https:\/\/www.investaura.co\/wordpress\/losungen\/marktgroesse-und-analyse-warum-sollten-unternehmen-sich-dafuer-interessieren\/\" \/>\n<meta property=\"og:locale\" content=\"en_GB\" \/>\n<meta property=\"og:type\" content=\"article\" \/>\n<meta property=\"og:title\" content=\"Marktgr\u00f6\u00dfe und -analyse: Warum sollten Unternehmen sich daf\u00fcr interessieren? | Investaura\" \/>\n<meta property=\"og:description\" content=\"Es ist nicht ungew\u00f6hnlich, dass mittelst\u00e4ndische Unternehmen nur eine vage Vorstellung von der Gr\u00f6\u00dfe des Marktes f\u00fcr ihre Produkte und Dienstleistungen haben.\u00a0Sicherlich sind diese Unternehmen gewachsen, weil sie Kunden gefunden haben, denen ihr Angebot gefallen hat, und nicht, weil sie... Read More\" \/>\n<meta property=\"og:url\" content=\"https:\/\/www.investaura.co\/wordpress\/losungen\/marktgroesse-und-analyse-warum-sollten-unternehmen-sich-dafuer-interessieren\/\" \/>\n<meta property=\"og:site_name\" content=\"Investaura\" \/>\n<meta property=\"article:modified_time\" content=\"2025-10-24T10:43:38+00:00\" \/>\n<meta property=\"og:image\" content=\"https:\/\/www.investaura.co\/wordpress\/wp-content\/uploads\/2024\/07\/Business_Planning1.jpg\" \/>\n\t<meta property=\"og:image:width\" content=\"1024\" \/>\n\t<meta property=\"og:image:height\" content=\"663\" \/>\n\t<meta property=\"og:image:type\" content=\"image\/jpeg\" \/>\n<meta name=\"twitter:card\" content=\"summary_large_image\" \/>\n<meta name=\"twitter:label1\" content=\"Estimated reading time\" \/>\n\t<meta name=\"twitter:data1\" content=\"3 minutes\" \/>\n<script type=\"application\/ld+json\" class=\"yoast-schema-graph\">{\"@context\":\"https:\/\/schema.org\",\"@graph\":[{\"@type\":\"WebPage\",\"@id\":\"https:\/\/www.investaura.co\/wordpress\/losungen\/marktgroesse-und-analyse-warum-sollten-unternehmen-sich-dafuer-interessieren\/\",\"url\":\"https:\/\/www.investaura.co\/wordpress\/losungen\/marktgroesse-und-analyse-warum-sollten-unternehmen-sich-dafuer-interessieren\/\",\"name\":\"Marktgr\u00f6\u00dfe und -analyse: Warum sollten Unternehmen sich daf\u00fcr interessieren? | Investaura\",\"isPartOf\":{\"@id\":\"https:\/\/www.investaura.co\/wordpress\/#website\"},\"datePublished\":\"2025-10-23T13:41:39+00:00\",\"dateModified\":\"2025-10-24T10:43:38+00:00\",\"breadcrumb\":{\"@id\":\"https:\/\/www.investaura.co\/wordpress\/losungen\/marktgroesse-und-analyse-warum-sollten-unternehmen-sich-dafuer-interessieren\/#breadcrumb\"},\"inLanguage\":\"en-GB\",\"potentialAction\":[{\"@type\":\"ReadAction\",\"target\":[\"https:\/\/www.investaura.co\/wordpress\/losungen\/marktgroesse-und-analyse-warum-sollten-unternehmen-sich-dafuer-interessieren\/\"]}]},{\"@type\":\"BreadcrumbList\",\"@id\":\"https:\/\/www.investaura.co\/wordpress\/losungen\/marktgroesse-und-analyse-warum-sollten-unternehmen-sich-dafuer-interessieren\/#breadcrumb\",\"itemListElement\":[{\"@type\":\"ListItem\",\"position\":1,\"name\":\"Home\",\"item\":\"https:\/\/www.investaura.co\/wordpress\/\"},{\"@type\":\"ListItem\",\"position\":2,\"name\":\"L\u00f6sungen Showcase\",\"item\":\"https:\/\/www.investaura.co\/wordpress\/losungen\/\"},{\"@type\":\"ListItem\",\"position\":3,\"name\":\"Marktgr\u00f6\u00dfe und -analyse: Warum sollten Unternehmen sich daf\u00fcr interessieren?\"}]},{\"@type\":\"WebSite\",\"@id\":\"https:\/\/www.investaura.co\/wordpress\/#website\",\"url\":\"https:\/\/www.investaura.co\/wordpress\/\",\"name\":\"Investaura\",\"description\":\"The Value Creation Consultants\",\"publisher\":{\"@id\":\"https:\/\/www.investaura.co\/wordpress\/#organization\"},\"potentialAction\":[{\"@type\":\"SearchAction\",\"target\":{\"@type\":\"EntryPoint\",\"urlTemplate\":\"https:\/\/www.investaura.co\/wordpress\/?s={search_term_string}\"},\"query-input\":\"required name=search_term_string\"}],\"inLanguage\":\"en-GB\"},{\"@type\":\"Organization\",\"@id\":\"https:\/\/www.investaura.co\/wordpress\/#organization\",\"name\":\"Investaura\",\"url\":\"https:\/\/www.investaura.co\/wordpress\/\",\"logo\":{\"@type\":\"ImageObject\",\"inLanguage\":\"en-GB\",\"@id\":\"https:\/\/www.investaura.co\/wordpress\/#\/schema\/logo\/image\/\",\"url\":\"https:\/\/i0.wp.com\/www.investaura.co\/wordpress\/wp-content\/uploads\/Logo-INVESTAURA_RGB-blau-e1450351498844.jpg?fit=256%2C90&ssl=1\",\"contentUrl\":\"https:\/\/i0.wp.com\/www.investaura.co\/wordpress\/wp-content\/uploads\/Logo-INVESTAURA_RGB-blau-e1450351498844.jpg?fit=256%2C90&ssl=1\",\"width\":256,\"height\":90,\"caption\":\"Investaura\"},\"image\":{\"@id\":\"https:\/\/www.investaura.co\/wordpress\/#\/schema\/logo\/image\/\"},\"sameAs\":[\"https:\/\/www.linkedin.com\/company\/1229653\"]}]}<\/script>\n<!-- \/ Yoast SEO plugin. -->","yoast_head_json":{"title":"Marktgr\u00f6\u00dfe und -analyse: Warum sollten Unternehmen sich daf\u00fcr interessieren? | Investaura","robots":{"index":"index","follow":"follow","max-snippet":"max-snippet:-1","max-image-preview":"max-image-preview:large","max-video-preview":"max-video-preview:-1"},"canonical":"https:\/\/www.investaura.co\/wordpress\/losungen\/marktgroesse-und-analyse-warum-sollten-unternehmen-sich-dafuer-interessieren\/","og_locale":"en_GB","og_type":"article","og_title":"Marktgr\u00f6\u00dfe und -analyse: Warum sollten Unternehmen sich daf\u00fcr interessieren? | Investaura","og_description":"Es ist nicht ungew\u00f6hnlich, dass mittelst\u00e4ndische Unternehmen nur eine vage Vorstellung von der Gr\u00f6\u00dfe des Marktes f\u00fcr ihre Produkte und Dienstleistungen haben.\u00a0Sicherlich sind diese Unternehmen gewachsen, weil sie Kunden gefunden haben, denen ihr Angebot gefallen hat, und nicht, weil sie... Read More","og_url":"https:\/\/www.investaura.co\/wordpress\/losungen\/marktgroesse-und-analyse-warum-sollten-unternehmen-sich-dafuer-interessieren\/","og_site_name":"Investaura","article_modified_time":"2025-10-24T10:43:38+00:00","og_image":[{"width":1024,"height":663,"url":"https:\/\/www.investaura.co\/wordpress\/wp-content\/uploads\/2024\/07\/Business_Planning1.jpg","type":"image\/jpeg"}],"twitter_card":"summary_large_image","twitter_misc":{"Estimated reading time":"3 minutes"},"schema":{"@context":"https:\/\/schema.org","@graph":[{"@type":"WebPage","@id":"https:\/\/www.investaura.co\/wordpress\/losungen\/marktgroesse-und-analyse-warum-sollten-unternehmen-sich-dafuer-interessieren\/","url":"https:\/\/www.investaura.co\/wordpress\/losungen\/marktgroesse-und-analyse-warum-sollten-unternehmen-sich-dafuer-interessieren\/","name":"Marktgr\u00f6\u00dfe und -analyse: Warum sollten Unternehmen sich daf\u00fcr interessieren? | Investaura","isPartOf":{"@id":"https:\/\/www.investaura.co\/wordpress\/#website"},"datePublished":"2025-10-23T13:41:39+00:00","dateModified":"2025-10-24T10:43:38+00:00","breadcrumb":{"@id":"https:\/\/www.investaura.co\/wordpress\/losungen\/marktgroesse-und-analyse-warum-sollten-unternehmen-sich-dafuer-interessieren\/#breadcrumb"},"inLanguage":"en-GB","potentialAction":[{"@type":"ReadAction","target":["https:\/\/www.investaura.co\/wordpress\/losungen\/marktgroesse-und-analyse-warum-sollten-unternehmen-sich-dafuer-interessieren\/"]}]},{"@type":"BreadcrumbList","@id":"https:\/\/www.investaura.co\/wordpress\/losungen\/marktgroesse-und-analyse-warum-sollten-unternehmen-sich-dafuer-interessieren\/#breadcrumb","itemListElement":[{"@type":"ListItem","position":1,"name":"Home","item":"https:\/\/www.investaura.co\/wordpress\/"},{"@type":"ListItem","position":2,"name":"L\u00f6sungen Showcase","item":"https:\/\/www.investaura.co\/wordpress\/losungen\/"},{"@type":"ListItem","position":3,"name":"Marktgr\u00f6\u00dfe und -analyse: Warum sollten Unternehmen sich daf\u00fcr interessieren?"}]},{"@type":"WebSite","@id":"https:\/\/www.investaura.co\/wordpress\/#website","url":"https:\/\/www.investaura.co\/wordpress\/","name":"Investaura","description":"The Value Creation Consultants","publisher":{"@id":"https:\/\/www.investaura.co\/wordpress\/#organization"},"potentialAction":[{"@type":"SearchAction","target":{"@type":"EntryPoint","urlTemplate":"https:\/\/www.investaura.co\/wordpress\/?s={search_term_string}"},"query-input":"required name=search_term_string"}],"inLanguage":"en-GB"},{"@type":"Organization","@id":"https:\/\/www.investaura.co\/wordpress\/#organization","name":"Investaura","url":"https:\/\/www.investaura.co\/wordpress\/","logo":{"@type":"ImageObject","inLanguage":"en-GB","@id":"https:\/\/www.investaura.co\/wordpress\/#\/schema\/logo\/image\/","url":"https:\/\/i0.wp.com\/www.investaura.co\/wordpress\/wp-content\/uploads\/Logo-INVESTAURA_RGB-blau-e1450351498844.jpg?fit=256%2C90&ssl=1","contentUrl":"https:\/\/i0.wp.com\/www.investaura.co\/wordpress\/wp-content\/uploads\/Logo-INVESTAURA_RGB-blau-e1450351498844.jpg?fit=256%2C90&ssl=1","width":256,"height":90,"caption":"Investaura"},"image":{"@id":"https:\/\/www.investaura.co\/wordpress\/#\/schema\/logo\/image\/"},"sameAs":["https:\/\/www.linkedin.com\/company\/1229653"]}]}},"jetpack_shortlink":"https:\/\/wp.me\/P7ecno-28k","jetpack-related-posts":[],"jetpack_sharing_enabled":true,"_links":{"self":[{"href":"https:\/\/www.investaura.co\/wordpress\/wp-json\/wp\/v2\/pages\/8204"}],"collection":[{"href":"https:\/\/www.investaura.co\/wordpress\/wp-json\/wp\/v2\/pages"}],"about":[{"href":"https:\/\/www.investaura.co\/wordpress\/wp-json\/wp\/v2\/types\/page"}],"author":[{"embeddable":true,"href":"https:\/\/www.investaura.co\/wordpress\/wp-json\/wp\/v2\/users\/1"}],"replies":[{"embeddable":true,"href":"https:\/\/www.investaura.co\/wordpress\/wp-json\/wp\/v2\/comments?post=8204"}],"version-history":[{"count":12,"href":"https:\/\/www.investaura.co\/wordpress\/wp-json\/wp\/v2\/pages\/8204\/revisions"}],"predecessor-version":[{"id":8254,"href":"https:\/\/www.investaura.co\/wordpress\/wp-json\/wp\/v2\/pages\/8204\/revisions\/8254"}],"up":[{"embeddable":true,"href":"https:\/\/www.investaura.co\/wordpress\/wp-json\/wp\/v2\/pages\/5685"}],"wp:featuredmedia":[{"embeddable":true,"href":"https:\/\/www.investaura.co\/wordpress\/wp-json\/wp\/v2\/media\/7909"}],"wp:attachment":[{"href":"https:\/\/www.investaura.co\/wordpress\/wp-json\/wp\/v2\/media?parent=8204"}],"curies":[{"name":"wp","href":"https:\/\/api.w.org\/{rel}","templated":true}]}}