{"id":8071,"date":"2025-03-06T10:21:49","date_gmt":"2025-03-06T08:21:49","guid":{"rendered":"https:\/\/www.investaura.co\/wordpress\/?page_id=8071"},"modified":"2025-03-06T11:42:03","modified_gmt":"2025-03-06T09:42:03","slug":"integration-de-la-planification-a-court-terme-avec-la-planification-a-long-terme","status":"publish","type":"page","link":"https:\/\/www.investaura.co\/wordpress\/boite-a-solutions\/integration-de-la-planification-a-court-terme-avec-la-planification-a-long-terme\/","title":{"rendered":"Int\u00e9gration de la planification \u00e0 court terme avec la planification \u00e0 long terme"},"content":{"rendered":"<p>Investaura a d\u00e9velopp\u00e9 une solution bas\u00e9e sur Excel qui fournit une vue int\u00e9gr\u00e9e combinant les pr\u00e9visions \u00e0 court terme (24 mois) et le plan d&#8217;entreprise \u00e0 long terme (5 ans). Les plans \u00e0 court et \u00e0 long terme sont coh\u00e9rents l&#8217;un par rapport \u00e0 l&#8217;autre, mais ils peuvent \u00e9galement \u00eatre utilis\u00e9s ind\u00e9pendamment l&#8217;un de l&#8217;autre.<!--more--><\/p>\n<p>La planification ne concerne pas seulement le long terme, mais aussi la pr\u00e9vision de ce qui est susceptible de se produire \u00e0 court terme, g\u00e9n\u00e9ralement dans les 12 \u00e0 24 mois \u00e0 venir. Ceci est particuli\u00e8rement important pour un certain nombre de raisons :<\/p>\n<ul>\n<li>pour les personnes responsables des ventes : analyser l&#8217;\u00e9volution des ventes mois par mois et comparer les pr\u00e9visions jusqu&#8217;\u00e0 la fin de l&#8217;ann\u00e9e avec le budget.<\/li>\n<li>pour le directeur financier et son \u00e9quipe : surveiller la tr\u00e9sorerie et pr\u00e9voir l&#8217;\u00e9volution du cash.<\/li>\n<li>pour l&#8217;entreprise dans son ensemble : suivre les r\u00e9sultats financiers mois par mois et comparer les pr\u00e9visions avec les attentes d\u00e9finies dans le budget.<\/li>\n<\/ul>\n<p><img data-attachment-id=\"8052\" data-permalink=\"https:\/\/www.investaura.co\/wordpress\/solutions\/integrating-short-term-planning-and-forecasting-with-long-term-planning\/st_screenshot\/\" data-orig-file=\"https:\/\/i0.wp.com\/www.investaura.co\/wordpress\/wp-content\/uploads\/2025\/03\/ST_screenshot.png?fit=1866%2C1407&amp;ssl=1\" data-orig-size=\"1866,1407\" data-comments-opened=\"0\" data-image-meta=\"{&quot;aperture&quot;:&quot;0&quot;,&quot;credit&quot;:&quot;&quot;,&quot;camera&quot;:&quot;&quot;,&quot;caption&quot;:&quot;&quot;,&quot;created_timestamp&quot;:&quot;0&quot;,&quot;copyright&quot;:&quot;&quot;,&quot;focal_length&quot;:&quot;0&quot;,&quot;iso&quot;:&quot;0&quot;,&quot;shutter_speed&quot;:&quot;0&quot;,&quot;title&quot;:&quot;&quot;,&quot;orientation&quot;:&quot;0&quot;}\" data-image-title=\"ST_screenshot\" data-image-description=\"\" data-image-caption=\"\" data-medium-file=\"https:\/\/i0.wp.com\/www.investaura.co\/wordpress\/wp-content\/uploads\/2025\/03\/ST_screenshot.png?fit=300%2C226&amp;ssl=1\" data-large-file=\"https:\/\/i0.wp.com\/www.investaura.co\/wordpress\/wp-content\/uploads\/2025\/03\/ST_screenshot.png?fit=720%2C543&amp;ssl=1\" decoding=\"async\" loading=\"lazy\" class=\"alignleft size-full wp-image-8052\" src=\"https:\/\/i0.wp.com\/www.investaura.co\/wordpress\/wp-content\/uploads\/2025\/03\/ST_screenshot.png?resize=720%2C543&#038;ssl=1\" alt=\"\" width=\"720\" height=\"543\" srcset=\"https:\/\/i0.wp.com\/www.investaura.co\/wordpress\/wp-content\/uploads\/2025\/03\/ST_screenshot.png?w=1866&amp;ssl=1 1866w, https:\/\/i0.wp.com\/www.investaura.co\/wordpress\/wp-content\/uploads\/2025\/03\/ST_screenshot.png?resize=300%2C226&amp;ssl=1 300w, https:\/\/i0.wp.com\/www.investaura.co\/wordpress\/wp-content\/uploads\/2025\/03\/ST_screenshot.png?resize=1024%2C772&amp;ssl=1 1024w, https:\/\/i0.wp.com\/www.investaura.co\/wordpress\/wp-content\/uploads\/2025\/03\/ST_screenshot.png?resize=1536%2C1158&amp;ssl=1 1536w, https:\/\/i0.wp.com\/www.investaura.co\/wordpress\/wp-content\/uploads\/2025\/03\/ST_screenshot.png?w=1440&amp;ssl=1 1440w\" sizes=\"(max-width: 720px) 100vw, 720px\" data-recalc-dims=\"1\" \/><\/p>\n<p>&nbsp;<\/p>\n<p>L&#8217;outil de planification int\u00e9gr\u00e9e peut \u00eatre utilis\u00e9 pour tout type d&#8217;entreprise. Ses principales caract\u00e9ristiques sont les suivantes<\/p>\n<ul>\n<li>les plans \u00e0 court et \u00e0 long terme sont bas\u00e9s sur des &#8220;drivers&#8221;.<\/li>\n<li>le plan \u00e0 court terme couvre une p\u00e9riode de 3 ans en mois : l&#8217;ann\u00e9e pr\u00e9c\u00e9dente avec des donn\u00e9es historiques mensuelles ; l&#8217;ann\u00e9e en cours combinant \u00e0 la fois les donn\u00e9es historiques des derniers mois et les pr\u00e9visions jusqu&#8217;\u00e0 la fin de l&#8217;ann\u00e9e ; et les pr\u00e9visions de l&#8217;ann\u00e9e suivante en mois.<\/li>\n<li>le plan \u00e0 long terme couvre une p\u00e9riode de 10 ans : 5 ann\u00e9es de donn\u00e9es historiques, l&#8217;ann\u00e9e en cours et les 4 ann\u00e9es suivantes.<\/li>\n<li>l&#8217;outil comprend un mod\u00e8le commercial qui fournit des pr\u00e9visions de ventes selon plusieurs dimensions: par ligne de produits (n\u00b0 1, n\u00b0 2, n\u00b0 3, n\u00b0 4), par \u00ab composant \u00bb du produit (mat\u00e9riel, logiciel, service), par zone g\u00e9ographique (pays, r\u00e9gions).<\/li>\n<li>des \u00e9tats financiers complets comprenant le compte de r\u00e9sultat, le flux de tr\u00e9sorerie et le bilan.<\/li>\n<li>les donn\u00e9es historiques (mensuelles) pour l&#8217;ann\u00e9e en cours et l&#8217;ann\u00e9e pr\u00e9c\u00e9dente sont extraites de rapports Excel g\u00e9n\u00e9r\u00e9s \u00e0 partir du syst\u00e8me ERP.<\/li>\n<li>un cockpit permettant de suivre les principaux r\u00e9sultats financiers et d&#8217;effectuer une analyse des \u00e9carts<\/li>\n<li>de nombreux graphiques permettent de visualiser les performances de l&#8217;entreprise. Les tendances inhabituelles ressortent et l&#8217;utilisateur de l&#8217;outil de planification peut v\u00e9rifier visuellement si les chiffres pr\u00e9sent\u00e9s correspondent \u00e0 ses attentes.<\/li>\n<li>de nombreux contr\u00f4les crois\u00e9s pour s&#8217;assurer qu&#8217; \u00ab aucune donn\u00e9e n&#8217;est oubli\u00e9e \u00bb et que les plans \u00e0 court et \u00e0 long terme sont coh\u00e9rents et \u00ab racontent une seule et m\u00eame histoire \u00bb.<\/li>\n<\/ul>\n<p><img data-attachment-id=\"8050\" data-permalink=\"https:\/\/www.investaura.co\/wordpress\/solutions\/integrating-short-term-planning-and-forecasting-with-long-term-planning\/integrated_planning_screenshot\/\" data-orig-file=\"https:\/\/i0.wp.com\/www.investaura.co\/wordpress\/wp-content\/uploads\/2025\/03\/integrated_planning_screenshot.png?fit=1758%2C1104&amp;ssl=1\" data-orig-size=\"1758,1104\" data-comments-opened=\"0\" data-image-meta=\"{&quot;aperture&quot;:&quot;0&quot;,&quot;credit&quot;:&quot;&quot;,&quot;camera&quot;:&quot;&quot;,&quot;caption&quot;:&quot;&quot;,&quot;created_timestamp&quot;:&quot;0&quot;,&quot;copyright&quot;:&quot;&quot;,&quot;focal_length&quot;:&quot;0&quot;,&quot;iso&quot;:&quot;0&quot;,&quot;shutter_speed&quot;:&quot;0&quot;,&quot;title&quot;:&quot;&quot;,&quot;orientation&quot;:&quot;0&quot;}\" data-image-title=\"integrated_planning_screenshot\" data-image-description=\"\" data-image-caption=\"\" data-medium-file=\"https:\/\/i0.wp.com\/www.investaura.co\/wordpress\/wp-content\/uploads\/2025\/03\/integrated_planning_screenshot.png?fit=300%2C188&amp;ssl=1\" data-large-file=\"https:\/\/i0.wp.com\/www.investaura.co\/wordpress\/wp-content\/uploads\/2025\/03\/integrated_planning_screenshot.png?fit=720%2C452&amp;ssl=1\" decoding=\"async\" loading=\"lazy\" class=\"alignleft size-full wp-image-8050\" src=\"https:\/\/i0.wp.com\/www.investaura.co\/wordpress\/wp-content\/uploads\/2025\/03\/integrated_planning_screenshot.png?resize=720%2C452&#038;ssl=1\" alt=\"\" width=\"720\" height=\"452\" srcset=\"https:\/\/i0.wp.com\/www.investaura.co\/wordpress\/wp-content\/uploads\/2025\/03\/integrated_planning_screenshot.png?w=1758&amp;ssl=1 1758w, https:\/\/i0.wp.com\/www.investaura.co\/wordpress\/wp-content\/uploads\/2025\/03\/integrated_planning_screenshot.png?resize=300%2C188&amp;ssl=1 300w, https:\/\/i0.wp.com\/www.investaura.co\/wordpress\/wp-content\/uploads\/2025\/03\/integrated_planning_screenshot.png?resize=1024%2C643&amp;ssl=1 1024w, https:\/\/i0.wp.com\/www.investaura.co\/wordpress\/wp-content\/uploads\/2025\/03\/integrated_planning_screenshot.png?resize=1536%2C965&amp;ssl=1 1536w, https:\/\/i0.wp.com\/www.investaura.co\/wordpress\/wp-content\/uploads\/2025\/03\/integrated_planning_screenshot.png?w=1440&amp;ssl=1 1440w\" sizes=\"(max-width: 720px) 100vw, 720px\" data-recalc-dims=\"1\" \/><\/p>\n<p>N&#8217;h\u00e9sitez pas \u00e0 nous contacter pour une d\u00e9monstration de notre solution et une discussion de vos besoins personnels.<\/p>\n","protected":false},"excerpt":{"rendered":"<p>Investaura a d\u00e9velopp\u00e9 une solution bas\u00e9e sur Excel qui fournit une vue int\u00e9gr\u00e9e combinant les pr\u00e9visions \u00e0 court terme (24 mois) et le plan d&#8217;entreprise \u00e0 long terme (5 ans). Les plans \u00e0 court et \u00e0 long terme sont coh\u00e9rents&#8230; <\/p>\n<div class=\"more-link-container\"><a class=\"more-link\" href=\"https:\/\/www.investaura.co\/wordpress\/boite-a-solutions\/integration-de-la-planification-a-court-terme-avec-la-planification-a-long-terme\/\">Read More<\/a><\/div>\n","protected":false},"author":1,"featured_media":8051,"parent":5683,"menu_order":81,"comment_status":"closed","ping_status":"closed","template":"","meta":{"jetpack_post_was_ever_published":false},"yoast_head":"<!-- This site is optimized with the Yoast SEO plugin v20.4 - https:\/\/yoast.com\/wordpress\/plugins\/seo\/ -->\n<title>Int\u00e9gration de la planification \u00e0 court terme avec la planification \u00e0 long terme | Investaura<\/title>\n<meta name=\"description\" content=\"planning forecasting\" \/>\n<meta name=\"robots\" content=\"index, follow, max-snippet:-1, max-image-preview:large, max-video-preview:-1\" \/>\n<link rel=\"canonical\" href=\"https:\/\/www.investaura.co\/wordpress\/boite-a-solutions\/integration-de-la-planification-a-court-terme-avec-la-planification-a-long-terme\/\" \/>\n<meta property=\"og:locale\" content=\"en_GB\" \/>\n<meta property=\"og:type\" content=\"article\" \/>\n<meta property=\"og:title\" content=\"Int\u00e9gration de la planification \u00e0 court terme avec la planification \u00e0 long terme | Investaura\" \/>\n<meta property=\"og:description\" content=\"planning forecasting\" \/>\n<meta property=\"og:url\" content=\"https:\/\/www.investaura.co\/wordpress\/boite-a-solutions\/integration-de-la-planification-a-court-terme-avec-la-planification-a-long-terme\/\" \/>\n<meta property=\"og:site_name\" content=\"Investaura\" \/>\n<meta property=\"article:modified_time\" content=\"2025-03-06T09:42:03+00:00\" \/>\n<meta property=\"og:image\" content=\"https:\/\/www.investaura.co\/wordpress\/wp-content\/uploads\/2025\/03\/MandA_screenshot.png\" \/>\n\t<meta property=\"og:image:width\" content=\"1470\" \/>\n\t<meta property=\"og:image:height\" content=\"951\" \/>\n\t<meta property=\"og:image:type\" content=\"image\/png\" \/>\n<meta name=\"twitter:card\" content=\"summary_large_image\" \/>\n<meta name=\"twitter:label1\" content=\"Estimated reading time\" \/>\n\t<meta name=\"twitter:data1\" content=\"3 minutes\" \/>\n<script type=\"application\/ld+json\" class=\"yoast-schema-graph\">{\"@context\":\"https:\/\/schema.org\",\"@graph\":[{\"@type\":\"WebPage\",\"@id\":\"https:\/\/www.investaura.co\/wordpress\/boite-a-solutions\/integration-de-la-planification-a-court-terme-avec-la-planification-a-long-terme\/\",\"url\":\"https:\/\/www.investaura.co\/wordpress\/boite-a-solutions\/integration-de-la-planification-a-court-terme-avec-la-planification-a-long-terme\/\",\"name\":\"Int\u00e9gration de la planification \u00e0 court terme avec la planification \u00e0 long terme | Investaura\",\"isPartOf\":{\"@id\":\"https:\/\/www.investaura.co\/wordpress\/#website\"},\"datePublished\":\"2025-03-06T08:21:49+00:00\",\"dateModified\":\"2025-03-06T09:42:03+00:00\",\"description\":\"planning forecasting\",\"breadcrumb\":{\"@id\":\"https:\/\/www.investaura.co\/wordpress\/boite-a-solutions\/integration-de-la-planification-a-court-terme-avec-la-planification-a-long-terme\/#breadcrumb\"},\"inLanguage\":\"en-GB\",\"potentialAction\":[{\"@type\":\"ReadAction\",\"target\":[\"https:\/\/www.investaura.co\/wordpress\/boite-a-solutions\/integration-de-la-planification-a-court-terme-avec-la-planification-a-long-terme\/\"]}]},{\"@type\":\"BreadcrumbList\",\"@id\":\"https:\/\/www.investaura.co\/wordpress\/boite-a-solutions\/integration-de-la-planification-a-court-terme-avec-la-planification-a-long-terme\/#breadcrumb\",\"itemListElement\":[{\"@type\":\"ListItem\",\"position\":1,\"name\":\"Home\",\"item\":\"https:\/\/www.investaura.co\/wordpress\/\"},{\"@type\":\"ListItem\",\"position\":2,\"name\":\"Solutions Showcase\",\"item\":\"https:\/\/www.investaura.co\/wordpress\/boite-a-solutions\/\"},{\"@type\":\"ListItem\",\"position\":3,\"name\":\"Int\u00e9gration de la planification \u00e0 court terme avec la planification \u00e0 long terme\"}]},{\"@type\":\"WebSite\",\"@id\":\"https:\/\/www.investaura.co\/wordpress\/#website\",\"url\":\"https:\/\/www.investaura.co\/wordpress\/\",\"name\":\"Investaura\",\"description\":\"The Value Creation Consultants\",\"publisher\":{\"@id\":\"https:\/\/www.investaura.co\/wordpress\/#organization\"},\"potentialAction\":[{\"@type\":\"SearchAction\",\"target\":{\"@type\":\"EntryPoint\",\"urlTemplate\":\"https:\/\/www.investaura.co\/wordpress\/?s={search_term_string}\"},\"query-input\":\"required name=search_term_string\"}],\"inLanguage\":\"en-GB\"},{\"@type\":\"Organization\",\"@id\":\"https:\/\/www.investaura.co\/wordpress\/#organization\",\"name\":\"Investaura\",\"url\":\"https:\/\/www.investaura.co\/wordpress\/\",\"logo\":{\"@type\":\"ImageObject\",\"inLanguage\":\"en-GB\",\"@id\":\"https:\/\/www.investaura.co\/wordpress\/#\/schema\/logo\/image\/\",\"url\":\"https:\/\/i0.wp.com\/www.investaura.co\/wordpress\/wp-content\/uploads\/Logo-INVESTAURA_RGB-blau-e1450351498844.jpg?fit=256%2C90&ssl=1\",\"contentUrl\":\"https:\/\/i0.wp.com\/www.investaura.co\/wordpress\/wp-content\/uploads\/Logo-INVESTAURA_RGB-blau-e1450351498844.jpg?fit=256%2C90&ssl=1\",\"width\":256,\"height\":90,\"caption\":\"Investaura\"},\"image\":{\"@id\":\"https:\/\/www.investaura.co\/wordpress\/#\/schema\/logo\/image\/\"},\"sameAs\":[\"https:\/\/www.linkedin.com\/company\/1229653\"]}]}<\/script>\n<!-- \/ Yoast SEO plugin. -->","yoast_head_json":{"title":"Int\u00e9gration de la planification \u00e0 court terme avec la planification \u00e0 long terme | Investaura","description":"planning forecasting","robots":{"index":"index","follow":"follow","max-snippet":"max-snippet:-1","max-image-preview":"max-image-preview:large","max-video-preview":"max-video-preview:-1"},"canonical":"https:\/\/www.investaura.co\/wordpress\/boite-a-solutions\/integration-de-la-planification-a-court-terme-avec-la-planification-a-long-terme\/","og_locale":"en_GB","og_type":"article","og_title":"Int\u00e9gration de la planification \u00e0 court terme avec la planification \u00e0 long terme | Investaura","og_description":"planning forecasting","og_url":"https:\/\/www.investaura.co\/wordpress\/boite-a-solutions\/integration-de-la-planification-a-court-terme-avec-la-planification-a-long-terme\/","og_site_name":"Investaura","article_modified_time":"2025-03-06T09:42:03+00:00","og_image":[{"width":1470,"height":951,"url":"https:\/\/www.investaura.co\/wordpress\/wp-content\/uploads\/2025\/03\/MandA_screenshot.png","type":"image\/png"}],"twitter_card":"summary_large_image","twitter_misc":{"Estimated reading time":"3 minutes"},"schema":{"@context":"https:\/\/schema.org","@graph":[{"@type":"WebPage","@id":"https:\/\/www.investaura.co\/wordpress\/boite-a-solutions\/integration-de-la-planification-a-court-terme-avec-la-planification-a-long-terme\/","url":"https:\/\/www.investaura.co\/wordpress\/boite-a-solutions\/integration-de-la-planification-a-court-terme-avec-la-planification-a-long-terme\/","name":"Int\u00e9gration de la planification \u00e0 court terme avec la planification \u00e0 long terme | Investaura","isPartOf":{"@id":"https:\/\/www.investaura.co\/wordpress\/#website"},"datePublished":"2025-03-06T08:21:49+00:00","dateModified":"2025-03-06T09:42:03+00:00","description":"planning forecasting","breadcrumb":{"@id":"https:\/\/www.investaura.co\/wordpress\/boite-a-solutions\/integration-de-la-planification-a-court-terme-avec-la-planification-a-long-terme\/#breadcrumb"},"inLanguage":"en-GB","potentialAction":[{"@type":"ReadAction","target":["https:\/\/www.investaura.co\/wordpress\/boite-a-solutions\/integration-de-la-planification-a-court-terme-avec-la-planification-a-long-terme\/"]}]},{"@type":"BreadcrumbList","@id":"https:\/\/www.investaura.co\/wordpress\/boite-a-solutions\/integration-de-la-planification-a-court-terme-avec-la-planification-a-long-terme\/#breadcrumb","itemListElement":[{"@type":"ListItem","position":1,"name":"Home","item":"https:\/\/www.investaura.co\/wordpress\/"},{"@type":"ListItem","position":2,"name":"Solutions Showcase","item":"https:\/\/www.investaura.co\/wordpress\/boite-a-solutions\/"},{"@type":"ListItem","position":3,"name":"Int\u00e9gration de la planification \u00e0 court terme avec la planification \u00e0 long terme"}]},{"@type":"WebSite","@id":"https:\/\/www.investaura.co\/wordpress\/#website","url":"https:\/\/www.investaura.co\/wordpress\/","name":"Investaura","description":"The Value Creation Consultants","publisher":{"@id":"https:\/\/www.investaura.co\/wordpress\/#organization"},"potentialAction":[{"@type":"SearchAction","target":{"@type":"EntryPoint","urlTemplate":"https:\/\/www.investaura.co\/wordpress\/?s={search_term_string}"},"query-input":"required name=search_term_string"}],"inLanguage":"en-GB"},{"@type":"Organization","@id":"https:\/\/www.investaura.co\/wordpress\/#organization","name":"Investaura","url":"https:\/\/www.investaura.co\/wordpress\/","logo":{"@type":"ImageObject","inLanguage":"en-GB","@id":"https:\/\/www.investaura.co\/wordpress\/#\/schema\/logo\/image\/","url":"https:\/\/i0.wp.com\/www.investaura.co\/wordpress\/wp-content\/uploads\/Logo-INVESTAURA_RGB-blau-e1450351498844.jpg?fit=256%2C90&ssl=1","contentUrl":"https:\/\/i0.wp.com\/www.investaura.co\/wordpress\/wp-content\/uploads\/Logo-INVESTAURA_RGB-blau-e1450351498844.jpg?fit=256%2C90&ssl=1","width":256,"height":90,"caption":"Investaura"},"image":{"@id":"https:\/\/www.investaura.co\/wordpress\/#\/schema\/logo\/image\/"},"sameAs":["https:\/\/www.linkedin.com\/company\/1229653"]}]}},"jetpack_shortlink":"https:\/\/wp.me\/P7ecno-26b","jetpack-related-posts":[],"jetpack_sharing_enabled":true,"_links":{"self":[{"href":"https:\/\/www.investaura.co\/wordpress\/wp-json\/wp\/v2\/pages\/8071"}],"collection":[{"href":"https:\/\/www.investaura.co\/wordpress\/wp-json\/wp\/v2\/pages"}],"about":[{"href":"https:\/\/www.investaura.co\/wordpress\/wp-json\/wp\/v2\/types\/page"}],"author":[{"embeddable":true,"href":"https:\/\/www.investaura.co\/wordpress\/wp-json\/wp\/v2\/users\/1"}],"replies":[{"embeddable":true,"href":"https:\/\/www.investaura.co\/wordpress\/wp-json\/wp\/v2\/comments?post=8071"}],"version-history":[{"count":4,"href":"https:\/\/www.investaura.co\/wordpress\/wp-json\/wp\/v2\/pages\/8071\/revisions"}],"predecessor-version":[{"id":8077,"href":"https:\/\/www.investaura.co\/wordpress\/wp-json\/wp\/v2\/pages\/8071\/revisions\/8077"}],"up":[{"embeddable":true,"href":"https:\/\/www.investaura.co\/wordpress\/wp-json\/wp\/v2\/pages\/5683"}],"wp:featuredmedia":[{"embeddable":true,"href":"https:\/\/www.investaura.co\/wordpress\/wp-json\/wp\/v2\/media\/8051"}],"wp:attachment":[{"href":"https:\/\/www.investaura.co\/wordpress\/wp-json\/wp\/v2\/media?parent=8071"}],"curies":[{"name":"wp","href":"https:\/\/api.w.org\/{rel}","templated":true}]}}