{"id":7077,"date":"2020-02-03T11:12:46","date_gmt":"2020-02-03T09:12:46","guid":{"rendered":"http:\/\/www.investaura.co\/?page_id=7077"},"modified":"2022-02-02T14:24:21","modified_gmt":"2022-02-02T12:24:21","slug":"levee-de-fonds-capital-developpement-pour-le-secteur-iot","status":"publish","type":"page","link":"https:\/\/www.investaura.co\/wordpress\/boite-a-solutions\/levee-de-fonds-capital-developpement-pour-le-secteur-iot\/","title":{"rendered":"Lev\u00e9e de fonds capital-d\u00e9veloppement pour le secteur IoT"},"content":{"rendered":"<p>Investaura a \u00e9t\u00e9 mandat\u00e9 pour une lev\u00e9e de fonds capital-d\u00e9veloppement de 15 millions d&#8217;euros par Discovergy, un fournisseur allemand de solutions d&#8217;analyse \u00e9nerg\u00e9tique et de &#8216;smart meter gateways&#8217; (SMGW). L&#8217;entreprise conna\u00eet une forte croissance aupr\u00e8s de ses clients dans les secteurs de l&#8217;\u00e9nergie, de l&#8217;immobilier et du commerce de d\u00e9tail.<\/p>\n<p><!--more--><\/p>\n<p>La loi allemande &#8216;Messstellenbetriebsgesetz&#8217; (MsbG) ouvre d&#8217;importantes opportunit\u00e9s de croissance \u00e0 partir de f\u00e9vrier 2020, car trois fournisseurs de passerelles de compteurs intelligents SMGW ont maintenant re\u00e7u leur certification BSI et le d\u00e9but du d\u00e9ploiement obligatoire en Allemagne a \u00e9t\u00e9 officiellement d\u00e9clar\u00e9 le 31 janvier 2020. Dans un premier temps, environ 4 millions de compteurs intelligents seront install\u00e9s en Allemagne. Le BSI est l&#8217;Office f\u00e9d\u00e9ral allemand de la s\u00e9curit\u00e9 de l&#8217;information.<\/p>\n<p>Le 14 d\u00e9cembre 2021, Discovergy a annonc\u00e9 que Comgy participe en tant que lead investor\u00a0\u00e0 la lev\u00e9e de fonds\u00a0pour \u00e9tablir la premi\u00e8re plateforme de multi-metering sur le march\u00e9.\u00a0Pour le secteur immobilier, la nouvelle solution repr\u00e9sente un v\u00e9ritable changement de paradigme : en effet, toutes les donn\u00e9es de consommation peuvent \u00eatre mesur\u00e9es num\u00e9riquement de mani\u00e8re uniforme et factur\u00e9es en temps r\u00e9el. C&#8217;est l&#8217;occasion de mettre fin \u00e0 la prolif\u00e9ration des syst\u00e8mes existants et de r\u00e9pondre efficacement aux exigences, par exemple, de la nouvelle ordonnance sur les frais de chauffage entr\u00e9e en vigueur en Allemagne.<\/p>\n<p>Pour plus de renseignements sur nos services de lev\u00e9e de fonds et de fusions-acquisitions, n&#8217;h\u00e9sitez pas \u00e0 <a title=\"Contact Us\" href=\"http:\/\/www.investaura.co\/contact\/\">nous contacter<\/a><span class=\"Apple-style-span\" style=\"color: #993366;\"><i>.<\/i><\/span><\/p>\n","protected":false},"excerpt":{"rendered":"<p>Investaura a \u00e9t\u00e9 mandat\u00e9 pour une lev\u00e9e de fonds capital-d\u00e9veloppement de 15 millions d&#8217;euros par Discovergy, un fournisseur allemand de solutions d&#8217;analyse \u00e9nerg\u00e9tique et de &#8216;smart meter gateways&#8217; (SMGW). L&#8217;entreprise conna\u00eet une forte croissance aupr\u00e8s de ses clients dans les&#8230; <\/p>\n<div class=\"more-link-container\"><a class=\"more-link\" href=\"https:\/\/www.investaura.co\/wordpress\/boite-a-solutions\/levee-de-fonds-capital-developpement-pour-le-secteur-iot\/\">Read More<\/a><\/div>\n","protected":false},"author":1,"featured_media":7073,"parent":5683,"menu_order":8,"comment_status":"closed","ping_status":"closed","template":"","meta":{"jetpack_post_was_ever_published":false},"yoast_head":"<!-- This site is optimized with the Yoast SEO plugin v20.4 - https:\/\/yoast.com\/wordpress\/plugins\/seo\/ -->\n<title>Lev\u00e9e de fonds capital-d\u00e9veloppement pour le secteur IoT | Investaura<\/title>\n<meta name=\"robots\" content=\"index, follow, max-snippet:-1, max-image-preview:large, max-video-preview:-1\" \/>\n<link rel=\"canonical\" href=\"https:\/\/www.investaura.co\/wordpress\/boite-a-solutions\/levee-de-fonds-capital-developpement-pour-le-secteur-iot\/\" \/>\n<meta property=\"og:locale\" content=\"en_GB\" \/>\n<meta property=\"og:type\" content=\"article\" \/>\n<meta property=\"og:title\" content=\"Lev\u00e9e de fonds capital-d\u00e9veloppement pour le secteur IoT | Investaura\" \/>\n<meta property=\"og:description\" content=\"Investaura a \u00e9t\u00e9 mandat\u00e9 pour une lev\u00e9e de fonds capital-d\u00e9veloppement de 15 millions d&#8217;euros par Discovergy, un fournisseur allemand de solutions d&#8217;analyse \u00e9nerg\u00e9tique et de &#8216;smart meter gateways&#8217; (SMGW). L&#8217;entreprise conna\u00eet une forte croissance aupr\u00e8s de ses clients dans les... Read More\" \/>\n<meta property=\"og:url\" content=\"https:\/\/www.investaura.co\/wordpress\/boite-a-solutions\/levee-de-fonds-capital-developpement-pour-le-secteur-iot\/\" \/>\n<meta property=\"og:site_name\" content=\"Investaura\" \/>\n<meta property=\"article:modified_time\" content=\"2022-02-02T12:24:21+00:00\" \/>\n<meta property=\"og:image\" content=\"https:\/\/i0.wp.com\/www.investaura.co\/wordpress\/wp-content\/uploads\/2020\/02\/BSI_Eingang_Bundesamt_fuer_Sicherheit_inderInformationstechnik-1024x512.jpg?fit=1024%2C512&ssl=1\" \/>\n\t<meta property=\"og:image:width\" content=\"1024\" \/>\n\t<meta property=\"og:image:height\" content=\"512\" \/>\n\t<meta property=\"og:image:type\" content=\"image\/jpeg\" \/>\n<meta name=\"twitter:card\" content=\"summary_large_image\" \/>\n<meta name=\"twitter:label1\" content=\"Estimated reading time\" \/>\n\t<meta name=\"twitter:data1\" content=\"1 minute\" \/>\n<script type=\"application\/ld+json\" class=\"yoast-schema-graph\">{\"@context\":\"https:\/\/schema.org\",\"@graph\":[{\"@type\":\"WebPage\",\"@id\":\"https:\/\/www.investaura.co\/wordpress\/boite-a-solutions\/levee-de-fonds-capital-developpement-pour-le-secteur-iot\/\",\"url\":\"https:\/\/www.investaura.co\/wordpress\/boite-a-solutions\/levee-de-fonds-capital-developpement-pour-le-secteur-iot\/\",\"name\":\"Lev\u00e9e de fonds capital-d\u00e9veloppement pour le secteur IoT | Investaura\",\"isPartOf\":{\"@id\":\"https:\/\/www.investaura.co\/wordpress\/#website\"},\"datePublished\":\"2020-02-03T09:12:46+00:00\",\"dateModified\":\"2022-02-02T12:24:21+00:00\",\"breadcrumb\":{\"@id\":\"https:\/\/www.investaura.co\/wordpress\/boite-a-solutions\/levee-de-fonds-capital-developpement-pour-le-secteur-iot\/#breadcrumb\"},\"inLanguage\":\"en-GB\",\"potentialAction\":[{\"@type\":\"ReadAction\",\"target\":[\"https:\/\/www.investaura.co\/wordpress\/boite-a-solutions\/levee-de-fonds-capital-developpement-pour-le-secteur-iot\/\"]}]},{\"@type\":\"BreadcrumbList\",\"@id\":\"https:\/\/www.investaura.co\/wordpress\/boite-a-solutions\/levee-de-fonds-capital-developpement-pour-le-secteur-iot\/#breadcrumb\",\"itemListElement\":[{\"@type\":\"ListItem\",\"position\":1,\"name\":\"Home\",\"item\":\"https:\/\/www.investaura.co\/wordpress\/\"},{\"@type\":\"ListItem\",\"position\":2,\"name\":\"Solutions Showcase\",\"item\":\"https:\/\/www.investaura.co\/wordpress\/boite-a-solutions\/\"},{\"@type\":\"ListItem\",\"position\":3,\"name\":\"Lev\u00e9e de fonds capital-d\u00e9veloppement pour le secteur IoT\"}]},{\"@type\":\"WebSite\",\"@id\":\"https:\/\/www.investaura.co\/wordpress\/#website\",\"url\":\"https:\/\/www.investaura.co\/wordpress\/\",\"name\":\"Investaura\",\"description\":\"The Value Creation Consultants\",\"publisher\":{\"@id\":\"https:\/\/www.investaura.co\/wordpress\/#organization\"},\"potentialAction\":[{\"@type\":\"SearchAction\",\"target\":{\"@type\":\"EntryPoint\",\"urlTemplate\":\"https:\/\/www.investaura.co\/wordpress\/?s={search_term_string}\"},\"query-input\":\"required name=search_term_string\"}],\"inLanguage\":\"en-GB\"},{\"@type\":\"Organization\",\"@id\":\"https:\/\/www.investaura.co\/wordpress\/#organization\",\"name\":\"Investaura\",\"url\":\"https:\/\/www.investaura.co\/wordpress\/\",\"logo\":{\"@type\":\"ImageObject\",\"inLanguage\":\"en-GB\",\"@id\":\"https:\/\/www.investaura.co\/wordpress\/#\/schema\/logo\/image\/\",\"url\":\"https:\/\/i0.wp.com\/www.investaura.co\/wordpress\/wp-content\/uploads\/Logo-INVESTAURA_RGB-blau-e1450351498844.jpg?fit=256%2C90&ssl=1\",\"contentUrl\":\"https:\/\/i0.wp.com\/www.investaura.co\/wordpress\/wp-content\/uploads\/Logo-INVESTAURA_RGB-blau-e1450351498844.jpg?fit=256%2C90&ssl=1\",\"width\":256,\"height\":90,\"caption\":\"Investaura\"},\"image\":{\"@id\":\"https:\/\/www.investaura.co\/wordpress\/#\/schema\/logo\/image\/\"},\"sameAs\":[\"https:\/\/www.linkedin.com\/company\/1229653\"]}]}<\/script>\n<!-- \/ Yoast SEO plugin. -->","yoast_head_json":{"title":"Lev\u00e9e de fonds capital-d\u00e9veloppement pour le secteur IoT | Investaura","robots":{"index":"index","follow":"follow","max-snippet":"max-snippet:-1","max-image-preview":"max-image-preview:large","max-video-preview":"max-video-preview:-1"},"canonical":"https:\/\/www.investaura.co\/wordpress\/boite-a-solutions\/levee-de-fonds-capital-developpement-pour-le-secteur-iot\/","og_locale":"en_GB","og_type":"article","og_title":"Lev\u00e9e de fonds capital-d\u00e9veloppement pour le secteur IoT | Investaura","og_description":"Investaura a \u00e9t\u00e9 mandat\u00e9 pour une lev\u00e9e de fonds capital-d\u00e9veloppement de 15 millions d&#8217;euros par Discovergy, un fournisseur allemand de solutions d&#8217;analyse \u00e9nerg\u00e9tique et de &#8216;smart meter gateways&#8217; (SMGW). L&#8217;entreprise conna\u00eet une forte croissance aupr\u00e8s de ses clients dans les... Read More","og_url":"https:\/\/www.investaura.co\/wordpress\/boite-a-solutions\/levee-de-fonds-capital-developpement-pour-le-secteur-iot\/","og_site_name":"Investaura","article_modified_time":"2022-02-02T12:24:21+00:00","og_image":[{"width":1024,"height":512,"url":"https:\/\/i0.wp.com\/www.investaura.co\/wordpress\/wp-content\/uploads\/2020\/02\/BSI_Eingang_Bundesamt_fuer_Sicherheit_inderInformationstechnik-1024x512.jpg?fit=1024%2C512&ssl=1","type":"image\/jpeg"}],"twitter_card":"summary_large_image","twitter_misc":{"Estimated reading time":"1 minute"},"schema":{"@context":"https:\/\/schema.org","@graph":[{"@type":"WebPage","@id":"https:\/\/www.investaura.co\/wordpress\/boite-a-solutions\/levee-de-fonds-capital-developpement-pour-le-secteur-iot\/","url":"https:\/\/www.investaura.co\/wordpress\/boite-a-solutions\/levee-de-fonds-capital-developpement-pour-le-secteur-iot\/","name":"Lev\u00e9e de fonds capital-d\u00e9veloppement pour le secteur IoT | Investaura","isPartOf":{"@id":"https:\/\/www.investaura.co\/wordpress\/#website"},"datePublished":"2020-02-03T09:12:46+00:00","dateModified":"2022-02-02T12:24:21+00:00","breadcrumb":{"@id":"https:\/\/www.investaura.co\/wordpress\/boite-a-solutions\/levee-de-fonds-capital-developpement-pour-le-secteur-iot\/#breadcrumb"},"inLanguage":"en-GB","potentialAction":[{"@type":"ReadAction","target":["https:\/\/www.investaura.co\/wordpress\/boite-a-solutions\/levee-de-fonds-capital-developpement-pour-le-secteur-iot\/"]}]},{"@type":"BreadcrumbList","@id":"https:\/\/www.investaura.co\/wordpress\/boite-a-solutions\/levee-de-fonds-capital-developpement-pour-le-secteur-iot\/#breadcrumb","itemListElement":[{"@type":"ListItem","position":1,"name":"Home","item":"https:\/\/www.investaura.co\/wordpress\/"},{"@type":"ListItem","position":2,"name":"Solutions Showcase","item":"https:\/\/www.investaura.co\/wordpress\/boite-a-solutions\/"},{"@type":"ListItem","position":3,"name":"Lev\u00e9e de fonds capital-d\u00e9veloppement pour le secteur IoT"}]},{"@type":"WebSite","@id":"https:\/\/www.investaura.co\/wordpress\/#website","url":"https:\/\/www.investaura.co\/wordpress\/","name":"Investaura","description":"The Value Creation Consultants","publisher":{"@id":"https:\/\/www.investaura.co\/wordpress\/#organization"},"potentialAction":[{"@type":"SearchAction","target":{"@type":"EntryPoint","urlTemplate":"https:\/\/www.investaura.co\/wordpress\/?s={search_term_string}"},"query-input":"required name=search_term_string"}],"inLanguage":"en-GB"},{"@type":"Organization","@id":"https:\/\/www.investaura.co\/wordpress\/#organization","name":"Investaura","url":"https:\/\/www.investaura.co\/wordpress\/","logo":{"@type":"ImageObject","inLanguage":"en-GB","@id":"https:\/\/www.investaura.co\/wordpress\/#\/schema\/logo\/image\/","url":"https:\/\/i0.wp.com\/www.investaura.co\/wordpress\/wp-content\/uploads\/Logo-INVESTAURA_RGB-blau-e1450351498844.jpg?fit=256%2C90&ssl=1","contentUrl":"https:\/\/i0.wp.com\/www.investaura.co\/wordpress\/wp-content\/uploads\/Logo-INVESTAURA_RGB-blau-e1450351498844.jpg?fit=256%2C90&ssl=1","width":256,"height":90,"caption":"Investaura"},"image":{"@id":"https:\/\/www.investaura.co\/wordpress\/#\/schema\/logo\/image\/"},"sameAs":["https:\/\/www.linkedin.com\/company\/1229653"]}]}},"jetpack_shortlink":"https:\/\/wp.me\/P7ecno-1Q9","jetpack-related-posts":[{"id":5713,"url":"https:\/\/www.investaura.co\/wordpress\/boite-a-solutions\/expansion-vers-allemagne-via-cross-border-ma\/","url_meta":{"origin":7077,"position":0},"title":"Expansion internationale vers l&#8217;Allemagne par Fusion-Acquisition","date":"August 12, 2016","format":false,"excerpt":"De nombreuses PME europ\u00e9ennes ont atteint la limite de leur potentiel de croissance dans leur march\u00e9 national. L'expansion vers les pays frontaliers est une \u00e9tape naturelle pour beaucoup. Investaura aide actuellement plusieurs clients europ\u00e9ens \u00e0 s'\u00e9tablir en Allemagne par Fusions & Acquisitions (M&A). Dans une Europe aux prises \u00e0 une\u2026","rel":"","context":"Similar post","img":{"alt_text":"","src":"https:\/\/i0.wp.com\/www.investaura.co\/wordpress\/wp-content\/uploads\/2016\/09\/shutterstock_214025158_centered_narrower_smaller.jpg?fit=760%2C300&ssl=1&resize=350%2C200","width":350,"height":200},"classes":[]},{"id":7597,"url":"https:\/\/www.investaura.co\/wordpress\/boite-a-solutions\/strategies-de-sortie-pour-les-proptech-en-europe\/","url_meta":{"origin":7077,"position":1},"title":"Strat\u00e9gies de sortie pour les PropTech en Europe","date":"March 7, 2022","format":false,"excerpt":"Il existe aujourd'hui plus de 3 000 entreprises PropTech en Europe. Beaucoup d'entre elles, fond\u00e9es apr\u00e8s 2010, ont d'abord \u00e9t\u00e9 attir\u00e9es par la grande taille du march\u00e9 immobilier, et par l'opportunit\u00e9 de transformer une industrie qui n'a pas ressenti la pression de la digitalisation jusqu'\u00e0 r\u00e9cemment. Malheureusement, beaucoup de jeunes\u2026","rel":"","context":"Similar post","img":{"alt_text":"","src":"https:\/\/i0.wp.com\/www.investaura.co\/wordpress\/wp-content\/uploads\/2017\/01\/shutterstock_182278607.jpg?fit=1000%2C836&ssl=1&resize=350%2C200","width":350,"height":200},"classes":[]},{"id":6269,"url":"https:\/\/www.investaura.co\/wordpress\/nos-services\/fusions-et-acquisitions\/industrie-expertise-et-regional-focus\/","url_meta":{"origin":7077,"position":2},"title":"Expertise sectorielle pour les fusions et acquisitions","date":"March 24, 2015","format":false,"excerpt":"Nos consultants M&A apportent un savoir-faire sp\u00e9cifique et des r\u00e9f\u00e9rences dans les march\u00e9s des TIC suivants: IT: logiciels, d\u00e9veloppement d'applications, ERP, EPM, BI, Big Data, Predictive Analytics, Data warehouse, BPO, s\u00e9curit\u00e9, Services professionnels, gestion d'infrastructure IT, SaaS, Cloud T\u00e9l\u00e9coms et Internet: fournisseur de services, \u00e9quipmentier t\u00e9l\u00e9coms et IT, \u00e9diteur de\u2026","rel":"","context":"Similar post","img":{"alt_text":"","src":"https:\/\/i0.wp.com\/www.investaura.co\/wordpress\/wp-content\/uploads\/shutterstock_139401482.jpg?fit=1000%2C554&ssl=1&resize=350%2C200","width":350,"height":200},"classes":[]},{"id":5711,"url":"https:\/\/www.investaura.co\/wordpress\/boite-a-solutions\/cible-recherche-et-due-diligence\/","url_meta":{"origin":7077,"position":3},"title":"Recherche de cibles M&#038;A, Due Diligence","date":"March 2, 2016","format":false,"excerpt":"Pour de nombreuses entreprises, la recherche de cibles M&A est un processus difficile et chronophage. Les d\u00e9cideurs et investisseurs ont tout \u00e0 gagner d'un soutien externe et professionnel pour am\u00e9liorer la qualit\u00e9 du 'fit', et augmenter les chances que le projet d'acquisition aboutisse \u00e0 bon port. Au-del\u00e0 de l'analyse financi\u00e8re\u2026","rel":"","context":"Similar post","img":{"alt_text":"","src":"https:\/\/i0.wp.com\/www.investaura.co\/wordpress\/wp-content\/uploads\/2024\/07\/Business_Planning2.jpg?fit=1024%2C631&ssl=1&resize=350%2C200","width":350,"height":200},"classes":[]},{"id":6938,"url":"https:\/\/www.investaura.co\/wordpress\/boite-a-solutions\/linternet-des-objets-pour-les-bailleurs-immobiliers\/","url_meta":{"origin":7077,"position":4},"title":"L&#8217;Internet des objets pour les bailleurs immobiliers","date":"December 10, 2019","format":false,"excerpt":"Traditionnellement conservateurs, g\u00e9rant de nombreux actifs et ax\u00e9s sur la performance: les bailleurs immobiliers font face \u00e0 un d\u00e9ploiement massif de solutions IoT dans les ann\u00e9es \u00e0 venir. Innover est souvent difficile, mais c'est pr\u00e9cis\u00e9ment l\u00e0 que des sp\u00e9cialistes externes de l'industrie IoT peuvent leur \u00eatre utiles.\u00a0 Pour les bailleurs,\u2026","rel":"","context":"Similar post","img":{"alt_text":"","src":"https:\/\/i0.wp.com\/www.investaura.co\/wordpress\/wp-content\/uploads\/2019\/12\/shutterstock_189023420_Smaller.jpg?fit=1024%2C683&ssl=1&resize=350%2C200","width":350,"height":200},"classes":[]},{"id":5676,"url":"https:\/\/www.investaura.co\/wordpress\/boite-a-solutions\/intelligent-transportation-systems-its\/","url_meta":{"origin":7077,"position":5},"title":"D\u00e9velopper une candidature gagnante pour un projet ITS","date":"January 18, 2017","format":false,"excerpt":"Le march\u00e9 mondial des syst\u00e8mes de transport intelligents (ITS) devrait cro\u00eetre de 12% par an, passant de $36 millards en 2015 \u00e0 $64 milliards en 2020. Le financement des infrastructures de transport par le biais les solutions de paiement par p\u00e9age constitue la majeur partie du march\u00e9. Forts de leur\u2026","rel":"","context":"Similar post","img":{"alt_text":"","src":"https:\/\/i0.wp.com\/www.investaura.co\/wordpress\/wp-content\/uploads\/2022\/03\/PropTech_small.jpg?fit=1024%2C683&ssl=1&resize=350%2C200","width":350,"height":200},"classes":[]}],"jetpack_sharing_enabled":true,"_links":{"self":[{"href":"https:\/\/www.investaura.co\/wordpress\/wp-json\/wp\/v2\/pages\/7077"}],"collection":[{"href":"https:\/\/www.investaura.co\/wordpress\/wp-json\/wp\/v2\/pages"}],"about":[{"href":"https:\/\/www.investaura.co\/wordpress\/wp-json\/wp\/v2\/types\/page"}],"author":[{"embeddable":true,"href":"https:\/\/www.investaura.co\/wordpress\/wp-json\/wp\/v2\/users\/1"}],"replies":[{"embeddable":true,"href":"https:\/\/www.investaura.co\/wordpress\/wp-json\/wp\/v2\/comments?post=7077"}],"version-history":[{"count":15,"href":"https:\/\/www.investaura.co\/wordpress\/wp-json\/wp\/v2\/pages\/7077\/revisions"}],"predecessor-version":[{"id":7577,"href":"https:\/\/www.investaura.co\/wordpress\/wp-json\/wp\/v2\/pages\/7077\/revisions\/7577"}],"up":[{"embeddable":true,"href":"https:\/\/www.investaura.co\/wordpress\/wp-json\/wp\/v2\/pages\/5683"}],"wp:featuredmedia":[{"embeddable":true,"href":"https:\/\/www.investaura.co\/wordpress\/wp-json\/wp\/v2\/media\/7073"}],"wp:attachment":[{"href":"https:\/\/www.investaura.co\/wordpress\/wp-json\/wp\/v2\/media?parent=7077"}],"curies":[{"name":"wp","href":"https:\/\/api.w.org\/{rel}","templated":true}]}}