{"id":6938,"date":"2019-12-10T14:06:37","date_gmt":"2019-12-10T12:06:37","guid":{"rendered":"http:\/\/www.investaura.co\/?page_id=6938"},"modified":"2019-12-10T18:10:52","modified_gmt":"2019-12-10T16:10:52","slug":"linternet-des-objets-pour-les-bailleurs-immobiliers","status":"publish","type":"page","link":"https:\/\/www.investaura.co\/wordpress\/boite-a-solutions\/linternet-des-objets-pour-les-bailleurs-immobiliers\/","title":{"rendered":"L&#8217;Internet des objets pour les bailleurs immobiliers"},"content":{"rendered":"<p>Traditionnellement conservateurs, g\u00e9rant de nombreux actifs et ax\u00e9s sur la performance: les bailleurs immobiliers font face \u00e0 un d\u00e9ploiement massif de solutions IoT dans les ann\u00e9es \u00e0 venir. Innover est souvent difficile, mais c&#8217;est pr\u00e9cis\u00e9ment l\u00e0 que des sp\u00e9cialistes externes de l&#8217;industrie IoT peuvent leur \u00eatre utiles.\u00a0<!--more--><\/p>\n<p>Pour les bailleurs, les changements sont motiv\u00e9s par le d\u00e9sir d&#8217;am\u00e9liorer la <strong>relation client<\/strong> et la satisfaction des locataires, ainsi que de <strong>r\u00e9duire\u00a0les\u00a0co\u00fbts d&#8217;exploitation<\/strong>, <strong>d&#8217;entretien<\/strong> et les <strong>charges<\/strong> de chauffage \/ eau \/ electricit\u00e9, au profit des locataires.<\/p>\n<p>Les technologies IoT ont \u00e9galement consid\u00e9rablement m\u00fbri ces derniers temps, notamment les compteurs et passerelles intelligents, les technologies radio, les plate-formes cloud et les algorithmes d&#8217;exploration de donn\u00e9es.<\/p>\n<p>Au-del\u00e0 de l&#8217;am\u00e9lioration de processus routiniers et r\u00e9p\u00e9titifs pouvant \u00eatre num\u00e9ris\u00e9s et partiellement automatis\u00e9s, les solutions IoT peuvent aider les propri\u00e9taires de fa\u00e7ons multiples:<\/p>\n<ul>\n<li>r\u00e9duire leurs co\u00fbts de maintenance des actifs, y compris les <strong>ascenseurs<\/strong> et les <strong>chaudi\u00e8res<\/strong> de chauffage, en surveillant et en g\u00e9rant les actifs cl\u00e9s en temps r\u00e9el<\/li>\n<li>r\u00e9duire les dommages, les primes d&#8217;assurance et les frustrations li\u00e9es aux\u00a0<strong>fuites d&#8217;eau<\/strong>, un probl\u00e8me majeur pour les bailleurs<\/li>\n<li>r\u00e9duire le co\u00fbt des\u00a0services de chauffage, d&#8217;\u00e9lectricit\u00e9, et d&#8217;eau factur\u00e9s aux locataires, ainsi que de mani\u00e8re g\u00e9n\u00e9rale de nombreux <strong>postes de charge<\/strong>.<\/li>\n<li>am\u00e9liorer l<strong>a\u00a0qualit\u00e9 des interactions<\/strong> et des relations avec les locataires, en \u00e9tant plus r\u00e9actif aux probl\u00e8mes qui se posent dans leur immeuble<\/li>\n<\/ul>\n<p>Investaura a r\u00e9cemment conseill\u00e9 un fournisseur de solutions TIC \u00e0 l&#8217;industrie du logement sur sa strat\u00e9gie IoT et son plan d&#8217;affaires dans le domaine de la\u00a0<strong>maintenance pr\u00e9dictive<\/strong>.\u00a0La strat\u00e9gie a \u00e9t\u00e9 approuv\u00e9e par le conseil d&#8217;administration et le projet passe maintenant \u00e0 la phase de mise en \u0153uvre.<\/p>\n<p>Pour plus d&#8217;informations sur nos comp\u00e9tences IoT, Transformation num\u00e9rique et Business Planning, n&#8217;h\u00e9sitez pas \u00e0\u00a0<a href=\"http:\/\/www.investaura.co\/contact\/\">nous contacter.<\/a><\/p>\n","protected":false},"excerpt":{"rendered":"<p>Traditionnellement conservateurs, g\u00e9rant de nombreux actifs et ax\u00e9s sur la performance: les bailleurs immobiliers font face \u00e0 un d\u00e9ploiement massif de solutions IoT dans les ann\u00e9es \u00e0 venir. Innover est souvent difficile, mais c&#8217;est pr\u00e9cis\u00e9ment l\u00e0 que des sp\u00e9cialistes externes&#8230; <\/p>\n<div class=\"more-link-container\"><a class=\"more-link\" href=\"https:\/\/www.investaura.co\/wordpress\/boite-a-solutions\/linternet-des-objets-pour-les-bailleurs-immobiliers\/\">Read More<\/a><\/div>\n","protected":false},"author":1,"featured_media":6978,"parent":5683,"menu_order":14,"comment_status":"closed","ping_status":"closed","template":"","meta":{"jetpack_post_was_ever_published":false},"yoast_head":"<!-- This site is optimized with the Yoast SEO plugin v20.4 - https:\/\/yoast.com\/wordpress\/plugins\/seo\/ -->\n<title>L&#039;Internet des objets pour les bailleurs immobiliers | Investaura<\/title>\n<meta name=\"robots\" content=\"index, follow, max-snippet:-1, max-image-preview:large, max-video-preview:-1\" \/>\n<link rel=\"canonical\" href=\"https:\/\/www.investaura.co\/wordpress\/boite-a-solutions\/linternet-des-objets-pour-les-bailleurs-immobiliers\/\" \/>\n<meta property=\"og:locale\" content=\"en_GB\" \/>\n<meta property=\"og:type\" content=\"article\" \/>\n<meta property=\"og:title\" content=\"L&#039;Internet des objets pour les bailleurs immobiliers | Investaura\" \/>\n<meta property=\"og:description\" content=\"Traditionnellement conservateurs, g\u00e9rant de nombreux actifs et ax\u00e9s sur la performance: les bailleurs immobiliers font face \u00e0 un d\u00e9ploiement massif de solutions IoT dans les ann\u00e9es \u00e0 venir. Innover est souvent difficile, mais c&#8217;est pr\u00e9cis\u00e9ment l\u00e0 que des sp\u00e9cialistes externes... Read More\" \/>\n<meta property=\"og:url\" content=\"https:\/\/www.investaura.co\/wordpress\/boite-a-solutions\/linternet-des-objets-pour-les-bailleurs-immobiliers\/\" \/>\n<meta property=\"og:site_name\" content=\"Investaura\" \/>\n<meta property=\"article:modified_time\" content=\"2019-12-10T16:10:52+00:00\" \/>\n<meta property=\"og:image\" content=\"https:\/\/i0.wp.com\/www.investaura.co\/wordpress\/wp-content\/uploads\/2019\/12\/shutterstock_189023420_Smaller.jpg?fit=1024%2C683&ssl=1\" \/>\n\t<meta property=\"og:image:width\" content=\"1024\" \/>\n\t<meta property=\"og:image:height\" content=\"683\" \/>\n\t<meta property=\"og:image:type\" content=\"image\/jpeg\" \/>\n<meta name=\"twitter:card\" content=\"summary_large_image\" \/>\n<meta name=\"twitter:label1\" content=\"Estimated reading time\" \/>\n\t<meta name=\"twitter:data1\" content=\"2 minutes\" \/>\n<script type=\"application\/ld+json\" class=\"yoast-schema-graph\">{\"@context\":\"https:\/\/schema.org\",\"@graph\":[{\"@type\":\"WebPage\",\"@id\":\"https:\/\/www.investaura.co\/wordpress\/boite-a-solutions\/linternet-des-objets-pour-les-bailleurs-immobiliers\/\",\"url\":\"https:\/\/www.investaura.co\/wordpress\/boite-a-solutions\/linternet-des-objets-pour-les-bailleurs-immobiliers\/\",\"name\":\"L'Internet des objets pour les bailleurs immobiliers | Investaura\",\"isPartOf\":{\"@id\":\"https:\/\/www.investaura.co\/wordpress\/#website\"},\"datePublished\":\"2019-12-10T12:06:37+00:00\",\"dateModified\":\"2019-12-10T16:10:52+00:00\",\"breadcrumb\":{\"@id\":\"https:\/\/www.investaura.co\/wordpress\/boite-a-solutions\/linternet-des-objets-pour-les-bailleurs-immobiliers\/#breadcrumb\"},\"inLanguage\":\"en-GB\",\"potentialAction\":[{\"@type\":\"ReadAction\",\"target\":[\"https:\/\/www.investaura.co\/wordpress\/boite-a-solutions\/linternet-des-objets-pour-les-bailleurs-immobiliers\/\"]}]},{\"@type\":\"BreadcrumbList\",\"@id\":\"https:\/\/www.investaura.co\/wordpress\/boite-a-solutions\/linternet-des-objets-pour-les-bailleurs-immobiliers\/#breadcrumb\",\"itemListElement\":[{\"@type\":\"ListItem\",\"position\":1,\"name\":\"Home\",\"item\":\"https:\/\/www.investaura.co\/wordpress\/\"},{\"@type\":\"ListItem\",\"position\":2,\"name\":\"Solutions Showcase\",\"item\":\"https:\/\/www.investaura.co\/wordpress\/boite-a-solutions\/\"},{\"@type\":\"ListItem\",\"position\":3,\"name\":\"L&rsquo;Internet des objets pour les bailleurs immobiliers\"}]},{\"@type\":\"WebSite\",\"@id\":\"https:\/\/www.investaura.co\/wordpress\/#website\",\"url\":\"https:\/\/www.investaura.co\/wordpress\/\",\"name\":\"Investaura\",\"description\":\"The Value Creation Consultants\",\"publisher\":{\"@id\":\"https:\/\/www.investaura.co\/wordpress\/#organization\"},\"potentialAction\":[{\"@type\":\"SearchAction\",\"target\":{\"@type\":\"EntryPoint\",\"urlTemplate\":\"https:\/\/www.investaura.co\/wordpress\/?s={search_term_string}\"},\"query-input\":\"required name=search_term_string\"}],\"inLanguage\":\"en-GB\"},{\"@type\":\"Organization\",\"@id\":\"https:\/\/www.investaura.co\/wordpress\/#organization\",\"name\":\"Investaura\",\"url\":\"https:\/\/www.investaura.co\/wordpress\/\",\"logo\":{\"@type\":\"ImageObject\",\"inLanguage\":\"en-GB\",\"@id\":\"https:\/\/www.investaura.co\/wordpress\/#\/schema\/logo\/image\/\",\"url\":\"https:\/\/i0.wp.com\/www.investaura.co\/wordpress\/wp-content\/uploads\/Logo-INVESTAURA_RGB-blau-e1450351498844.jpg?fit=256%2C90&ssl=1\",\"contentUrl\":\"https:\/\/i0.wp.com\/www.investaura.co\/wordpress\/wp-content\/uploads\/Logo-INVESTAURA_RGB-blau-e1450351498844.jpg?fit=256%2C90&ssl=1\",\"width\":256,\"height\":90,\"caption\":\"Investaura\"},\"image\":{\"@id\":\"https:\/\/www.investaura.co\/wordpress\/#\/schema\/logo\/image\/\"},\"sameAs\":[\"https:\/\/www.linkedin.com\/company\/1229653\"]}]}<\/script>\n<!-- \/ Yoast SEO plugin. -->","yoast_head_json":{"title":"L'Internet des objets pour les bailleurs immobiliers | Investaura","robots":{"index":"index","follow":"follow","max-snippet":"max-snippet:-1","max-image-preview":"max-image-preview:large","max-video-preview":"max-video-preview:-1"},"canonical":"https:\/\/www.investaura.co\/wordpress\/boite-a-solutions\/linternet-des-objets-pour-les-bailleurs-immobiliers\/","og_locale":"en_GB","og_type":"article","og_title":"L'Internet des objets pour les bailleurs immobiliers | Investaura","og_description":"Traditionnellement conservateurs, g\u00e9rant de nombreux actifs et ax\u00e9s sur la performance: les bailleurs immobiliers font face \u00e0 un d\u00e9ploiement massif de solutions IoT dans les ann\u00e9es \u00e0 venir. Innover est souvent difficile, mais c&#8217;est pr\u00e9cis\u00e9ment l\u00e0 que des sp\u00e9cialistes externes... Read More","og_url":"https:\/\/www.investaura.co\/wordpress\/boite-a-solutions\/linternet-des-objets-pour-les-bailleurs-immobiliers\/","og_site_name":"Investaura","article_modified_time":"2019-12-10T16:10:52+00:00","og_image":[{"width":1024,"height":683,"url":"https:\/\/i0.wp.com\/www.investaura.co\/wordpress\/wp-content\/uploads\/2019\/12\/shutterstock_189023420_Smaller.jpg?fit=1024%2C683&ssl=1","type":"image\/jpeg"}],"twitter_card":"summary_large_image","twitter_misc":{"Estimated reading time":"2 minutes"},"schema":{"@context":"https:\/\/schema.org","@graph":[{"@type":"WebPage","@id":"https:\/\/www.investaura.co\/wordpress\/boite-a-solutions\/linternet-des-objets-pour-les-bailleurs-immobiliers\/","url":"https:\/\/www.investaura.co\/wordpress\/boite-a-solutions\/linternet-des-objets-pour-les-bailleurs-immobiliers\/","name":"L'Internet des objets pour les bailleurs immobiliers | Investaura","isPartOf":{"@id":"https:\/\/www.investaura.co\/wordpress\/#website"},"datePublished":"2019-12-10T12:06:37+00:00","dateModified":"2019-12-10T16:10:52+00:00","breadcrumb":{"@id":"https:\/\/www.investaura.co\/wordpress\/boite-a-solutions\/linternet-des-objets-pour-les-bailleurs-immobiliers\/#breadcrumb"},"inLanguage":"en-GB","potentialAction":[{"@type":"ReadAction","target":["https:\/\/www.investaura.co\/wordpress\/boite-a-solutions\/linternet-des-objets-pour-les-bailleurs-immobiliers\/"]}]},{"@type":"BreadcrumbList","@id":"https:\/\/www.investaura.co\/wordpress\/boite-a-solutions\/linternet-des-objets-pour-les-bailleurs-immobiliers\/#breadcrumb","itemListElement":[{"@type":"ListItem","position":1,"name":"Home","item":"https:\/\/www.investaura.co\/wordpress\/"},{"@type":"ListItem","position":2,"name":"Solutions Showcase","item":"https:\/\/www.investaura.co\/wordpress\/boite-a-solutions\/"},{"@type":"ListItem","position":3,"name":"L&rsquo;Internet des objets pour les bailleurs immobiliers"}]},{"@type":"WebSite","@id":"https:\/\/www.investaura.co\/wordpress\/#website","url":"https:\/\/www.investaura.co\/wordpress\/","name":"Investaura","description":"The Value Creation Consultants","publisher":{"@id":"https:\/\/www.investaura.co\/wordpress\/#organization"},"potentialAction":[{"@type":"SearchAction","target":{"@type":"EntryPoint","urlTemplate":"https:\/\/www.investaura.co\/wordpress\/?s={search_term_string}"},"query-input":"required name=search_term_string"}],"inLanguage":"en-GB"},{"@type":"Organization","@id":"https:\/\/www.investaura.co\/wordpress\/#organization","name":"Investaura","url":"https:\/\/www.investaura.co\/wordpress\/","logo":{"@type":"ImageObject","inLanguage":"en-GB","@id":"https:\/\/www.investaura.co\/wordpress\/#\/schema\/logo\/image\/","url":"https:\/\/i0.wp.com\/www.investaura.co\/wordpress\/wp-content\/uploads\/Logo-INVESTAURA_RGB-blau-e1450351498844.jpg?fit=256%2C90&ssl=1","contentUrl":"https:\/\/i0.wp.com\/www.investaura.co\/wordpress\/wp-content\/uploads\/Logo-INVESTAURA_RGB-blau-e1450351498844.jpg?fit=256%2C90&ssl=1","width":256,"height":90,"caption":"Investaura"},"image":{"@id":"https:\/\/www.investaura.co\/wordpress\/#\/schema\/logo\/image\/"},"sameAs":["https:\/\/www.linkedin.com\/company\/1229653"]}]}},"jetpack_shortlink":"https:\/\/wp.me\/P7ecno-1NU","jetpack-related-posts":[{"id":5672,"url":"https:\/\/www.investaura.co\/wordpress\/fr\/","url_meta":{"origin":6938,"position":0},"title":"Transformation d&#8217;entreprise et Cr\u00e9ation de valeur","date":"September 8, 2010","format":false,"excerpt":"Nous sommes un groupe de professionnels seniors et aidons les \u00e9quipes de nos clients \u00e0 r\u00e9soudre leurs 'pain points', innover, et cr\u00e9er plus de valeur dans leur entreprise. Nous apportons un \u00e9tat d'esprit d'entrepreneur : nous nous approprions les probl\u00e8mes de nos clients et les aidons \u00e0 d\u00e9velopper des entreprises\u2026","rel":"","context":"Similar post","img":{"alt_text":"","src":"https:\/\/i0.wp.com\/www.investaura.co\/wordpress\/wp-content\/uploads\/2016\/05\/shutterstock_388284034_smaller.jpg?fit=980%2C654&ssl=1&resize=350%2C200","width":350,"height":200},"classes":[]},{"id":6732,"url":"https:\/\/www.investaura.co\/wordpress\/boite-a-solutions\/ma-dans-le-secteur-aeroportuaire\/","url_meta":{"origin":6938,"position":1},"title":"M&#038;A dans le secteur a\u00e9roportuaire","date":"January 30, 2019","format":false,"excerpt":"Malgr\u00e9 la r\u00e9cession de 2008-2009, le march\u00e9 mondial du transport a\u00e9rien a affich\u00e9 une forte croissance au cours de la derni\u00e8re d\u00e9cennie, tant en nombre de passagers (+ 62,8% entre 2007 et 2018) qu'en volume de fret (+ 40,6% sur la m\u00eame p\u00e9riode). Plus de la moiti\u00e9 des 1,4 milliard\u2026","rel":"","context":"Similar post","img":{"alt_text":"","src":"https:\/\/i0.wp.com\/www.investaura.co\/wordpress\/wp-content\/uploads\/2019\/01\/shutterstock_324754607_smaller3.jpg?fit=1024%2C429&ssl=1&resize=350%2C200","width":350,"height":200},"classes":[]},{"id":7077,"url":"https:\/\/www.investaura.co\/wordpress\/boite-a-solutions\/levee-de-fonds-capital-developpement-pour-le-secteur-iot\/","url_meta":{"origin":6938,"position":2},"title":"Lev\u00e9e de fonds capital-d\u00e9veloppement pour le secteur IoT","date":"February 3, 2020","format":false,"excerpt":"Investaura a \u00e9t\u00e9 mandat\u00e9 pour une lev\u00e9e de fonds capital-d\u00e9veloppement de 15 millions d'euros par Discovergy, un fournisseur allemand de solutions d'analyse \u00e9nerg\u00e9tique et de 'smart meter gateways' (SMGW). L'entreprise conna\u00eet une forte croissance aupr\u00e8s de ses clients dans les secteurs de l'\u00e9nergie, de l'immobilier et du commerce de d\u00e9tail.\u2026","rel":"","context":"Similar post","img":{"alt_text":"","src":"https:\/\/i0.wp.com\/www.investaura.co\/wordpress\/wp-content\/uploads\/2020\/02\/BSI_Eingang_Bundesamt_fuer_Sicherheit_inderInformationstechnik-1024x512.jpg?fit=1024%2C512&ssl=1&resize=350%2C200","width":350,"height":200},"classes":[]},{"id":6303,"url":"https:\/\/www.investaura.co\/wordpress\/nos-services\/conseil\/strategie-et-business-planning\/","url_meta":{"origin":6938,"position":3},"title":"Strat\u00e9gie et planification d&#8217;entreprise","date":"March 26, 2015","format":false,"excerpt":"Les consultants d'Investaura ont une vaste exp\u00e9rience dans le domaine de la strat\u00e9gie - appliqu\u00e9e, d\u00e9taill\u00e9e - et de la planification d'entreprise - quantifi\u00e9e, robuste, r\u00e9alisable - remontant au milieu des ann\u00e9es 1990. Nous comprenons les petites et les grandes entreprises. Nous sommes des consultants devenus entrepreneurs et savons ce\u2026","rel":"","context":"Similar post","img":{"alt_text":"","src":"https:\/\/i0.wp.com\/www.investaura.co\/wordpress\/wp-content\/uploads\/2016\/02\/shutterstock_282394148_smaller.jpg?fit=1024%2C683&ssl=1&resize=350%2C200","width":350,"height":200},"classes":[]},{"id":7597,"url":"https:\/\/www.investaura.co\/wordpress\/boite-a-solutions\/strategies-de-sortie-pour-les-proptech-en-europe\/","url_meta":{"origin":6938,"position":4},"title":"Strat\u00e9gies de sortie pour les PropTech en Europe","date":"March 7, 2022","format":false,"excerpt":"Il existe aujourd'hui plus de 3 000 entreprises PropTech en Europe. Beaucoup d'entre elles, fond\u00e9es apr\u00e8s 2010, ont d'abord \u00e9t\u00e9 attir\u00e9es par la grande taille du march\u00e9 immobilier, et par l'opportunit\u00e9 de transformer une industrie qui n'a pas ressenti la pression de la digitalisation jusqu'\u00e0 r\u00e9cemment. Malheureusement, beaucoup de jeunes\u2026","rel":"","context":"Similar post","img":{"alt_text":"","src":"https:\/\/i0.wp.com\/www.investaura.co\/wordpress\/wp-content\/uploads\/2017\/01\/shutterstock_182278607.jpg?fit=1000%2C836&ssl=1&resize=350%2C200","width":350,"height":200},"classes":[]},{"id":7520,"url":"https:\/\/www.investaura.co\/wordpress\/boite-a-solutions\/strategie-pour-un-fournisseur-de-logiciel-dans-limmobilier-commercial-cre\/","url_meta":{"origin":6938,"position":5},"title":"Strat\u00e9gie pour un fournisseur de logiciel dans l&#8217;immobilier commercial (CRE)","date":"March 5, 2021","format":false,"excerpt":"La strat\u00e9gie est la science de regarder vers l'avenir, l'art d'identifier les options de transformation, et le courage de faire les choix les plus appropri\u00e9s. Toutes les options ne sont pas possibles ou r\u00e9alisables, les entreprises \u00e9tant naturellement contraintes par leur environnement externe d'une part (concurrents, clients, technologies), mais aussi\u2026","rel":"","context":"Similar post","img":{"alt_text":"","src":"https:\/\/i0.wp.com\/www.investaura.co\/wordpress\/wp-content\/uploads\/2019\/12\/shutterstock_138974066_small.jpg?fit=1024%2C683&ssl=1&resize=350%2C200","width":350,"height":200},"classes":[]}],"jetpack_sharing_enabled":true,"_links":{"self":[{"href":"https:\/\/www.investaura.co\/wordpress\/wp-json\/wp\/v2\/pages\/6938"}],"collection":[{"href":"https:\/\/www.investaura.co\/wordpress\/wp-json\/wp\/v2\/pages"}],"about":[{"href":"https:\/\/www.investaura.co\/wordpress\/wp-json\/wp\/v2\/types\/page"}],"author":[{"embeddable":true,"href":"https:\/\/www.investaura.co\/wordpress\/wp-json\/wp\/v2\/users\/1"}],"replies":[{"embeddable":true,"href":"https:\/\/www.investaura.co\/wordpress\/wp-json\/wp\/v2\/comments?post=6938"}],"version-history":[{"count":14,"href":"https:\/\/www.investaura.co\/wordpress\/wp-json\/wp\/v2\/pages\/6938\/revisions"}],"predecessor-version":[{"id":6940,"href":"https:\/\/www.investaura.co\/wordpress\/wp-json\/wp\/v2\/pages\/6938\/revisions\/6940"}],"up":[{"embeddable":true,"href":"https:\/\/www.investaura.co\/wordpress\/wp-json\/wp\/v2\/pages\/5683"}],"wp:featuredmedia":[{"embeddable":true,"href":"https:\/\/www.investaura.co\/wordpress\/wp-json\/wp\/v2\/media\/6978"}],"wp:attachment":[{"href":"https:\/\/www.investaura.co\/wordpress\/wp-json\/wp\/v2\/media?parent=6938"}],"curies":[{"name":"wp","href":"https:\/\/api.w.org\/{rel}","templated":true}]}}