{"id":6837,"date":"2019-05-16T10:37:09","date_gmt":"2019-05-16T08:37:09","guid":{"rendered":"http:\/\/www.investaura.co\/?page_id=6837"},"modified":"2019-06-07T08:53:32","modified_gmt":"2019-06-07T06:53:32","slug":"getrennte-buchfuehrung-und-kostenrechnungssysteme","status":"publish","type":"page","link":"https:\/\/www.investaura.co\/wordpress\/losungen\/getrennte-buchfuehrung-und-kostenrechnungssysteme\/","title":{"rendered":"Getrennte Buchf\u00fchrung und Kostenrechnungssysteme in der TK-Industrie"},"content":{"rendered":"<p>Die Verpflichtungen f\u00fcr die getrennte Buchf\u00fchrung im Sinne von Artikel 11 der Zugangsrichtlinie werden in der EU28 in unterschiedlichem Ma\u00dfe angewendet. Investaura hat die Situation in 20 L\u00e4ndern in Europa untersucht, die 97% der europ\u00e4ischen Bev\u00f6lkerung ausmachen.<!--more--><\/p>\n<p>Die europ\u00e4ische Verordnung zur <strong>getrennten aufsichtsrechtlichen Rechnungslegung<\/strong> (SRA: Separated Regulatory Accounting) basiert auf dem folgenden Schl\u00fcsselsatz der Verordnung, Richtlinien und Empfehlungen:<\/p>\n<ul>\n<li>2002\/19\/EG (M\u00e4rz 2002): Richtlinie des Europ\u00e4ischen Parlaments und des Rates \u00fcber den Zugang zu elektronischen Kommunikationsnetzen und zugeh\u00f6rigen Einrichtungen sowie deren Zusammenschaltung (\u201eZugangsrichtlinie\u201c), sowie \u00c4nderung ensprechend der Richtlinie 2009\/140\/EG von November 2009.<\/li>\n<li>2005\/698\/EG (September 2005): Empfehlung der Kommission \u00fcber die getrennte Buchf\u00fchrung und Kostenrechnungssysteme entsprechend dem Rechtsrahmen f\u00fcr die elektronische Kommunikation.<\/li>\n<li>2018\/1972 (Dezember 2018): Richtlinie des Europ\u00e4ischen Parlaments und des Rates \u00fcber den europ\u00e4ischen Kodex f\u00fcr die elektronische Kommunikation.<\/li>\n<li>2018\/1971 (Dezember 2018): Verordnung des Europ\u00e4ischen Parlaments und des Rates zur Einrichtung des Gremiums europ\u00e4ischer Regulierungsstellen f\u00fcr elektronische Kommunikation (GEREK) und der Agentur zur Unterst\u00fctzung des GEREK (GEREK-B\u00fcro).<\/li>\n<\/ul>\n<p>Die Anwendung von\u00a0<strong>Ex-ante-Regelungen und Rechtsbehelfen<\/strong>\u00a0in Europa ist in Artikel 9 bis Artikel 13 der Zugangsrichtlinie festgelegt:<\/p>\n<ul>\n<li>Artikel 9: Transparenzverpflichtung<\/li>\n<li>Artikel 10: Gleichbehandlungsverpflichtung<\/li>\n<li><strong>Artikel 11: Verpflichtung zur getrennten Buchf\u00fchrung<\/strong><\/li>\n<li>Artikel 12: Verpflichtungen in Bezug auf den Zugang zu bestimmten Netzeinrichtungen und deren Nutzung<\/li>\n<li>Artikel 13: Verpflichtung zur Preiskontrolle und Kostenrechnung<\/li>\n<\/ul>\n<p>Die Anzahl der M\u00e4rkte, die als anf\u00e4llig f\u00fcr Ex-ante-Regulierung gelten, wurde von 18 M\u00e4rkten im Jahr 2003 auf 7 M\u00e4rkte im Jahr 2007 und 5 M\u00e4rkte im Jahr 2014 reduziert. Die Regulierung konzentriert sich nun fast ausschlie\u00dflich auf den\u00a0<strong>Gro\u00dfhandel<\/strong>.<\/p>\n<p>Die Praxis der\u00a0Regulierung\u00a0der\u00a0Rechnungslegungstrennung\u00a0in Europa hat sich in der j\u00fcngeren Vergangenheit ebenfalls weiterentwickelt.\u00a0In Europa geht der Trend zur Reduzierung der SRA-Verpflichtungen.\u00a0Die branchenspezifische derzeit geltende Verordnung wird voraussichtlich zugunsten des gemeinsamen Wettbewerbsrechts nach und\u00a0nach verschwinden.<\/p>\n<p>Investaura hat k\u00fcrzlich einen Telekommunikationskonzern in Bezug auf seine <strong>Regulierungssstrategie<\/strong>\u00a0und seine Antwort an die Regulierungsbeh\u00f6rde in\u00a0Bezug auf die <strong>Ver\u00f6ffentlichung von separaten Konten<\/strong> beraten.\u00a0Die Berater von Investaura sind auch Experten f\u00fcr Methoden der Kostenrechnung und Kostenzuordnung (HCA \/ CCA, FAC \/ LRIC), einschlie\u00dflich\u00a0<strong>Bottom-up-Kostenmodellen<\/strong>.<\/p>\n<p>F\u00fcr weitere Informationen stehen wir<i> <\/i>Ihnen gerne zur Verf\u00fcgung.<\/p>\n","protected":false},"excerpt":{"rendered":"<p>Die Verpflichtungen f\u00fcr die getrennte Buchf\u00fchrung im Sinne von Artikel 11 der Zugangsrichtlinie werden in der EU28 in unterschiedlichem Ma\u00dfe angewendet. Investaura hat die Situation in 20 L\u00e4ndern in Europa untersucht, die 97% der europ\u00e4ischen Bev\u00f6lkerung ausmachen.<\/p>\n","protected":false},"author":1,"featured_media":6826,"parent":5685,"menu_order":18,"comment_status":"closed","ping_status":"closed","template":"","meta":{"jetpack_post_was_ever_published":false},"yoast_head":"<!-- This site is optimized with the Yoast SEO plugin v20.4 - https:\/\/yoast.com\/wordpress\/plugins\/seo\/ -->\n<title>Getrennte Buchf\u00fchrung und Kostenrechnungssysteme in der TK-Industrie | Investaura<\/title>\n<meta name=\"robots\" content=\"index, follow, max-snippet:-1, max-image-preview:large, max-video-preview:-1\" \/>\n<link rel=\"canonical\" href=\"https:\/\/www.investaura.co\/wordpress\/losungen\/getrennte-buchfuehrung-und-kostenrechnungssysteme\/\" \/>\n<meta property=\"og:locale\" content=\"en_GB\" \/>\n<meta property=\"og:type\" content=\"article\" \/>\n<meta property=\"og:title\" content=\"Getrennte Buchf\u00fchrung und Kostenrechnungssysteme in der TK-Industrie | Investaura\" \/>\n<meta property=\"og:description\" content=\"Die Verpflichtungen f\u00fcr die getrennte Buchf\u00fchrung im Sinne von Artikel 11 der Zugangsrichtlinie werden in der EU28 in unterschiedlichem Ma\u00dfe angewendet. Investaura hat die Situation in 20 L\u00e4ndern in Europa untersucht, die 97% der europ\u00e4ischen Bev\u00f6lkerung ausmachen.\" \/>\n<meta property=\"og:url\" content=\"https:\/\/www.investaura.co\/wordpress\/losungen\/getrennte-buchfuehrung-und-kostenrechnungssysteme\/\" \/>\n<meta property=\"og:site_name\" content=\"Investaura\" \/>\n<meta property=\"article:modified_time\" content=\"2019-06-07T06:53:32+00:00\" \/>\n<meta property=\"og:image\" content=\"https:\/\/i0.wp.com\/www.investaura.co\/wordpress\/wp-content\/uploads\/2019\/05\/shutterstock_regulatory_compliance_small.jpg?fit=1024%2C683&ssl=1\" \/>\n\t<meta property=\"og:image:width\" content=\"1024\" \/>\n\t<meta property=\"og:image:height\" content=\"683\" \/>\n\t<meta property=\"og:image:type\" content=\"image\/jpeg\" \/>\n<meta name=\"twitter:card\" content=\"summary_large_image\" \/>\n<meta name=\"twitter:label1\" content=\"Estimated reading time\" \/>\n\t<meta name=\"twitter:data1\" content=\"2 minutes\" \/>\n<script type=\"application\/ld+json\" class=\"yoast-schema-graph\">{\"@context\":\"https:\/\/schema.org\",\"@graph\":[{\"@type\":\"WebPage\",\"@id\":\"https:\/\/www.investaura.co\/wordpress\/losungen\/getrennte-buchfuehrung-und-kostenrechnungssysteme\/\",\"url\":\"https:\/\/www.investaura.co\/wordpress\/losungen\/getrennte-buchfuehrung-und-kostenrechnungssysteme\/\",\"name\":\"Getrennte Buchf\u00fchrung und Kostenrechnungssysteme in der TK-Industrie | Investaura\",\"isPartOf\":{\"@id\":\"https:\/\/www.investaura.co\/wordpress\/#website\"},\"datePublished\":\"2019-05-16T08:37:09+00:00\",\"dateModified\":\"2019-06-07T06:53:32+00:00\",\"breadcrumb\":{\"@id\":\"https:\/\/www.investaura.co\/wordpress\/losungen\/getrennte-buchfuehrung-und-kostenrechnungssysteme\/#breadcrumb\"},\"inLanguage\":\"en-GB\",\"potentialAction\":[{\"@type\":\"ReadAction\",\"target\":[\"https:\/\/www.investaura.co\/wordpress\/losungen\/getrennte-buchfuehrung-und-kostenrechnungssysteme\/\"]}]},{\"@type\":\"BreadcrumbList\",\"@id\":\"https:\/\/www.investaura.co\/wordpress\/losungen\/getrennte-buchfuehrung-und-kostenrechnungssysteme\/#breadcrumb\",\"itemListElement\":[{\"@type\":\"ListItem\",\"position\":1,\"name\":\"Home\",\"item\":\"https:\/\/www.investaura.co\/wordpress\/\"},{\"@type\":\"ListItem\",\"position\":2,\"name\":\"L\u00f6sungen Showcase\",\"item\":\"https:\/\/www.investaura.co\/wordpress\/losungen\/\"},{\"@type\":\"ListItem\",\"position\":3,\"name\":\"Getrennte Buchf\u00fchrung und Kostenrechnungssysteme in der TK-Industrie\"}]},{\"@type\":\"WebSite\",\"@id\":\"https:\/\/www.investaura.co\/wordpress\/#website\",\"url\":\"https:\/\/www.investaura.co\/wordpress\/\",\"name\":\"Investaura\",\"description\":\"The Value Creation Consultants\",\"publisher\":{\"@id\":\"https:\/\/www.investaura.co\/wordpress\/#organization\"},\"potentialAction\":[{\"@type\":\"SearchAction\",\"target\":{\"@type\":\"EntryPoint\",\"urlTemplate\":\"https:\/\/www.investaura.co\/wordpress\/?s={search_term_string}\"},\"query-input\":\"required name=search_term_string\"}],\"inLanguage\":\"en-GB\"},{\"@type\":\"Organization\",\"@id\":\"https:\/\/www.investaura.co\/wordpress\/#organization\",\"name\":\"Investaura\",\"url\":\"https:\/\/www.investaura.co\/wordpress\/\",\"logo\":{\"@type\":\"ImageObject\",\"inLanguage\":\"en-GB\",\"@id\":\"https:\/\/www.investaura.co\/wordpress\/#\/schema\/logo\/image\/\",\"url\":\"https:\/\/i0.wp.com\/www.investaura.co\/wordpress\/wp-content\/uploads\/Logo-INVESTAURA_RGB-blau-e1450351498844.jpg?fit=256%2C90&ssl=1\",\"contentUrl\":\"https:\/\/i0.wp.com\/www.investaura.co\/wordpress\/wp-content\/uploads\/Logo-INVESTAURA_RGB-blau-e1450351498844.jpg?fit=256%2C90&ssl=1\",\"width\":256,\"height\":90,\"caption\":\"Investaura\"},\"image\":{\"@id\":\"https:\/\/www.investaura.co\/wordpress\/#\/schema\/logo\/image\/\"},\"sameAs\":[\"https:\/\/www.linkedin.com\/company\/1229653\"]}]}<\/script>\n<!-- \/ Yoast SEO plugin. -->","yoast_head_json":{"title":"Getrennte Buchf\u00fchrung und Kostenrechnungssysteme in der TK-Industrie | Investaura","robots":{"index":"index","follow":"follow","max-snippet":"max-snippet:-1","max-image-preview":"max-image-preview:large","max-video-preview":"max-video-preview:-1"},"canonical":"https:\/\/www.investaura.co\/wordpress\/losungen\/getrennte-buchfuehrung-und-kostenrechnungssysteme\/","og_locale":"en_GB","og_type":"article","og_title":"Getrennte Buchf\u00fchrung und Kostenrechnungssysteme in der TK-Industrie | Investaura","og_description":"Die Verpflichtungen f\u00fcr die getrennte Buchf\u00fchrung im Sinne von Artikel 11 der Zugangsrichtlinie werden in der EU28 in unterschiedlichem Ma\u00dfe angewendet. Investaura hat die Situation in 20 L\u00e4ndern in Europa untersucht, die 97% der europ\u00e4ischen Bev\u00f6lkerung ausmachen.","og_url":"https:\/\/www.investaura.co\/wordpress\/losungen\/getrennte-buchfuehrung-und-kostenrechnungssysteme\/","og_site_name":"Investaura","article_modified_time":"2019-06-07T06:53:32+00:00","og_image":[{"width":1024,"height":683,"url":"https:\/\/i0.wp.com\/www.investaura.co\/wordpress\/wp-content\/uploads\/2019\/05\/shutterstock_regulatory_compliance_small.jpg?fit=1024%2C683&ssl=1","type":"image\/jpeg"}],"twitter_card":"summary_large_image","twitter_misc":{"Estimated reading time":"2 minutes"},"schema":{"@context":"https:\/\/schema.org","@graph":[{"@type":"WebPage","@id":"https:\/\/www.investaura.co\/wordpress\/losungen\/getrennte-buchfuehrung-und-kostenrechnungssysteme\/","url":"https:\/\/www.investaura.co\/wordpress\/losungen\/getrennte-buchfuehrung-und-kostenrechnungssysteme\/","name":"Getrennte Buchf\u00fchrung und Kostenrechnungssysteme in der TK-Industrie | Investaura","isPartOf":{"@id":"https:\/\/www.investaura.co\/wordpress\/#website"},"datePublished":"2019-05-16T08:37:09+00:00","dateModified":"2019-06-07T06:53:32+00:00","breadcrumb":{"@id":"https:\/\/www.investaura.co\/wordpress\/losungen\/getrennte-buchfuehrung-und-kostenrechnungssysteme\/#breadcrumb"},"inLanguage":"en-GB","potentialAction":[{"@type":"ReadAction","target":["https:\/\/www.investaura.co\/wordpress\/losungen\/getrennte-buchfuehrung-und-kostenrechnungssysteme\/"]}]},{"@type":"BreadcrumbList","@id":"https:\/\/www.investaura.co\/wordpress\/losungen\/getrennte-buchfuehrung-und-kostenrechnungssysteme\/#breadcrumb","itemListElement":[{"@type":"ListItem","position":1,"name":"Home","item":"https:\/\/www.investaura.co\/wordpress\/"},{"@type":"ListItem","position":2,"name":"L\u00f6sungen Showcase","item":"https:\/\/www.investaura.co\/wordpress\/losungen\/"},{"@type":"ListItem","position":3,"name":"Getrennte Buchf\u00fchrung und Kostenrechnungssysteme in der TK-Industrie"}]},{"@type":"WebSite","@id":"https:\/\/www.investaura.co\/wordpress\/#website","url":"https:\/\/www.investaura.co\/wordpress\/","name":"Investaura","description":"The Value Creation Consultants","publisher":{"@id":"https:\/\/www.investaura.co\/wordpress\/#organization"},"potentialAction":[{"@type":"SearchAction","target":{"@type":"EntryPoint","urlTemplate":"https:\/\/www.investaura.co\/wordpress\/?s={search_term_string}"},"query-input":"required name=search_term_string"}],"inLanguage":"en-GB"},{"@type":"Organization","@id":"https:\/\/www.investaura.co\/wordpress\/#organization","name":"Investaura","url":"https:\/\/www.investaura.co\/wordpress\/","logo":{"@type":"ImageObject","inLanguage":"en-GB","@id":"https:\/\/www.investaura.co\/wordpress\/#\/schema\/logo\/image\/","url":"https:\/\/i0.wp.com\/www.investaura.co\/wordpress\/wp-content\/uploads\/Logo-INVESTAURA_RGB-blau-e1450351498844.jpg?fit=256%2C90&ssl=1","contentUrl":"https:\/\/i0.wp.com\/www.investaura.co\/wordpress\/wp-content\/uploads\/Logo-INVESTAURA_RGB-blau-e1450351498844.jpg?fit=256%2C90&ssl=1","width":256,"height":90,"caption":"Investaura"},"image":{"@id":"https:\/\/www.investaura.co\/wordpress\/#\/schema\/logo\/image\/"},"sameAs":["https:\/\/www.linkedin.com\/company\/1229653"]}]}},"jetpack_shortlink":"https:\/\/wp.me\/P7ecno-1Mh","jetpack-related-posts":[{"id":5677,"url":"https:\/\/www.investaura.co\/wordpress\/losungen\/intelligent-transportation-systems-its-german\/","url_meta":{"origin":6837,"position":0},"title":"Mega-Deals f\u00fcr ITS Projekte gewinnen","date":"January 18, 2017","format":false,"excerpt":"Der globale Markt f\u00fcr Intelligent Transportation Systems (ITS) wird voraussichtlich um 12% pro Jahr von 36 Mrd. $ im Jahr 2015 auf 64 Mrd. $ im Jahr 2020 wachsen. Die Finanzierung der Verkehrs-infrastruktur \u00fcber Maut-Zahlungsl\u00f6sungen stellt dabei den Hauptteil dieses Marktsegments. Wir wissen, was es f\u00fcr ein Unternehmen braucht, um\u2026","rel":"","context":"Similar post","img":{"alt_text":"","src":"https:\/\/i0.wp.com\/www.investaura.co\/wordpress\/wp-content\/uploads\/2022\/03\/PropTech_small.jpg?fit=1024%2C683&ssl=1&resize=350%2C200","width":350,"height":200},"classes":[]},{"id":5714,"url":"https:\/\/www.investaura.co\/wordpress\/losungen\/expanding-to-germany-via-grenzuberschreitend-ma\/","url_meta":{"origin":6837,"position":1},"title":"Expansion nach Deutschland mit grenz\u00fcberschreitenden M&amp;A","date":"August 12, 2016","format":false,"excerpt":"Da viele europ\u00e4ische KMU in ihrem Heimatmarkt an der Grenze ihres Wachstumspotenzials angelangt sind, ist die Expansion in die Nachbarl\u00e4nder f\u00fcr viele der nat\u00fcrliche n\u00e4chste Schritt. Derzeit unterst\u00fctzt Investaura eine Reihe europ\u00e4ischer Kunden durch M&A u.a. in Deutschland. In einem von schleppendem Wachstum gepr\u00e4gten Europa steht Deutschland nicht nur als\u2026","rel":"","context":"Similar post","img":{"alt_text":"","src":"https:\/\/i0.wp.com\/www.investaura.co\/wordpress\/wp-content\/uploads\/2016\/09\/shutterstock_214025158_centered_narrower_smaller.jpg?fit=760%2C300&ssl=1&resize=350%2C200","width":350,"height":200},"classes":[]},{"id":6304,"url":"https:\/\/www.investaura.co\/wordpress\/dienstleistungen\/beratung\/strategie-und-business-planung\/","url_meta":{"origin":6837,"position":2},"title":"Strategie und Gesch\u00e4ftsplanung","date":"March 26, 2015","format":false,"excerpt":"Die Berater von Investaura verf\u00fcgen \u00fcber umfangreiche Erfahrung im Bereich der Strategie - angewandte, detaillierte - und Gesch\u00e4ftsplanung - quantifiziert, robust, umsetzbar -, die bis in die Mitte der 1990er Jahre zur\u00fcckreicht. Wir verstehen sowohl kleine als auch gro\u00dfe Unternehmen. Wir sind Berater, die zu Unternehmern werden und wissen, was\u2026","rel":"","context":"Similar post","img":{"alt_text":"","src":"https:\/\/i0.wp.com\/www.investaura.co\/wordpress\/wp-content\/uploads\/2016\/02\/shutterstock_282394148_smaller.jpg?fit=1024%2C683&ssl=1&resize=350%2C200","width":350,"height":200},"classes":[]},{"id":5704,"url":"https:\/\/www.investaura.co\/wordpress\/losungen\/kunde-produkt-kalkulation-rentabilitat-analyse\/","url_meta":{"origin":6837,"position":3},"title":"Prozesskostenrechnung und Wirtschaftlichkeitsanalyse von Produkten und Kunden","date":"February 1, 2018","format":false,"excerpt":"Investaura freut sich, sein neues Whitepaper zur Prozesskostenrechnung und Rentabilit\u00e4tsanalyse vorstellen zu k\u00f6nnen, das eine Schritt-f\u00fcr-Schritt-Roadmap f\u00fcr eine erfolgreiche Implementierung \u00fcber einen Zeitraum von 5 Wochen bietet. Service Costing hat den Ruf, dass es kompliziert und zeitaufw\u00e4ndig zu implementieren ist. Es muss nicht so sein. Unter Verwendung des eTOM-Gesch\u00e4ftsprozess-Frameworks f\u00fcr\u2026","rel":"","context":"Similar post","img":{"alt_text":"","src":"https:\/\/i0.wp.com\/www.investaura.co\/wordpress\/wp-content\/uploads\/2018\/02\/tracings.png?fit=1200%2C576&ssl=1&resize=350%2C200","width":350,"height":200},"classes":[]},{"id":5708,"url":"https:\/\/www.investaura.co\/wordpress\/losungen\/budgetierung-und-prognose\/","url_meta":{"origin":6837,"position":4},"title":"Budgetierung, Planung und Prognose","date":"March 2, 2016","format":false,"excerpt":"Investaura hat vor kurzem ein umfangreiches Budgetierungs-, Gesch\u00e4ftsplanungs- und Kostenprojekt f\u00fcr einen Telekommunikationsdienstleister abgeschlossen. Der Service Provider hatte einige Jahre lang mit Excel-Tools zu k\u00e4mpfen, die niemand wirklich verstanden hatte und die dem Board inkonsistente Ergebnisse brachten. Schlimmer noch, jede Budgetrunde wurde vom Top-Management-Team als schreckliche Erfahrung in Erinnerung gerufen,\u2026","rel":"","context":"Similar post","img":{"alt_text":"","src":"https:\/\/i0.wp.com\/www.investaura.co\/wordpress\/wp-content\/uploads\/2016\/03\/130614_Architecture.png?fit=1075%2C689&ssl=1&resize=350%2C200","width":350,"height":200},"classes":[]}],"jetpack_sharing_enabled":true,"_links":{"self":[{"href":"https:\/\/www.investaura.co\/wordpress\/wp-json\/wp\/v2\/pages\/6837"}],"collection":[{"href":"https:\/\/www.investaura.co\/wordpress\/wp-json\/wp\/v2\/pages"}],"about":[{"href":"https:\/\/www.investaura.co\/wordpress\/wp-json\/wp\/v2\/types\/page"}],"author":[{"embeddable":true,"href":"https:\/\/www.investaura.co\/wordpress\/wp-json\/wp\/v2\/users\/1"}],"replies":[{"embeddable":true,"href":"https:\/\/www.investaura.co\/wordpress\/wp-json\/wp\/v2\/comments?post=6837"}],"version-history":[{"count":19,"href":"https:\/\/www.investaura.co\/wordpress\/wp-json\/wp\/v2\/pages\/6837\/revisions"}],"predecessor-version":[{"id":6906,"href":"https:\/\/www.investaura.co\/wordpress\/wp-json\/wp\/v2\/pages\/6837\/revisions\/6906"}],"up":[{"embeddable":true,"href":"https:\/\/www.investaura.co\/wordpress\/wp-json\/wp\/v2\/pages\/5685"}],"wp:featuredmedia":[{"embeddable":true,"href":"https:\/\/www.investaura.co\/wordpress\/wp-json\/wp\/v2\/media\/6826"}],"wp:attachment":[{"href":"https:\/\/www.investaura.co\/wordpress\/wp-json\/wp\/v2\/media?parent=6837"}],"curies":[{"name":"wp","href":"https:\/\/api.w.org\/{rel}","templated":true}]}}