{"id":6269,"date":"2015-03-24T10:42:49","date_gmt":"2015-03-24T08:42:49","guid":{"rendered":"http:\/\/www.invest-aura.com\/?page_id=3324"},"modified":"2018-04-18T14:30:06","modified_gmt":"2018-04-18T12:30:06","slug":"industrie-expertise-et-regional-focus","status":"publish","type":"page","link":"https:\/\/www.investaura.co\/wordpress\/nos-services\/fusions-et-acquisitions\/industrie-expertise-et-regional-focus\/","title":{"rendered":"Expertise sectorielle pour les fusions et acquisitions"},"content":{"rendered":"<p>Nos consultants M&amp;A apportent un savoir-faire sp\u00e9cifique et des r\u00e9f\u00e9rences dans les march\u00e9s des TIC suivants:<\/p>\n<p><img data-attachment-id=\"4062\" data-permalink=\"https:\/\/www.investaura.co\/wordpress\/services\/mergers-and-acquisitions\/industry-expertise-and-regional-focus\/ma61\/\" data-orig-file=\"https:\/\/i0.wp.com\/www.investaura.co\/wordpress\/wp-content\/uploads\/MA61.png?fit=287%2C377&amp;ssl=1\" data-orig-size=\"287,377\" data-comments-opened=\"0\" data-image-meta=\"{&quot;aperture&quot;:&quot;0&quot;,&quot;credit&quot;:&quot;&quot;,&quot;camera&quot;:&quot;&quot;,&quot;caption&quot;:&quot;&quot;,&quot;created_timestamp&quot;:&quot;0&quot;,&quot;copyright&quot;:&quot;&quot;,&quot;focal_length&quot;:&quot;0&quot;,&quot;iso&quot;:&quot;0&quot;,&quot;shutter_speed&quot;:&quot;0&quot;,&quot;title&quot;:&quot;&quot;}\" data-image-title=\"M&#038;A61\" data-image-description=\"\" data-image-caption=\"\" data-medium-file=\"https:\/\/i0.wp.com\/www.investaura.co\/wordpress\/wp-content\/uploads\/MA61.png?fit=228%2C300&amp;ssl=1\" data-large-file=\"https:\/\/i0.wp.com\/www.investaura.co\/wordpress\/wp-content\/uploads\/MA61.png?fit=287%2C377&amp;ssl=1\" decoding=\"async\" loading=\"lazy\" class=\"alignright wp-image-4062\" src=\"https:\/\/i0.wp.com\/www.invest-aura.com\/wordpress\/wp-content\/uploads\/MA61.png?resize=187%2C246\" alt=\"\" width=\"187\" height=\"246\" srcset=\"https:\/\/i0.wp.com\/www.investaura.co\/wordpress\/wp-content\/uploads\/MA61.png?w=287&amp;ssl=1 287w, https:\/\/i0.wp.com\/www.investaura.co\/wordpress\/wp-content\/uploads\/MA61.png?resize=228%2C300&amp;ssl=1 228w\" sizes=\"(max-width: 187px) 100vw, 187px\" data-recalc-dims=\"1\" \/><\/p>\n<ul>\n<li>IT: logiciels, d\u00e9veloppement d&#8217;applications, ERP, EPM, BI, Big Data, Predictive Analytics, Data warehouse, BPO, s\u00e9curit\u00e9, Services professionnels, gestion d&#8217;infrastructure IT, SaaS, Cloud<\/li>\n<li>T\u00e9l\u00e9coms et Internet: fournisseur de services, \u00e9quipmentier t\u00e9l\u00e9coms et IT, \u00e9diteur de logiciels, solutions d&#8217;entreprise, t\u00e9l\u00e9phones mobiles, accessoires<\/li>\n<li>Syst\u00e8mes de transport intelligents: t\u00e9l\u00e9matique, a\u00e9roportuaire, p\u00e9age, stationnement, surveillance, op\u00e9rations<\/li>\n<li>High-tech: solutions, m\u00e9dias, wearables, startups<\/li>\n<\/ul>\n<p>En tant qu&#8217;entreprise v\u00e9ritablement internationale, nous avons acc\u00e8s \u00e0 des cibles et \u00e0 un r\u00e9seau mondial de professionnels de l&#8217;industrie couvrant les r\u00e9gions suivantes: Europe, Moyen-Orient et Afrique, Asie, Am\u00e9riques.<\/p>\n<p><img data-attachment-id=\"5406\" data-permalink=\"https:\/\/www.investaura.co\/wordpress\/services\/mergers-and-acquisitions\/industry-expertise-and-regional-focus\/schwarz-schilling-logo\/\" data-orig-file=\"https:\/\/i0.wp.com\/www.investaura.co\/wordpress\/wp-content\/uploads\/2017\/04\/schwarz-schilling-logo.png?fit=420%2C96&amp;ssl=1\" data-orig-size=\"420,96\" data-comments-opened=\"0\" data-image-meta=\"{&quot;aperture&quot;:&quot;0&quot;,&quot;credit&quot;:&quot;&quot;,&quot;camera&quot;:&quot;&quot;,&quot;caption&quot;:&quot;&quot;,&quot;created_timestamp&quot;:&quot;0&quot;,&quot;copyright&quot;:&quot;&quot;,&quot;focal_length&quot;:&quot;0&quot;,&quot;iso&quot;:&quot;0&quot;,&quot;shutter_speed&quot;:&quot;0&quot;,&quot;title&quot;:&quot;&quot;,&quot;orientation&quot;:&quot;0&quot;}\" data-image-title=\"schwarz-schilling-logo\" data-image-description=\"\" data-image-caption=\"\" data-medium-file=\"https:\/\/i0.wp.com\/www.investaura.co\/wordpress\/wp-content\/uploads\/2017\/04\/schwarz-schilling-logo.png?fit=300%2C69&amp;ssl=1\" data-large-file=\"https:\/\/i0.wp.com\/www.investaura.co\/wordpress\/wp-content\/uploads\/2017\/04\/schwarz-schilling-logo.png?fit=420%2C96&amp;ssl=1\" decoding=\"async\" loading=\"lazy\" class=\"alignright wp-image-5406\" src=\"https:\/\/i0.wp.com\/www.invest-aura.com\/wordpress\/wp-content\/uploads\/2017\/04\/schwarz-schilling-logo.png?resize=250%2C57\" alt=\"schwarz-schilling-logo\" width=\"250\" height=\"57\" srcset=\"https:\/\/i0.wp.com\/www.investaura.co\/wordpress\/wp-content\/uploads\/2017\/04\/schwarz-schilling-logo.png?w=420&amp;ssl=1 420w, https:\/\/i0.wp.com\/www.investaura.co\/wordpress\/wp-content\/uploads\/2017\/04\/schwarz-schilling-logo.png?resize=300%2C69&amp;ssl=1 300w\" sizes=\"(max-width: 250px) 100vw, 250px\" data-recalc-dims=\"1\" \/><\/p>\n<p>Pour compl\u00e9ter notre propre expertise et notre pr\u00e9sence en Allemagne, nous avons \u00e9tabli un partenariat strat\u00e9gique avec Dr. Schwarz-Schilling et Partners, le sp\u00e9cialiste du conseil M&amp;A pour les entreprises des secteurs Internet, M\u00e9dias, T\u00e9l\u00e9communications et Technologies.<\/p>\n","protected":false},"excerpt":{"rendered":"<p>Nos consultants M&amp;A apportent un savoir-faire sp\u00e9cifique et des r\u00e9f\u00e9rences dans les march\u00e9s des TIC suivants: IT: logiciels, d\u00e9veloppement d&#8217;applications, ERP, EPM, BI, Big Data, Predictive Analytics, Data warehouse, BPO, s\u00e9curit\u00e9, Services professionnels, gestion d&#8217;infrastructure IT, SaaS, Cloud T\u00e9l\u00e9coms et&#8230; <\/p>\n<div class=\"more-link-container\"><a class=\"more-link\" href=\"https:\/\/www.investaura.co\/wordpress\/nos-services\/fusions-et-acquisitions\/industrie-expertise-et-regional-focus\/\">Read More<\/a><\/div>\n","protected":false},"author":1,"featured_media":4148,"parent":5755,"menu_order":30,"comment_status":"closed","ping_status":"closed","template":"","meta":{"jetpack_post_was_ever_published":false},"yoast_head":"<!-- This site is optimized with the Yoast SEO plugin v20.4 - https:\/\/yoast.com\/wordpress\/plugins\/seo\/ -->\n<title>Expertise sectorielle pour les fusions et acquisitions | Investaura<\/title>\n<meta name=\"robots\" content=\"index, follow, max-snippet:-1, max-image-preview:large, max-video-preview:-1\" \/>\n<link rel=\"canonical\" href=\"https:\/\/www.investaura.co\/wordpress\/nos-services\/fusions-et-acquisitions\/industrie-expertise-et-regional-focus\/\" \/>\n<meta property=\"og:locale\" content=\"en_GB\" \/>\n<meta property=\"og:type\" content=\"article\" \/>\n<meta property=\"og:title\" content=\"Expertise sectorielle pour les fusions et acquisitions | Investaura\" \/>\n<meta property=\"og:description\" content=\"Nos consultants M&amp;A apportent un savoir-faire sp\u00e9cifique et des r\u00e9f\u00e9rences dans les march\u00e9s des TIC suivants: IT: logiciels, d\u00e9veloppement d&#8217;applications, ERP, EPM, BI, Big Data, Predictive Analytics, Data warehouse, BPO, s\u00e9curit\u00e9, Services professionnels, gestion d&#8217;infrastructure IT, SaaS, Cloud T\u00e9l\u00e9coms et... Read More\" \/>\n<meta property=\"og:url\" content=\"https:\/\/www.investaura.co\/wordpress\/nos-services\/fusions-et-acquisitions\/industrie-expertise-et-regional-focus\/\" \/>\n<meta property=\"og:site_name\" content=\"Investaura\" \/>\n<meta property=\"article:modified_time\" content=\"2018-04-18T12:30:06+00:00\" \/>\n<meta property=\"og:image\" content=\"https:\/\/i0.wp.com\/www.investaura.co\/wordpress\/wp-content\/uploads\/shutterstock_139401482.jpg?fit=1000%2C554&ssl=1\" \/>\n\t<meta property=\"og:image:width\" content=\"1000\" \/>\n\t<meta property=\"og:image:height\" content=\"554\" \/>\n\t<meta property=\"og:image:type\" content=\"image\/jpeg\" \/>\n<meta name=\"twitter:card\" content=\"summary_large_image\" \/>\n<meta name=\"twitter:label1\" content=\"Estimated reading time\" \/>\n\t<meta name=\"twitter:data1\" content=\"1 minute\" \/>\n<script type=\"application\/ld+json\" class=\"yoast-schema-graph\">{\"@context\":\"https:\/\/schema.org\",\"@graph\":[{\"@type\":\"WebPage\",\"@id\":\"https:\/\/www.investaura.co\/wordpress\/nos-services\/fusions-et-acquisitions\/industrie-expertise-et-regional-focus\/\",\"url\":\"https:\/\/www.investaura.co\/wordpress\/nos-services\/fusions-et-acquisitions\/industrie-expertise-et-regional-focus\/\",\"name\":\"Expertise sectorielle pour les fusions et acquisitions | Investaura\",\"isPartOf\":{\"@id\":\"https:\/\/www.investaura.co\/wordpress\/#website\"},\"datePublished\":\"2015-03-24T08:42:49+00:00\",\"dateModified\":\"2018-04-18T12:30:06+00:00\",\"breadcrumb\":{\"@id\":\"https:\/\/www.investaura.co\/wordpress\/nos-services\/fusions-et-acquisitions\/industrie-expertise-et-regional-focus\/#breadcrumb\"},\"inLanguage\":\"en-GB\",\"potentialAction\":[{\"@type\":\"ReadAction\",\"target\":[\"https:\/\/www.investaura.co\/wordpress\/nos-services\/fusions-et-acquisitions\/industrie-expertise-et-regional-focus\/\"]}]},{\"@type\":\"BreadcrumbList\",\"@id\":\"https:\/\/www.investaura.co\/wordpress\/nos-services\/fusions-et-acquisitions\/industrie-expertise-et-regional-focus\/#breadcrumb\",\"itemListElement\":[{\"@type\":\"ListItem\",\"position\":1,\"name\":\"Home\",\"item\":\"https:\/\/www.investaura.co\/wordpress\/\"},{\"@type\":\"ListItem\",\"position\":2,\"name\":\"Services\",\"item\":\"https:\/\/www.investaura.co\/wordpress\/nos-services\/\"},{\"@type\":\"ListItem\",\"position\":3,\"name\":\"Fusions-acquisitions et PMI\",\"item\":\"https:\/\/www.investaura.co\/wordpress\/nos-services\/fusions-et-acquisitions\/\"},{\"@type\":\"ListItem\",\"position\":4,\"name\":\"Expertise sectorielle pour les fusions et acquisitions\"}]},{\"@type\":\"WebSite\",\"@id\":\"https:\/\/www.investaura.co\/wordpress\/#website\",\"url\":\"https:\/\/www.investaura.co\/wordpress\/\",\"name\":\"Investaura\",\"description\":\"The Value Creation Consultants\",\"publisher\":{\"@id\":\"https:\/\/www.investaura.co\/wordpress\/#organization\"},\"potentialAction\":[{\"@type\":\"SearchAction\",\"target\":{\"@type\":\"EntryPoint\",\"urlTemplate\":\"https:\/\/www.investaura.co\/wordpress\/?s={search_term_string}\"},\"query-input\":\"required name=search_term_string\"}],\"inLanguage\":\"en-GB\"},{\"@type\":\"Organization\",\"@id\":\"https:\/\/www.investaura.co\/wordpress\/#organization\",\"name\":\"Investaura\",\"url\":\"https:\/\/www.investaura.co\/wordpress\/\",\"logo\":{\"@type\":\"ImageObject\",\"inLanguage\":\"en-GB\",\"@id\":\"https:\/\/www.investaura.co\/wordpress\/#\/schema\/logo\/image\/\",\"url\":\"https:\/\/i0.wp.com\/www.investaura.co\/wordpress\/wp-content\/uploads\/Logo-INVESTAURA_RGB-blau-e1450351498844.jpg?fit=256%2C90&ssl=1\",\"contentUrl\":\"https:\/\/i0.wp.com\/www.investaura.co\/wordpress\/wp-content\/uploads\/Logo-INVESTAURA_RGB-blau-e1450351498844.jpg?fit=256%2C90&ssl=1\",\"width\":256,\"height\":90,\"caption\":\"Investaura\"},\"image\":{\"@id\":\"https:\/\/www.investaura.co\/wordpress\/#\/schema\/logo\/image\/\"},\"sameAs\":[\"https:\/\/www.linkedin.com\/company\/1229653\"]}]}<\/script>\n<!-- \/ Yoast SEO plugin. -->","yoast_head_json":{"title":"Expertise sectorielle pour les fusions et acquisitions | Investaura","robots":{"index":"index","follow":"follow","max-snippet":"max-snippet:-1","max-image-preview":"max-image-preview:large","max-video-preview":"max-video-preview:-1"},"canonical":"https:\/\/www.investaura.co\/wordpress\/nos-services\/fusions-et-acquisitions\/industrie-expertise-et-regional-focus\/","og_locale":"en_GB","og_type":"article","og_title":"Expertise sectorielle pour les fusions et acquisitions | Investaura","og_description":"Nos consultants M&amp;A apportent un savoir-faire sp\u00e9cifique et des r\u00e9f\u00e9rences dans les march\u00e9s des TIC suivants: IT: logiciels, d\u00e9veloppement d&#8217;applications, ERP, EPM, BI, Big Data, Predictive Analytics, Data warehouse, BPO, s\u00e9curit\u00e9, Services professionnels, gestion d&#8217;infrastructure IT, SaaS, Cloud T\u00e9l\u00e9coms et... Read More","og_url":"https:\/\/www.investaura.co\/wordpress\/nos-services\/fusions-et-acquisitions\/industrie-expertise-et-regional-focus\/","og_site_name":"Investaura","article_modified_time":"2018-04-18T12:30:06+00:00","og_image":[{"width":1000,"height":554,"url":"https:\/\/i0.wp.com\/www.investaura.co\/wordpress\/wp-content\/uploads\/shutterstock_139401482.jpg?fit=1000%2C554&ssl=1","type":"image\/jpeg"}],"twitter_card":"summary_large_image","twitter_misc":{"Estimated reading time":"1 minute"},"schema":{"@context":"https:\/\/schema.org","@graph":[{"@type":"WebPage","@id":"https:\/\/www.investaura.co\/wordpress\/nos-services\/fusions-et-acquisitions\/industrie-expertise-et-regional-focus\/","url":"https:\/\/www.investaura.co\/wordpress\/nos-services\/fusions-et-acquisitions\/industrie-expertise-et-regional-focus\/","name":"Expertise sectorielle pour les fusions et acquisitions | Investaura","isPartOf":{"@id":"https:\/\/www.investaura.co\/wordpress\/#website"},"datePublished":"2015-03-24T08:42:49+00:00","dateModified":"2018-04-18T12:30:06+00:00","breadcrumb":{"@id":"https:\/\/www.investaura.co\/wordpress\/nos-services\/fusions-et-acquisitions\/industrie-expertise-et-regional-focus\/#breadcrumb"},"inLanguage":"en-GB","potentialAction":[{"@type":"ReadAction","target":["https:\/\/www.investaura.co\/wordpress\/nos-services\/fusions-et-acquisitions\/industrie-expertise-et-regional-focus\/"]}]},{"@type":"BreadcrumbList","@id":"https:\/\/www.investaura.co\/wordpress\/nos-services\/fusions-et-acquisitions\/industrie-expertise-et-regional-focus\/#breadcrumb","itemListElement":[{"@type":"ListItem","position":1,"name":"Home","item":"https:\/\/www.investaura.co\/wordpress\/"},{"@type":"ListItem","position":2,"name":"Services","item":"https:\/\/www.investaura.co\/wordpress\/nos-services\/"},{"@type":"ListItem","position":3,"name":"Fusions-acquisitions et PMI","item":"https:\/\/www.investaura.co\/wordpress\/nos-services\/fusions-et-acquisitions\/"},{"@type":"ListItem","position":4,"name":"Expertise sectorielle pour les fusions et acquisitions"}]},{"@type":"WebSite","@id":"https:\/\/www.investaura.co\/wordpress\/#website","url":"https:\/\/www.investaura.co\/wordpress\/","name":"Investaura","description":"The Value Creation Consultants","publisher":{"@id":"https:\/\/www.investaura.co\/wordpress\/#organization"},"potentialAction":[{"@type":"SearchAction","target":{"@type":"EntryPoint","urlTemplate":"https:\/\/www.investaura.co\/wordpress\/?s={search_term_string}"},"query-input":"required name=search_term_string"}],"inLanguage":"en-GB"},{"@type":"Organization","@id":"https:\/\/www.investaura.co\/wordpress\/#organization","name":"Investaura","url":"https:\/\/www.investaura.co\/wordpress\/","logo":{"@type":"ImageObject","inLanguage":"en-GB","@id":"https:\/\/www.investaura.co\/wordpress\/#\/schema\/logo\/image\/","url":"https:\/\/i0.wp.com\/www.investaura.co\/wordpress\/wp-content\/uploads\/Logo-INVESTAURA_RGB-blau-e1450351498844.jpg?fit=256%2C90&ssl=1","contentUrl":"https:\/\/i0.wp.com\/www.investaura.co\/wordpress\/wp-content\/uploads\/Logo-INVESTAURA_RGB-blau-e1450351498844.jpg?fit=256%2C90&ssl=1","width":256,"height":90,"caption":"Investaura"},"image":{"@id":"https:\/\/www.investaura.co\/wordpress\/#\/schema\/logo\/image\/"},"sameAs":["https:\/\/www.linkedin.com\/company\/1229653"]}]}},"jetpack_shortlink":"https:\/\/wp.me\/P7ecno-1D7","jetpack-related-posts":[{"id":6225,"url":"https:\/\/www.investaura.co\/wordpress\/nos-services\/performance-management-solutions\/entreprises-associees\/","url_meta":{"origin":6269,"position":0},"title":"Nos partenaires logiciels","date":"September 9, 2010","format":false,"excerpt":"Investaura Management Consultants a s\u00e9lectionn\u00e9 3 \u00e9diteurs de logiciel qui compl\u00e8tent ses activit\u00e9s de conseil et avec lesquelles nous entretenons d'excellentes relations: Prodacapo fournit des solutions logicielles pour l'\u00e9valuation et l'am\u00e9lioration des processus et l'analyse des co\u00fbts bas\u00e9s sur les activit\u00e9s (Activity-Based Costing).\u00a0La suite Prodacapo permet des applications multiples: les\u2026","rel":"","context":"Similar post","img":{"alt_text":"","src":"https:\/\/i0.wp.com\/www.investaura.co\/wordpress\/wp-content\/uploads\/2016\/02\/shutterstock_247165378.jpg?fit=1000%2C732&ssl=1&resize=350%2C200","width":350,"height":200},"classes":[]},{"id":5759,"url":"https:\/\/www.investaura.co\/wordpress\/nos-services\/performance-management-solutions\/","url_meta":{"origin":6269,"position":1},"title":"Pilotage de la performance","date":"September 9, 2010","format":false,"excerpt":"Investaura accompagne ses clients dans la mise en place d'applications puissantes de pilotage de la performance, tirant parti de son savoir-faire des meilleurs logiciels EPM et de son expertise dans l'industrie. L'impact pour les d\u00e9cideurs est de mieux comprendre ce qui se passe dans leur entreprise et de d\u00e9finir des\u2026","rel":"","context":"Similar post","img":{"alt_text":"","src":"https:\/\/i0.wp.com\/www.investaura.co\/wordpress\/wp-content\/uploads\/2010\/09\/shutterstock_251280265_smaller.jpg?fit=1024%2C678&ssl=1&resize=350%2C200","width":350,"height":200},"classes":[]},{"id":5689,"url":"https:\/\/www.investaura.co\/wordpress\/boite-a-solutions\/immobilisation-evaluation-et-juste-valeur-mesure-ifrs-13\/","url_meta":{"origin":6269,"position":2},"title":"R\u00e9\u00e9valuation des actifs immobilis\u00e9s et d\u00e9termination de la juste valeur (IFRS 13)","date":"March 2, 2016","format":false,"excerpt":"Investaura a \u00e9t\u00e9 mandat\u00e9 par un groupe t\u00e9l\u00e9com pour effectuer une \u00e9valuation exhaustive des actifs non courants dans les r\u00e9seaux t\u00e9l\u00e9com g\u00e9r\u00e9s par le client dans quatre pays. Le projet a \u00e9t\u00e9 entrepris sur une p\u00e9riode de trois mois et s'est pench\u00e9 sur $ 1 Milliard d'actifs fixes dans les\u2026","rel":"","context":"Similar post","img":{"alt_text":"","src":"https:\/\/i0.wp.com\/www.investaura.co\/wordpress\/wp-content\/uploads\/2017\/11\/shutterstock_99389720_1024.jpg?fit=1024%2C680&ssl=1&resize=350%2C200","width":350,"height":200},"classes":[]},{"id":6223,"url":"https:\/\/www.investaura.co\/wordpress\/nos-services\/performance-management-solutions\/stem-business-modeling\/","url_meta":{"origin":6269,"position":3},"title":"Logiciel de mod\u00e9lisation STEM","date":"September 23, 2010","format":false,"excerpt":"Investaura poss\u00e8de une expertise solide de l'outil STEM, que nos consultants utilisent pour la simulation d'entreprise, l'analyse des co\u00fbts des services, ainsi que la pr\u00e9paration de plans d'investissement (CAPEX, OPEX) dans les secteurs t\u00e9l\u00e9coms et ICT. Le logiciel de mod\u00e9lisation STEM de la soci\u00e9t\u00e9 Implied Logic constitue la plateforme id\u00e9ale\u2026","rel":"","context":"Similar post","img":{"alt_text":"","src":"https:\/\/i0.wp.com\/www.investaura.co\/wordpress\/wp-content\/uploads\/2016\/02\/shutterstock_247165378.jpg?fit=1000%2C732&ssl=1&resize=350%2C200","width":350,"height":200},"classes":[]},{"id":6303,"url":"https:\/\/www.investaura.co\/wordpress\/nos-services\/conseil\/strategie-et-business-planning\/","url_meta":{"origin":6269,"position":4},"title":"Strat\u00e9gie et planification d&#8217;entreprise","date":"March 26, 2015","format":false,"excerpt":"Les consultants d'Investaura ont une vaste exp\u00e9rience dans le domaine de la strat\u00e9gie - appliqu\u00e9e, d\u00e9taill\u00e9e - et de la planification d'entreprise - quantifi\u00e9e, robuste, r\u00e9alisable - remontant au milieu des ann\u00e9es 1990. Nous comprenons les petites et les grandes entreprises. Nous sommes des consultants devenus entrepreneurs et savons ce\u2026","rel":"","context":"Similar post","img":{"alt_text":"","src":"https:\/\/i0.wp.com\/www.investaura.co\/wordpress\/wp-content\/uploads\/2016\/02\/shutterstock_282394148_smaller.jpg?fit=1024%2C683&ssl=1&resize=350%2C200","width":350,"height":200},"classes":[]},{"id":6218,"url":"https:\/\/www.investaura.co\/wordpress\/nos-services\/performance-management-solutions\/adaptive-planning\/","url_meta":{"origin":6269,"position":5},"title":"Adaptive Insights Enterprise Performance Management","date":"February 11, 2011","format":false,"excerpt":"Utilisez-vous encore Microsoft Excel pour l'\u00e9laboration budg\u00e9taire, la planification d'entreprise ou la gestion de la performance? Microsoft Excel \u00e9tait en g\u00e9n\u00e9ral suffisant pour ce type d'activit\u00e9s il y a 15-20 ans, mais l'outil Excel a aussi de nombreuses limites, et vous avez probablement d\u00e9j\u00e0 rencontr\u00e9 beaucoup d'entre elles. La plus\u2026","rel":"","context":"Similar post","img":{"alt_text":"","src":"https:\/\/i0.wp.com\/www.investaura.co\/wordpress\/wp-content\/uploads\/2016\/02\/shutterstock_247165378.jpg?fit=1000%2C732&ssl=1&resize=350%2C200","width":350,"height":200},"classes":[]}],"jetpack_sharing_enabled":true,"_links":{"self":[{"href":"https:\/\/www.investaura.co\/wordpress\/wp-json\/wp\/v2\/pages\/6269"}],"collection":[{"href":"https:\/\/www.investaura.co\/wordpress\/wp-json\/wp\/v2\/pages"}],"about":[{"href":"https:\/\/www.investaura.co\/wordpress\/wp-json\/wp\/v2\/types\/page"}],"author":[{"embeddable":true,"href":"https:\/\/www.investaura.co\/wordpress\/wp-json\/wp\/v2\/users\/1"}],"replies":[{"embeddable":true,"href":"https:\/\/www.investaura.co\/wordpress\/wp-json\/wp\/v2\/comments?post=6269"}],"version-history":[{"count":4,"href":"https:\/\/www.investaura.co\/wordpress\/wp-json\/wp\/v2\/pages\/6269\/revisions"}],"predecessor-version":[{"id":6510,"href":"https:\/\/www.investaura.co\/wordpress\/wp-json\/wp\/v2\/pages\/6269\/revisions\/6510"}],"up":[{"embeddable":true,"href":"https:\/\/www.investaura.co\/wordpress\/wp-json\/wp\/v2\/pages\/5755"}],"wp:featuredmedia":[{"embeddable":true,"href":"https:\/\/www.investaura.co\/wordpress\/wp-json\/wp\/v2\/media\/4148"}],"wp:attachment":[{"href":"https:\/\/www.investaura.co\/wordpress\/wp-json\/wp\/v2\/media?parent=6269"}],"curies":[{"name":"wp","href":"https:\/\/api.w.org\/{rel}","templated":true}]}}