{"id":6220,"date":"2014-09-30T16:03:49","date_gmt":"2014-09-30T14:03:49","guid":{"rendered":"http:\/\/www.invest-aura.com\/?page_id=2971"},"modified":"2018-04-17T18:06:06","modified_gmt":"2018-04-17T16:06:06","slug":"prodacapo-software-solutions","status":"publish","type":"page","link":"https:\/\/www.investaura.co\/wordpress\/nos-services\/performance-management-solutions\/prodacapo-software-solutions\/","title":{"rendered":"Solutions logicielles Prodacapo"},"content":{"rendered":"<p>Les experts d&#8217;Investaura utilisent Prodacapo, un outil de gestion con\u00e7u pour permettre \u00e0 votre entreprise d&#8217;analyser les co\u00fbts des processus, des clients et des produits, et d&#8217;am\u00e9liorer la performance.<\/p>\n<p>Prodacapo permet aux gestionnaires:<img data-attachment-id=\"3135\" data-permalink=\"https:\/\/www.investaura.co\/wordpress\/services\/performance-management-solutions\/prodacapo-software-solutions\/prodacapos-offering\/\" data-orig-file=\"https:\/\/i0.wp.com\/www.investaura.co\/wordpress\/wp-content\/uploads\/Prodacapos-offering.jpg?fit=689%2C686&amp;ssl=1\" data-orig-size=\"689,686\" data-comments-opened=\"0\" data-image-meta=\"{&quot;aperture&quot;:&quot;0&quot;,&quot;credit&quot;:&quot;&quot;,&quot;camera&quot;:&quot;&quot;,&quot;caption&quot;:&quot;&quot;,&quot;created_timestamp&quot;:&quot;0&quot;,&quot;copyright&quot;:&quot;&quot;,&quot;focal_length&quot;:&quot;0&quot;,&quot;iso&quot;:&quot;0&quot;,&quot;shutter_speed&quot;:&quot;0&quot;,&quot;title&quot;:&quot;&quot;}\" data-image-title=\"Prodacapo&#8217;s offering\" data-image-description=\"\" data-image-caption=\"\" data-medium-file=\"https:\/\/i0.wp.com\/www.investaura.co\/wordpress\/wp-content\/uploads\/Prodacapos-offering.jpg?fit=300%2C298&amp;ssl=1\" data-large-file=\"https:\/\/i0.wp.com\/www.investaura.co\/wordpress\/wp-content\/uploads\/Prodacapos-offering.jpg?fit=689%2C686&amp;ssl=1\" decoding=\"async\" loading=\"lazy\" class=\"alignright wp-image-3135\" src=\"https:\/\/i0.wp.com\/www.invest-aura.com\/wordpress\/wp-content\/uploads\/Prodacapos-offering-300x298.jpg?resize=220%2C218\" alt=\"L'offre de Prodacapo\" width=\"220\" height=\"218\" srcset=\"https:\/\/i0.wp.com\/www.investaura.co\/wordpress\/wp-content\/uploads\/Prodacapos-offering.jpg?resize=300%2C298&amp;ssl=1 300w, https:\/\/i0.wp.com\/www.investaura.co\/wordpress\/wp-content\/uploads\/Prodacapos-offering.jpg?resize=150%2C150&amp;ssl=1 150w, https:\/\/i0.wp.com\/www.investaura.co\/wordpress\/wp-content\/uploads\/Prodacapos-offering.jpg?w=689&amp;ssl=1 689w\" sizes=\"(max-width: 220px) 100vw, 220px\" data-recalc-dims=\"1\" \/><\/p>\n<ul>\n<li>de comprendre la rentabilit\u00e9 des produits et des clients<\/li>\n<li>de mesurer la performance<\/li>\n<li>d&#8217;am\u00e9liorer les processus de l&#8217;entreprise<\/li>\n<li>d&#8217;optimiser l&#8217;allocation des ressources<\/li>\n<li>de d\u00e9velopper et de mettre en place une strat\u00e9gie<\/li>\n<li>de g\u00e9rer les initiatives mises en place pour am\u00e9liorer l&#8217;efficacit\u00e9 de l&#8217;entreprise.<\/li>\n<\/ul>\n<p><a href=\"https:\/\/i0.wp.com\/www.invest-aura.com\/wordpress\/wp-content\/uploads\/Prodacapo1.png\"><img data-attachment-id=\"2993\" data-permalink=\"https:\/\/www.investaura.co\/wordpress\/services\/performance-management-solutions\/prodacapo-software-solutions\/prodacapo1\/\" data-orig-file=\"https:\/\/i0.wp.com\/www.investaura.co\/wordpress\/wp-content\/uploads\/Prodacapo1.png?fit=841%2C587&amp;ssl=1\" data-orig-size=\"841,587\" data-comments-opened=\"0\" data-image-meta=\"{&quot;aperture&quot;:&quot;0&quot;,&quot;credit&quot;:&quot;&quot;,&quot;camera&quot;:&quot;&quot;,&quot;caption&quot;:&quot;&quot;,&quot;created_timestamp&quot;:&quot;0&quot;,&quot;copyright&quot;:&quot;&quot;,&quot;focal_length&quot;:&quot;0&quot;,&quot;iso&quot;:&quot;0&quot;,&quot;shutter_speed&quot;:&quot;0&quot;,&quot;title&quot;:&quot;&quot;}\" data-image-title=\"Prodacapo UI\" data-image-description=\"\" data-image-caption=\"&lt;p&gt;Prodacapo: Process Analysis, Costing and Profitability Management&lt;\/p&gt;\n\" data-medium-file=\"https:\/\/i0.wp.com\/www.investaura.co\/wordpress\/wp-content\/uploads\/Prodacapo1.png?fit=300%2C209&amp;ssl=1\" data-large-file=\"https:\/\/i0.wp.com\/www.investaura.co\/wordpress\/wp-content\/uploads\/Prodacapo1.png?fit=720%2C503&amp;ssl=1\" decoding=\"async\" loading=\"lazy\" class=\"alignright wp-image-2993\" src=\"https:\/\/i0.wp.com\/www.invest-aura.com\/wordpress\/wp-content\/uploads\/Prodacapo1.png?resize=324%2C226\" alt=\"Prodacapo UI\" width=\"324\" height=\"226\" srcset=\"https:\/\/i0.wp.com\/www.investaura.co\/wordpress\/wp-content\/uploads\/Prodacapo1.png?w=841&amp;ssl=1 841w, https:\/\/i0.wp.com\/www.investaura.co\/wordpress\/wp-content\/uploads\/Prodacapo1.png?resize=300%2C209&amp;ssl=1 300w\" sizes=\"(max-width: 324px) 100vw, 324px\" data-recalc-dims=\"1\" \/><\/a><\/p>\n<p><span class=\"Apple-style-span\">La suite Prodacapo s&#8217;int\u00e8gre facilement \u00e0 vos syst\u00e8mes informatiques (par exemple ERP), traduisant les donn\u00e9es en solutions de gestion puissantes: tableaux de bord prospectifs, ABC (Activity Based Costing) et am\u00e9lioration des processus.<\/span><\/p>\n<p>Une solution hautement \u00e9volutive, Prodacapo comprend plusieurs modules fonctionnant en temps r\u00e9el, et peut stocker les donn\u00e9es sur plusieurs types de plateforme, y compris SQL Server et Oracle.<\/p>\n<p>Enti\u00e8rement compatible Web, le logiciel offre \u00e0 vos \u00e9quipes la possibilit\u00e9 d&#8217;acc\u00e9der aux informations de gestion dont elles ont besoin, \u00e0 tout moment, o\u00f9 qu&#8217;elles se trouvent.<\/p>\n<p>Regardez cette vid\u00e9o afin de mieux comprendre quels seront les avantages pour votre organisation!<\/p>\n<p><iframe loading=\"lazy\" src=\"https:\/\/www.youtube.com\/embed\/onDn3hUXMlk\" width=\"560\" height=\"315\" frameborder=\"0\" allowfullscreen=\"allowfullscreen\"><\/iframe><\/p>\n<p>Autre r\u00e9f\u00e9rence:<\/p>\n<ul>\n<li><a href=\"http:\/\/www.investaura.co\/boite-a-solutions\/client-produit-couts-rentabilite-analyse\/\">Livre blanc sur la gestion de la rentabilit\u00e9 client et produit, en utilisant Prodacapo et eTOM<\/a><\/li>\n<\/ul>\n","protected":false},"excerpt":{"rendered":"<p>Les experts d&#8217;Investaura utilisent Prodacapo, un outil de gestion con\u00e7u pour permettre \u00e0 votre entreprise d&#8217;analyser les co\u00fbts des processus, des clients et des produits, et d&#8217;am\u00e9liorer la performance. Prodacapo permet aux gestionnaires: de comprendre la rentabilit\u00e9 des produits et&#8230; <\/p>\n<div class=\"more-link-container\"><a class=\"more-link\" href=\"https:\/\/www.investaura.co\/wordpress\/nos-services\/performance-management-solutions\/prodacapo-software-solutions\/\">Read More<\/a><\/div>\n","protected":false},"author":1,"featured_media":4337,"parent":5759,"menu_order":5,"comment_status":"closed","ping_status":"closed","template":"","meta":{"jetpack_post_was_ever_published":false},"yoast_head":"<!-- This site is optimized with the Yoast SEO plugin v20.4 - https:\/\/yoast.com\/wordpress\/plugins\/seo\/ -->\n<title>Solutions logicielles Prodacapo | Investaura<\/title>\n<meta name=\"robots\" content=\"index, follow, max-snippet:-1, max-image-preview:large, max-video-preview:-1\" \/>\n<link rel=\"canonical\" href=\"https:\/\/www.investaura.co\/wordpress\/nos-services\/performance-management-solutions\/prodacapo-software-solutions\/\" \/>\n<meta property=\"og:locale\" content=\"en_GB\" \/>\n<meta property=\"og:type\" content=\"article\" \/>\n<meta property=\"og:title\" content=\"Solutions logicielles Prodacapo | Investaura\" \/>\n<meta property=\"og:description\" content=\"Les experts d&#8217;Investaura utilisent Prodacapo, un outil de gestion con\u00e7u pour permettre \u00e0 votre entreprise d&#8217;analyser les co\u00fbts des processus, des clients et des produits, et d&#8217;am\u00e9liorer la performance. Prodacapo permet aux gestionnaires: de comprendre la rentabilit\u00e9 des produits et... Read More\" \/>\n<meta property=\"og:url\" content=\"https:\/\/www.investaura.co\/wordpress\/nos-services\/performance-management-solutions\/prodacapo-software-solutions\/\" \/>\n<meta property=\"og:site_name\" content=\"Investaura\" \/>\n<meta property=\"article:modified_time\" content=\"2018-04-17T16:06:06+00:00\" \/>\n<meta property=\"og:image\" content=\"https:\/\/i0.wp.com\/www.investaura.co\/wordpress\/wp-content\/uploads\/2016\/02\/shutterstock_247165378.jpg?fit=1000%2C732&ssl=1\" \/>\n\t<meta property=\"og:image:width\" content=\"1000\" \/>\n\t<meta property=\"og:image:height\" content=\"732\" \/>\n\t<meta property=\"og:image:type\" content=\"image\/jpeg\" \/>\n<meta name=\"twitter:card\" content=\"summary_large_image\" \/>\n<meta name=\"twitter:label1\" content=\"Estimated reading time\" \/>\n\t<meta name=\"twitter:data1\" content=\"1 minute\" \/>\n<script type=\"application\/ld+json\" class=\"yoast-schema-graph\">{\"@context\":\"https:\/\/schema.org\",\"@graph\":[{\"@type\":\"WebPage\",\"@id\":\"https:\/\/www.investaura.co\/wordpress\/nos-services\/performance-management-solutions\/prodacapo-software-solutions\/\",\"url\":\"https:\/\/www.investaura.co\/wordpress\/nos-services\/performance-management-solutions\/prodacapo-software-solutions\/\",\"name\":\"Solutions logicielles Prodacapo | Investaura\",\"isPartOf\":{\"@id\":\"https:\/\/www.investaura.co\/wordpress\/#website\"},\"datePublished\":\"2014-09-30T14:03:49+00:00\",\"dateModified\":\"2018-04-17T16:06:06+00:00\",\"breadcrumb\":{\"@id\":\"https:\/\/www.investaura.co\/wordpress\/nos-services\/performance-management-solutions\/prodacapo-software-solutions\/#breadcrumb\"},\"inLanguage\":\"en-GB\",\"potentialAction\":[{\"@type\":\"ReadAction\",\"target\":[\"https:\/\/www.investaura.co\/wordpress\/nos-services\/performance-management-solutions\/prodacapo-software-solutions\/\"]}]},{\"@type\":\"BreadcrumbList\",\"@id\":\"https:\/\/www.investaura.co\/wordpress\/nos-services\/performance-management-solutions\/prodacapo-software-solutions\/#breadcrumb\",\"itemListElement\":[{\"@type\":\"ListItem\",\"position\":1,\"name\":\"Home\",\"item\":\"https:\/\/www.investaura.co\/wordpress\/\"},{\"@type\":\"ListItem\",\"position\":2,\"name\":\"Services\",\"item\":\"https:\/\/www.investaura.co\/wordpress\/nos-services\/\"},{\"@type\":\"ListItem\",\"position\":3,\"name\":\"Pilotage de la performance\",\"item\":\"https:\/\/www.investaura.co\/wordpress\/nos-services\/performance-management-solutions\/\"},{\"@type\":\"ListItem\",\"position\":4,\"name\":\"Solutions logicielles Prodacapo\"}]},{\"@type\":\"WebSite\",\"@id\":\"https:\/\/www.investaura.co\/wordpress\/#website\",\"url\":\"https:\/\/www.investaura.co\/wordpress\/\",\"name\":\"Investaura\",\"description\":\"The Value Creation Consultants\",\"publisher\":{\"@id\":\"https:\/\/www.investaura.co\/wordpress\/#organization\"},\"potentialAction\":[{\"@type\":\"SearchAction\",\"target\":{\"@type\":\"EntryPoint\",\"urlTemplate\":\"https:\/\/www.investaura.co\/wordpress\/?s={search_term_string}\"},\"query-input\":\"required name=search_term_string\"}],\"inLanguage\":\"en-GB\"},{\"@type\":\"Organization\",\"@id\":\"https:\/\/www.investaura.co\/wordpress\/#organization\",\"name\":\"Investaura\",\"url\":\"https:\/\/www.investaura.co\/wordpress\/\",\"logo\":{\"@type\":\"ImageObject\",\"inLanguage\":\"en-GB\",\"@id\":\"https:\/\/www.investaura.co\/wordpress\/#\/schema\/logo\/image\/\",\"url\":\"https:\/\/i0.wp.com\/www.investaura.co\/wordpress\/wp-content\/uploads\/Logo-INVESTAURA_RGB-blau-e1450351498844.jpg?fit=256%2C90&ssl=1\",\"contentUrl\":\"https:\/\/i0.wp.com\/www.investaura.co\/wordpress\/wp-content\/uploads\/Logo-INVESTAURA_RGB-blau-e1450351498844.jpg?fit=256%2C90&ssl=1\",\"width\":256,\"height\":90,\"caption\":\"Investaura\"},\"image\":{\"@id\":\"https:\/\/www.investaura.co\/wordpress\/#\/schema\/logo\/image\/\"},\"sameAs\":[\"https:\/\/www.linkedin.com\/company\/1229653\"]}]}<\/script>\n<!-- \/ Yoast SEO plugin. -->","yoast_head_json":{"title":"Solutions logicielles Prodacapo | Investaura","robots":{"index":"index","follow":"follow","max-snippet":"max-snippet:-1","max-image-preview":"max-image-preview:large","max-video-preview":"max-video-preview:-1"},"canonical":"https:\/\/www.investaura.co\/wordpress\/nos-services\/performance-management-solutions\/prodacapo-software-solutions\/","og_locale":"en_GB","og_type":"article","og_title":"Solutions logicielles Prodacapo | Investaura","og_description":"Les experts d&#8217;Investaura utilisent Prodacapo, un outil de gestion con\u00e7u pour permettre \u00e0 votre entreprise d&#8217;analyser les co\u00fbts des processus, des clients et des produits, et d&#8217;am\u00e9liorer la performance. Prodacapo permet aux gestionnaires: de comprendre la rentabilit\u00e9 des produits et... Read More","og_url":"https:\/\/www.investaura.co\/wordpress\/nos-services\/performance-management-solutions\/prodacapo-software-solutions\/","og_site_name":"Investaura","article_modified_time":"2018-04-17T16:06:06+00:00","og_image":[{"width":1000,"height":732,"url":"https:\/\/i0.wp.com\/www.investaura.co\/wordpress\/wp-content\/uploads\/2016\/02\/shutterstock_247165378.jpg?fit=1000%2C732&ssl=1","type":"image\/jpeg"}],"twitter_card":"summary_large_image","twitter_misc":{"Estimated reading time":"1 minute"},"schema":{"@context":"https:\/\/schema.org","@graph":[{"@type":"WebPage","@id":"https:\/\/www.investaura.co\/wordpress\/nos-services\/performance-management-solutions\/prodacapo-software-solutions\/","url":"https:\/\/www.investaura.co\/wordpress\/nos-services\/performance-management-solutions\/prodacapo-software-solutions\/","name":"Solutions logicielles Prodacapo | Investaura","isPartOf":{"@id":"https:\/\/www.investaura.co\/wordpress\/#website"},"datePublished":"2014-09-30T14:03:49+00:00","dateModified":"2018-04-17T16:06:06+00:00","breadcrumb":{"@id":"https:\/\/www.investaura.co\/wordpress\/nos-services\/performance-management-solutions\/prodacapo-software-solutions\/#breadcrumb"},"inLanguage":"en-GB","potentialAction":[{"@type":"ReadAction","target":["https:\/\/www.investaura.co\/wordpress\/nos-services\/performance-management-solutions\/prodacapo-software-solutions\/"]}]},{"@type":"BreadcrumbList","@id":"https:\/\/www.investaura.co\/wordpress\/nos-services\/performance-management-solutions\/prodacapo-software-solutions\/#breadcrumb","itemListElement":[{"@type":"ListItem","position":1,"name":"Home","item":"https:\/\/www.investaura.co\/wordpress\/"},{"@type":"ListItem","position":2,"name":"Services","item":"https:\/\/www.investaura.co\/wordpress\/nos-services\/"},{"@type":"ListItem","position":3,"name":"Pilotage de la performance","item":"https:\/\/www.investaura.co\/wordpress\/nos-services\/performance-management-solutions\/"},{"@type":"ListItem","position":4,"name":"Solutions logicielles Prodacapo"}]},{"@type":"WebSite","@id":"https:\/\/www.investaura.co\/wordpress\/#website","url":"https:\/\/www.investaura.co\/wordpress\/","name":"Investaura","description":"The Value Creation Consultants","publisher":{"@id":"https:\/\/www.investaura.co\/wordpress\/#organization"},"potentialAction":[{"@type":"SearchAction","target":{"@type":"EntryPoint","urlTemplate":"https:\/\/www.investaura.co\/wordpress\/?s={search_term_string}"},"query-input":"required name=search_term_string"}],"inLanguage":"en-GB"},{"@type":"Organization","@id":"https:\/\/www.investaura.co\/wordpress\/#organization","name":"Investaura","url":"https:\/\/www.investaura.co\/wordpress\/","logo":{"@type":"ImageObject","inLanguage":"en-GB","@id":"https:\/\/www.investaura.co\/wordpress\/#\/schema\/logo\/image\/","url":"https:\/\/i0.wp.com\/www.investaura.co\/wordpress\/wp-content\/uploads\/Logo-INVESTAURA_RGB-blau-e1450351498844.jpg?fit=256%2C90&ssl=1","contentUrl":"https:\/\/i0.wp.com\/www.investaura.co\/wordpress\/wp-content\/uploads\/Logo-INVESTAURA_RGB-blau-e1450351498844.jpg?fit=256%2C90&ssl=1","width":256,"height":90,"caption":"Investaura"},"image":{"@id":"https:\/\/www.investaura.co\/wordpress\/#\/schema\/logo\/image\/"},"sameAs":["https:\/\/www.linkedin.com\/company\/1229653"]}]}},"jetpack_shortlink":"https:\/\/wp.me\/P7ecno-1Ck","jetpack-related-posts":[{"id":5759,"url":"https:\/\/www.investaura.co\/wordpress\/nos-services\/performance-management-solutions\/","url_meta":{"origin":6220,"position":0},"title":"Pilotage de la performance","date":"September 9, 2010","format":false,"excerpt":"Investaura accompagne ses clients dans la mise en place d'applications puissantes de pilotage de la performance, tirant parti de son savoir-faire des meilleurs logiciels EPM et de son expertise dans l'industrie. L'impact pour les d\u00e9cideurs est de mieux comprendre ce qui se passe dans leur entreprise et de d\u00e9finir des\u2026","rel":"","context":"Similar post","img":{"alt_text":"","src":"https:\/\/i0.wp.com\/www.investaura.co\/wordpress\/wp-content\/uploads\/2010\/09\/shutterstock_251280265_smaller.jpg?fit=1024%2C678&ssl=1&resize=350%2C200","width":350,"height":200},"classes":[]},{"id":6225,"url":"https:\/\/www.investaura.co\/wordpress\/nos-services\/performance-management-solutions\/entreprises-associees\/","url_meta":{"origin":6220,"position":1},"title":"Nos partenaires logiciels","date":"September 9, 2010","format":false,"excerpt":"Investaura Management Consultants a s\u00e9lectionn\u00e9 3 \u00e9diteurs de logiciel qui compl\u00e8tent ses activit\u00e9s de conseil et avec lesquelles nous entretenons d'excellentes relations: Prodacapo fournit des solutions logicielles pour l'\u00e9valuation et l'am\u00e9lioration des processus et l'analyse des co\u00fbts bas\u00e9s sur les activit\u00e9s (Activity-Based Costing).\u00a0La suite Prodacapo permet des applications multiples: les\u2026","rel":"","context":"Similar post","img":{"alt_text":"","src":"https:\/\/i0.wp.com\/www.investaura.co\/wordpress\/wp-content\/uploads\/2016\/02\/shutterstock_247165378.jpg?fit=1000%2C732&ssl=1&resize=350%2C200","width":350,"height":200},"classes":[]},{"id":5703,"url":"https:\/\/www.investaura.co\/wordpress\/boite-a-solutions\/client-produit-couts-rentabilite-analyse\/","url_meta":{"origin":6220,"position":2},"title":"Analyse des co\u00fbts et de la rentabilit\u00e9 des clients &amp; produits","date":"February 1, 2018","format":false,"excerpt":"La soci\u00e9t\u00e9 Investaura a le plaisir de pr\u00e9senter son nouveau Livre Blanc sur l'analyse des co\u00fbts bas\u00e9s sur les activit\u00e9s (Activity-Based Costing), qui fournit une feuille de route d\u00e9taill\u00e9e pour une mise en \u0153uvre op\u00e9rationnelle en 5 semaines. Quantifier le co\u00fbt des produits et des services a la r\u00e9putation d'\u00eatre\u2026","rel":"","context":"Similar post","img":{"alt_text":"","src":"https:\/\/i0.wp.com\/www.investaura.co\/wordpress\/wp-content\/uploads\/2018\/02\/tracings.png?fit=1200%2C576&ssl=1&resize=350%2C200","width":350,"height":200},"classes":[]},{"id":6265,"url":"https:\/\/www.investaura.co\/wordpress\/nos-services\/fusions-et-acquisitions\/acheter-cote-ma-matiere\/","url_meta":{"origin":6220,"position":3},"title":"Buy-side: pourquoi le M&#038;A est-il important?","date":"April 4, 2017","format":false,"excerpt":"Acc\u00e9l\u00e9rez la croissance de votre entreprise Dans le monde comp\u00e9titif d'aujourd'hui, la rapidit\u00e9 d'ex\u00e9cution et le contr\u00f4le des co\u00fbts comptent parmi les facteurs de cr\u00e9ation de valeur les plus importants pour les actionnaires comme pour les clients. Un projet de croissance exog\u00e8ne via M&A peut aider votre entreprise \u00e0 gagner\u2026","rel":"","context":"Similar post","img":{"alt_text":"","src":"https:\/\/i0.wp.com\/www.investaura.co\/wordpress\/wp-content\/uploads\/shutterstock_139401482.jpg?fit=1000%2C554&ssl=1&resize=350%2C200","width":350,"height":200},"classes":[]},{"id":6271,"url":"https:\/\/www.investaura.co\/wordpress\/nos-services\/fusions-et-acquisitions\/les-vrais-defis-de-ma-projets\/","url_meta":{"origin":6220,"position":4},"title":"Les vrais d\u00e9fis des projets M &amp; A","date":"March 24, 2015","format":false,"excerpt":"En nous fondant sur notre exp\u00e9rience de longue date dans le domaine des fusions et acquisitions, nous croyons que les v\u00e9ritables d\u00e9fis des missions de fusion et d'acquisition sont les suivants: Trouver la cible qui vous convient le mieux: La clart\u00e9 et la pr\u00e9cision du positionnement strat\u00e9gique de l'acheteur, ainsi\u2026","rel":"","context":"Similar post","img":{"alt_text":"","src":"","width":0,"height":0},"classes":[]},{"id":6307,"url":"https:\/\/www.investaura.co\/wordpress\/nos-services\/conseil\/la-gestion-du-rendement\/","url_meta":{"origin":6220,"position":5},"title":"Gestion de la performance","date":"September 9, 2010","format":false,"excerpt":"Investaura d\u00e9veloppe des applications professionnelles sophistiqu\u00e9es pour ses clients, en s'appuyant sur les meilleures plateformes logicielles du march\u00e9 et sur son expertise approfondie de l'industrie des TIC. L'impact pour les clients est de mieux comprendre ce qui se passe dans leur entreprise - Business Intelligence - et de prendre des\u2026","rel":"","context":"Similar post","img":{"alt_text":"","src":"https:\/\/i0.wp.com\/www.investaura.co\/wordpress\/wp-content\/uploads\/2016\/02\/shutterstock_282394148_smaller.jpg?fit=1024%2C683&ssl=1&resize=350%2C200","width":350,"height":200},"classes":[]}],"jetpack_sharing_enabled":true,"_links":{"self":[{"href":"https:\/\/www.investaura.co\/wordpress\/wp-json\/wp\/v2\/pages\/6220"}],"collection":[{"href":"https:\/\/www.investaura.co\/wordpress\/wp-json\/wp\/v2\/pages"}],"about":[{"href":"https:\/\/www.investaura.co\/wordpress\/wp-json\/wp\/v2\/types\/page"}],"author":[{"embeddable":true,"href":"https:\/\/www.investaura.co\/wordpress\/wp-json\/wp\/v2\/users\/1"}],"replies":[{"embeddable":true,"href":"https:\/\/www.investaura.co\/wordpress\/wp-json\/wp\/v2\/comments?post=6220"}],"version-history":[{"count":9,"href":"https:\/\/www.investaura.co\/wordpress\/wp-json\/wp\/v2\/pages\/6220\/revisions"}],"predecessor-version":[{"id":6417,"href":"https:\/\/www.investaura.co\/wordpress\/wp-json\/wp\/v2\/pages\/6220\/revisions\/6417"}],"up":[{"embeddable":true,"href":"https:\/\/www.investaura.co\/wordpress\/wp-json\/wp\/v2\/pages\/5759"}],"wp:featuredmedia":[{"embeddable":true,"href":"https:\/\/www.investaura.co\/wordpress\/wp-json\/wp\/v2\/media\/4337"}],"wp:attachment":[{"href":"https:\/\/www.investaura.co\/wordpress\/wp-json\/wp\/v2\/media?parent=6220"}],"curies":[{"name":"wp","href":"https:\/\/api.w.org\/{rel}","templated":true}]}}