{"id":6219,"date":"2011-02-11T16:49:11","date_gmt":"2011-02-11T14:49:11","guid":{"rendered":"http:\/\/www.invest-aura.com\/"},"modified":"2018-05-02T11:08:59","modified_gmt":"2018-05-02T09:08:59","slug":"adaptive-planing","status":"publish","type":"page","link":"https:\/\/www.investaura.co\/wordpress\/dienstleistungen\/performance-management-losungen\/adaptive-planing\/","title":{"rendered":"Adaptive Insights Enterprise Performance Management"},"content":{"rendered":"<p>Verwenden Sie Microsoft Excel noch immer f\u00fcr Budgetierung, Unternehmensplanung oder Performance Management? Microsoft Excel war vor 10-15 Jahren gut geeignet f\u00fcr solche Aufgaben, aber Excel hat auch seine Grenzen, und Sie haben wahrscheinlich schon viele von diesen selber erfahren. Insbesondere ist Excel keine Datenbank!<\/p>\n<p>Heute sind auf dem Markt sehr leistungsf\u00e4hige, benutzerfreundliche und erschwingliche L\u00f6sungen erh\u00e4ltlich, die Sie von anderen abheben und die Leistung Ihres Unternehmens wirklich verbessern k\u00f6nnen. Wenn Sie ein Finanzplanungsmanager in einem mittelst\u00e4ndischen oder gro\u00dfen Unternehmen sind und immer noch Excel f\u00fcr die Budgetierung und Prognose verwenden, haben Sie einiges zu tun. Und wahrscheinlich wissen Sie das.<\/p>\n<p style=\"text-align: center;\"><iframe loading=\"lazy\" src=\"https:\/\/www.youtube.com\/embed\/4hpSNgh5V7Y\" width=\"560\" height=\"315\" frameborder=\"0\" allowfullscreen=\"allowfullscreen\"><\/iframe><\/p>\n<p>Investaura-Berater verwenden Adaptive Planning, die Budgeting-, Forecasting- und Reporting-Software von Adaptive Insights Inc , dem weltweit f\u00fchrenden Anbieter von Enterprise-Performance-Management-L\u00f6sungen (EPM) f\u00fcr Unternehmen aller Gr\u00f6\u00dfen, einschlie\u00dflich Telekommunikationsbetreiber.<\/p>\n<p><img decoding=\"async\" loading=\"lazy\" class=\"aligncenter\" title=\"Gesch\u00e4ftsplanung und Budgetierung\" src=\"https:\/\/i0.wp.com\/www.invest-aura.com\/wordpress\/wp-content\/uploads\/2011\/08\/Application.png?resize=620%2C417\" alt=\"\" width=\"620\" height=\"417\" data-recalc-dims=\"1\" \/>Mit Adaptive Planning hat Investaura ein telekommunikationsspezifisches Budgeting-System entwickelt, das auch als Business-Plan-L\u00f6sung f\u00fcr 5-10 Jahre genutzt werden kann. \u00a0Dieses System kann einfach und schnell an individuelle Telekommunikationsbetreiber angepasst werden.<\/p>\n<p>Z\u00f6gern Sie nicht, uns f\u00fcr weitere Informationen zu kontaktieren.<\/p>\n<p>Mehr Details:<\/p>\n<ul>\n<li><a href=\"http:\/\/www.investaura.co\/losungen\/budgetierung-und-prognose\/\">Budgetierung, Gesch\u00e4ftsplanung und Servicekostenrechnung in einer Box: die erste benutzerfreundliche L\u00f6sung in einer Post-Excel-Welt<\/a><\/li>\n<\/ul>\n","protected":false},"excerpt":{"rendered":"<p>Verwenden Sie Microsoft Excel noch immer f\u00fcr Budgetierung, Unternehmensplanung oder Performance Management? Microsoft Excel war vor 10-15 Jahren gut geeignet f\u00fcr solche Aufgaben, aber Excel hat auch seine Grenzen, und Sie haben wahrscheinlich schon viele von diesen selber erfahren. Insbesondere&#8230; <\/p>\n<div class=\"more-link-container\"><a class=\"more-link\" href=\"https:\/\/www.investaura.co\/wordpress\/dienstleistungen\/performance-management-losungen\/adaptive-planing\/\">Read More<\/a><\/div>\n","protected":false},"author":1,"featured_media":4337,"parent":5760,"menu_order":2,"comment_status":"closed","ping_status":"closed","template":"","meta":{"jetpack_post_was_ever_published":false},"yoast_head":"<!-- This site is optimized with the Yoast SEO plugin v20.4 - https:\/\/yoast.com\/wordpress\/plugins\/seo\/ -->\n<title>Adaptive Insights Enterprise Performance Management | Investaura<\/title>\n<meta name=\"robots\" content=\"index, follow, max-snippet:-1, max-image-preview:large, max-video-preview:-1\" \/>\n<link rel=\"canonical\" href=\"https:\/\/www.investaura.co\/wordpress\/dienstleistungen\/performance-management-losungen\/adaptive-planing\/\" \/>\n<meta property=\"og:locale\" content=\"en_GB\" \/>\n<meta property=\"og:type\" content=\"article\" \/>\n<meta property=\"og:title\" content=\"Adaptive Insights Enterprise Performance Management | Investaura\" \/>\n<meta property=\"og:description\" content=\"Verwenden Sie Microsoft Excel noch immer f\u00fcr Budgetierung, Unternehmensplanung oder Performance Management? Microsoft Excel war vor 10-15 Jahren gut geeignet f\u00fcr solche Aufgaben, aber Excel hat auch seine Grenzen, und Sie haben wahrscheinlich schon viele von diesen selber erfahren. Insbesondere... Read More\" \/>\n<meta property=\"og:url\" content=\"https:\/\/www.investaura.co\/wordpress\/dienstleistungen\/performance-management-losungen\/adaptive-planing\/\" \/>\n<meta property=\"og:site_name\" content=\"Investaura\" \/>\n<meta property=\"article:modified_time\" content=\"2018-05-02T09:08:59+00:00\" \/>\n<meta property=\"og:image\" content=\"https:\/\/i0.wp.com\/www.investaura.co\/wordpress\/wp-content\/uploads\/2016\/02\/shutterstock_247165378.jpg?fit=1000%2C732&ssl=1\" \/>\n\t<meta property=\"og:image:width\" content=\"1000\" \/>\n\t<meta property=\"og:image:height\" content=\"732\" \/>\n\t<meta property=\"og:image:type\" content=\"image\/jpeg\" \/>\n<meta name=\"twitter:card\" content=\"summary_large_image\" \/>\n<meta name=\"twitter:label1\" content=\"Estimated reading time\" \/>\n\t<meta name=\"twitter:data1\" content=\"1 minute\" \/>\n<script type=\"application\/ld+json\" class=\"yoast-schema-graph\">{\"@context\":\"https:\/\/schema.org\",\"@graph\":[{\"@type\":\"WebPage\",\"@id\":\"https:\/\/www.investaura.co\/wordpress\/dienstleistungen\/performance-management-losungen\/adaptive-planing\/\",\"url\":\"https:\/\/www.investaura.co\/wordpress\/dienstleistungen\/performance-management-losungen\/adaptive-planing\/\",\"name\":\"Adaptive Insights Enterprise Performance Management | Investaura\",\"isPartOf\":{\"@id\":\"https:\/\/www.investaura.co\/wordpress\/#website\"},\"datePublished\":\"2011-02-11T14:49:11+00:00\",\"dateModified\":\"2018-05-02T09:08:59+00:00\",\"breadcrumb\":{\"@id\":\"https:\/\/www.investaura.co\/wordpress\/dienstleistungen\/performance-management-losungen\/adaptive-planing\/#breadcrumb\"},\"inLanguage\":\"en-GB\",\"potentialAction\":[{\"@type\":\"ReadAction\",\"target\":[\"https:\/\/www.investaura.co\/wordpress\/dienstleistungen\/performance-management-losungen\/adaptive-planing\/\"]}]},{\"@type\":\"BreadcrumbList\",\"@id\":\"https:\/\/www.investaura.co\/wordpress\/dienstleistungen\/performance-management-losungen\/adaptive-planing\/#breadcrumb\",\"itemListElement\":[{\"@type\":\"ListItem\",\"position\":1,\"name\":\"Home\",\"item\":\"https:\/\/www.investaura.co\/wordpress\/\"},{\"@type\":\"ListItem\",\"position\":2,\"name\":\"Leistungen\",\"item\":\"https:\/\/www.investaura.co\/wordpress\/dienstleistungen\/\"},{\"@type\":\"ListItem\",\"position\":3,\"name\":\"Performance-Management\",\"item\":\"https:\/\/www.investaura.co\/wordpress\/dienstleistungen\/performance-management-losungen\/\"},{\"@type\":\"ListItem\",\"position\":4,\"name\":\"Adaptive Insights Enterprise Performance Management\"}]},{\"@type\":\"WebSite\",\"@id\":\"https:\/\/www.investaura.co\/wordpress\/#website\",\"url\":\"https:\/\/www.investaura.co\/wordpress\/\",\"name\":\"Investaura\",\"description\":\"The Value Creation Consultants\",\"publisher\":{\"@id\":\"https:\/\/www.investaura.co\/wordpress\/#organization\"},\"potentialAction\":[{\"@type\":\"SearchAction\",\"target\":{\"@type\":\"EntryPoint\",\"urlTemplate\":\"https:\/\/www.investaura.co\/wordpress\/?s={search_term_string}\"},\"query-input\":\"required name=search_term_string\"}],\"inLanguage\":\"en-GB\"},{\"@type\":\"Organization\",\"@id\":\"https:\/\/www.investaura.co\/wordpress\/#organization\",\"name\":\"Investaura\",\"url\":\"https:\/\/www.investaura.co\/wordpress\/\",\"logo\":{\"@type\":\"ImageObject\",\"inLanguage\":\"en-GB\",\"@id\":\"https:\/\/www.investaura.co\/wordpress\/#\/schema\/logo\/image\/\",\"url\":\"https:\/\/i0.wp.com\/www.investaura.co\/wordpress\/wp-content\/uploads\/Logo-INVESTAURA_RGB-blau-e1450351498844.jpg?fit=256%2C90&ssl=1\",\"contentUrl\":\"https:\/\/i0.wp.com\/www.investaura.co\/wordpress\/wp-content\/uploads\/Logo-INVESTAURA_RGB-blau-e1450351498844.jpg?fit=256%2C90&ssl=1\",\"width\":256,\"height\":90,\"caption\":\"Investaura\"},\"image\":{\"@id\":\"https:\/\/www.investaura.co\/wordpress\/#\/schema\/logo\/image\/\"},\"sameAs\":[\"https:\/\/www.linkedin.com\/company\/1229653\"]}]}<\/script>\n<!-- \/ Yoast SEO plugin. -->","yoast_head_json":{"title":"Adaptive Insights Enterprise Performance Management | Investaura","robots":{"index":"index","follow":"follow","max-snippet":"max-snippet:-1","max-image-preview":"max-image-preview:large","max-video-preview":"max-video-preview:-1"},"canonical":"https:\/\/www.investaura.co\/wordpress\/dienstleistungen\/performance-management-losungen\/adaptive-planing\/","og_locale":"en_GB","og_type":"article","og_title":"Adaptive Insights Enterprise Performance Management | Investaura","og_description":"Verwenden Sie Microsoft Excel noch immer f\u00fcr Budgetierung, Unternehmensplanung oder Performance Management? Microsoft Excel war vor 10-15 Jahren gut geeignet f\u00fcr solche Aufgaben, aber Excel hat auch seine Grenzen, und Sie haben wahrscheinlich schon viele von diesen selber erfahren. Insbesondere... Read More","og_url":"https:\/\/www.investaura.co\/wordpress\/dienstleistungen\/performance-management-losungen\/adaptive-planing\/","og_site_name":"Investaura","article_modified_time":"2018-05-02T09:08:59+00:00","og_image":[{"width":1000,"height":732,"url":"https:\/\/i0.wp.com\/www.investaura.co\/wordpress\/wp-content\/uploads\/2016\/02\/shutterstock_247165378.jpg?fit=1000%2C732&ssl=1","type":"image\/jpeg"}],"twitter_card":"summary_large_image","twitter_misc":{"Estimated reading time":"1 minute"},"schema":{"@context":"https:\/\/schema.org","@graph":[{"@type":"WebPage","@id":"https:\/\/www.investaura.co\/wordpress\/dienstleistungen\/performance-management-losungen\/adaptive-planing\/","url":"https:\/\/www.investaura.co\/wordpress\/dienstleistungen\/performance-management-losungen\/adaptive-planing\/","name":"Adaptive Insights Enterprise Performance Management | Investaura","isPartOf":{"@id":"https:\/\/www.investaura.co\/wordpress\/#website"},"datePublished":"2011-02-11T14:49:11+00:00","dateModified":"2018-05-02T09:08:59+00:00","breadcrumb":{"@id":"https:\/\/www.investaura.co\/wordpress\/dienstleistungen\/performance-management-losungen\/adaptive-planing\/#breadcrumb"},"inLanguage":"en-GB","potentialAction":[{"@type":"ReadAction","target":["https:\/\/www.investaura.co\/wordpress\/dienstleistungen\/performance-management-losungen\/adaptive-planing\/"]}]},{"@type":"BreadcrumbList","@id":"https:\/\/www.investaura.co\/wordpress\/dienstleistungen\/performance-management-losungen\/adaptive-planing\/#breadcrumb","itemListElement":[{"@type":"ListItem","position":1,"name":"Home","item":"https:\/\/www.investaura.co\/wordpress\/"},{"@type":"ListItem","position":2,"name":"Leistungen","item":"https:\/\/www.investaura.co\/wordpress\/dienstleistungen\/"},{"@type":"ListItem","position":3,"name":"Performance-Management","item":"https:\/\/www.investaura.co\/wordpress\/dienstleistungen\/performance-management-losungen\/"},{"@type":"ListItem","position":4,"name":"Adaptive Insights Enterprise Performance Management"}]},{"@type":"WebSite","@id":"https:\/\/www.investaura.co\/wordpress\/#website","url":"https:\/\/www.investaura.co\/wordpress\/","name":"Investaura","description":"The Value Creation Consultants","publisher":{"@id":"https:\/\/www.investaura.co\/wordpress\/#organization"},"potentialAction":[{"@type":"SearchAction","target":{"@type":"EntryPoint","urlTemplate":"https:\/\/www.investaura.co\/wordpress\/?s={search_term_string}"},"query-input":"required name=search_term_string"}],"inLanguage":"en-GB"},{"@type":"Organization","@id":"https:\/\/www.investaura.co\/wordpress\/#organization","name":"Investaura","url":"https:\/\/www.investaura.co\/wordpress\/","logo":{"@type":"ImageObject","inLanguage":"en-GB","@id":"https:\/\/www.investaura.co\/wordpress\/#\/schema\/logo\/image\/","url":"https:\/\/i0.wp.com\/www.investaura.co\/wordpress\/wp-content\/uploads\/Logo-INVESTAURA_RGB-blau-e1450351498844.jpg?fit=256%2C90&ssl=1","contentUrl":"https:\/\/i0.wp.com\/www.investaura.co\/wordpress\/wp-content\/uploads\/Logo-INVESTAURA_RGB-blau-e1450351498844.jpg?fit=256%2C90&ssl=1","width":256,"height":90,"caption":"Investaura"},"image":{"@id":"https:\/\/www.investaura.co\/wordpress\/#\/schema\/logo\/image\/"},"sameAs":["https:\/\/www.linkedin.com\/company\/1229653"]}]}},"jetpack_shortlink":"https:\/\/wp.me\/P7ecno-1Cj","jetpack-related-posts":[{"id":5708,"url":"https:\/\/www.investaura.co\/wordpress\/losungen\/budgetierung-und-prognose\/","url_meta":{"origin":6219,"position":0},"title":"Budgetierung, Planung und Prognose","date":"March 2, 2016","format":false,"excerpt":"Investaura hat vor kurzem ein umfangreiches Budgetierungs-, Gesch\u00e4ftsplanungs- und Kostenprojekt f\u00fcr einen Telekommunikationsdienstleister abgeschlossen. Der Service Provider hatte einige Jahre lang mit Excel-Tools zu k\u00e4mpfen, die niemand wirklich verstanden hatte und die dem Board inkonsistente Ergebnisse brachten. Schlimmer noch, jede Budgetrunde wurde vom Top-Management-Team als schreckliche Erfahrung in Erinnerung gerufen,\u2026","rel":"","context":"Similar post","img":{"alt_text":"","src":"https:\/\/i0.wp.com\/www.investaura.co\/wordpress\/wp-content\/uploads\/2016\/03\/130614_Architecture.png?fit=1075%2C689&ssl=1&resize=350%2C200","width":350,"height":200},"classes":[]},{"id":6308,"url":"https:\/\/www.investaura.co\/wordpress\/dienstleistungen\/beratung\/leistungsmanagement\/","url_meta":{"origin":6219,"position":1},"title":"Performance Management","date":"September 9, 2010","format":false,"excerpt":"Investaura entwickelt leistungsstarke Gesch\u00e4ftsanwendungen f\u00fcr seine Kunden und nutzt dabei sein Know-how f\u00fcr erstklassige Softwareplattformen und seine umfassende ICT-Branchenexpertise. Der Einfluss f\u00fcr die Kunden besteht darin, besser zu verstehen, was in ihrem Gesch\u00e4ft passiert - Business Intelligence - und Ma\u00dfnahmen zu ergreifen, um die Leistung zu verbessern - Performance Management.\u2026","rel":"","context":"Similar post","img":{"alt_text":"","src":"https:\/\/i0.wp.com\/www.investaura.co\/wordpress\/wp-content\/uploads\/2016\/02\/shutterstock_282394148_smaller.jpg?fit=1024%2C683&ssl=1&resize=350%2C200","width":350,"height":200},"classes":[]},{"id":6759,"url":"https:\/\/www.investaura.co\/wordpress\/dienstleistungen\/geschaeftsplanung\/","url_meta":{"origin":6219,"position":2},"title":"Gesch\u00e4ftsplanung","date":"January 31, 2019","format":false,"excerpt":"Eine gro\u00dfe Anzahl von Managern ist an der Erstellung von Gesch\u00e4ftspl\u00e4nen beteiligt, sei es in einem Start-up, einem ausgereiften Unternehmen oder im Rahmen von M&A. Leider sind die Ergebnisse nicht immer \u00fcberzeugend. Investaura hat eine immense Erfahrung im Bereich der Finanzplanung. Gesch\u00e4ftsplanung ist eine ganzheitliche Aktivit\u00e4t, die nicht nur ein\u2026","rel":"","context":"Similar post","img":{"alt_text":"","src":"https:\/\/i0.wp.com\/www.investaura.co\/wordpress\/wp-content\/uploads\/2010\/09\/shutterstock_251280265_smaller.jpg?fit=1024%2C678&ssl=1&resize=350%2C200","width":350,"height":200},"classes":[]},{"id":5760,"url":"https:\/\/www.investaura.co\/wordpress\/dienstleistungen\/performance-management-losungen\/","url_meta":{"origin":6219,"position":3},"title":"Performance-Management","date":"September 9, 2010","format":false,"excerpt":"Investaura bietet seinen Kunden leistungsf\u00e4hige Gesch\u00e4ftsanwendungen und nutzt dabei das Know-how der besten Softwareplattformen und die umfassende Expertise der Tech-Branche. Die Auswirkungen f\u00fcr die Kunden bestehen darin, besser zu verstehen, was in ihrem Gesch\u00e4ft vor sich geht, und Ma\u00dfnahmen zu ergreifen, um ihre Leistung zu verbessern. Zus\u00e4tzlich zu den Excel-basierten\u2026","rel":"","context":"Similar post","img":{"alt_text":"","src":"https:\/\/i0.wp.com\/www.investaura.co\/wordpress\/wp-content\/uploads\/2010\/09\/shutterstock_251280265_smaller.jpg?fit=1024%2C678&ssl=1&resize=350%2C200","width":350,"height":200},"classes":[]},{"id":5700,"url":"https:\/\/www.investaura.co\/wordpress\/losungen\/business-planning-bewertung\/","url_meta":{"origin":6219,"position":4},"title":"Business Plan und Unternehmensbewertung","date":"March 2, 2016","format":false,"excerpt":"Eine gro\u00dfe Anzahl von Managern arbeitet weltweit an der Erstellung von Gesch\u00e4ftspl\u00e4nen, sei es in einem Start-up-Unternehmen, im reifen Unternehmen oder im M&A-Kontext. Leider sind die Ergebnisse nicht immer \u00fcberzeugend oder korrekt! Gesch\u00e4ftsplanung ist eine ganzheitliche Aktivit\u00e4t, die nicht nur ein starkes Verst\u00e4ndnis des Unternehmens erfordert, sondern auch eine klare\u2026","rel":"","context":"Similar post","img":{"alt_text":"","src":"https:\/\/i0.wp.com\/www.investaura.co\/wordpress\/wp-content\/uploads\/2024\/07\/Business_Planning3.jpg?fit=1024%2C769&ssl=1&resize=350%2C200","width":350,"height":200},"classes":[]},{"id":6306,"url":"https:\/\/www.investaura.co\/wordpress\/dienstleistungen\/beratung\/unternehmensfinanzierung\/","url_meta":{"origin":6219,"position":5},"title":"Corporate Finance","date":"March 26, 2015","format":false,"excerpt":"Wir decken das gesamte Spektrum von Corporate Finance-Themen ab, die f\u00fcr Anbieter von Telekommunikationsdiensten, Lieferanten, Infrastrukturmanagement und IT-Unternehmen relevant sind, darunter: Bewertung Im Finanzbereich wird der Erfolg gew\u00f6hnlich nach dem Wert beurteilt. Eine gute Investitionsentscheidung ist der Kauf eines realen Verm\u00f6genswerts, der mehr wert ist als seine Kosten. Unternehmensbewertung (DCF,\u2026","rel":"","context":"Similar post","img":{"alt_text":"","src":"https:\/\/i0.wp.com\/www.investaura.co\/wordpress\/wp-content\/uploads\/2016\/02\/shutterstock_282394148_smaller.jpg?fit=1024%2C683&ssl=1&resize=350%2C200","width":350,"height":200},"classes":[]}],"jetpack_sharing_enabled":true,"_links":{"self":[{"href":"https:\/\/www.investaura.co\/wordpress\/wp-json\/wp\/v2\/pages\/6219"}],"collection":[{"href":"https:\/\/www.investaura.co\/wordpress\/wp-json\/wp\/v2\/pages"}],"about":[{"href":"https:\/\/www.investaura.co\/wordpress\/wp-json\/wp\/v2\/types\/page"}],"author":[{"embeddable":true,"href":"https:\/\/www.investaura.co\/wordpress\/wp-json\/wp\/v2\/users\/1"}],"replies":[{"embeddable":true,"href":"https:\/\/www.investaura.co\/wordpress\/wp-json\/wp\/v2\/comments?post=6219"}],"version-history":[{"count":5,"href":"https:\/\/www.investaura.co\/wordpress\/wp-json\/wp\/v2\/pages\/6219\/revisions"}],"predecessor-version":[{"id":6529,"href":"https:\/\/www.investaura.co\/wordpress\/wp-json\/wp\/v2\/pages\/6219\/revisions\/6529"}],"up":[{"embeddable":true,"href":"https:\/\/www.investaura.co\/wordpress\/wp-json\/wp\/v2\/pages\/5760"}],"wp:featuredmedia":[{"embeddable":true,"href":"https:\/\/www.investaura.co\/wordpress\/wp-json\/wp\/v2\/media\/4337"}],"wp:attachment":[{"href":"https:\/\/www.investaura.co\/wordpress\/wp-json\/wp\/v2\/media?parent=6219"}],"curies":[{"name":"wp","href":"https:\/\/api.w.org\/{rel}","templated":true}]}}