{"id":5708,"date":"2016-03-02T13:44:01","date_gmt":"2016-03-02T11:44:01","guid":{"rendered":"http:\/\/www.invest-aura.com\/?page_id=4541"},"modified":"2018-04-11T12:11:44","modified_gmt":"2018-04-11T10:11:44","slug":"budgetierung-und-prognose","status":"publish","type":"page","link":"https:\/\/www.investaura.co\/wordpress\/losungen\/budgetierung-und-prognose\/","title":{"rendered":"Budgetierung, Planung und Prognose"},"content":{"rendered":"<p>Investaura hat vor kurzem ein umfangreiches Budgetierungs-, Gesch\u00e4ftsplanungs- und Kostenprojekt f\u00fcr einen Telekommunikationsdienstleister abgeschlossen. Der Service Provider hatte einige Jahre lang mit Excel-Tools zu k\u00e4mpfen, die niemand wirklich verstanden hatte und die dem Board inkonsistente Ergebnisse brachten.<\/p>\n<p><!--more--><\/p>\n<p>Schlimmer noch, jede Budgetrunde wurde vom Top-Management-Team als schreckliche Erfahrung in Erinnerung gerufen, mit vielen schlaflosen N\u00e4chten und massiver Frustration. Kommt Ihnen bekannt vor?<\/p>\n<div id=\"metaslider-id-5623\" style=\"max-width: 1450px; margin: 0 auto;\" class=\"ml-slider-3-90-0 metaslider metaslider-nivo metaslider-5623 ml-slider ms-theme-default\" role=\"region\" aria-roledescription=\"Slideshow\" aria-label=\"Adaptive\">\n    <div id=\"metaslider_container_5623\">\n        <div class='slider-wrapper theme-default'><div class='ribbon'><\/div><div id='metaslider_5623' class='nivoSlider'><a href=\"https:\/\/i0.wp.com\/www.investaura.co\/wordpress\/wp-content\/uploads\/2018\/02\/AP_PIC.png\" target=\"_self\"><img src=\"https:\/\/i0.wp.com\/www.investaura.co\/wordpress\/wp-content\/uploads\/2018\/02\/AP_PIC.png?resize=720%2C472&#038;ssl=1\" height=\"472\" width=\"720\" data-caption=\"Easy to use, Excel look and feel\" alt=\"\" class=\"slider-5623 slide-5622\" data-recalc-dims=\"1\" \/><\/a><a href=\"https:\/\/i0.wp.com\/www.invest-aura.com\/wordpress\/wp-content\/uploads\/2018\/05\/Adaptive_Dashboards.png\" target=\"_self\"><img src=\"https:\/\/i0.wp.com\/www.investaura.co\/wordpress\/wp-content\/uploads\/2018\/05\/Adaptive_Dashboards.png?resize=720%2C472&#038;ssl=1\" height=\"472\" width=\"720\" data-caption=\"Beautiful Dashboards\" title=\"Adaptive_Dashboards\" alt=\"\" class=\"slider-5623 slide-6572\" data-recalc-dims=\"1\" \/><\/a><a href=\"https:\/\/i0.wp.com\/www.invest-aura.com\/wordpress\/wp-content\/uploads\/2018\/05\/Sales_Capex_Opex_Planning2.png\" target=\"_self\"><img src=\"https:\/\/i0.wp.com\/www.investaura.co\/wordpress\/wp-content\/uploads\/2018\/05\/Sales_Capex_Opex_Planning2.png?resize=720%2C472&#038;ssl=1\" height=\"472\" width=\"720\" data-caption=\"Powerful planning and forecasting of Sales, CAPEX and OPEX\" title=\"Sales_Capex_Opex_Planning2\" alt=\"\" class=\"slider-5623 slide-6568\" data-recalc-dims=\"1\" \/><\/a><a href=\"https:\/\/i0.wp.com\/www.invest-aura.com\/wordpress\/wp-content\/uploads\/2018\/05\/Telecom_Planning_Sheets_Overview.png\" target=\"_self\"><img src=\"https:\/\/i0.wp.com\/www.investaura.co\/wordpress\/wp-content\/uploads\/2018\/05\/Telecom_Planning_Sheets_Overview.png?resize=720%2C472&#038;ssl=1\" height=\"472\" width=\"720\" data-caption=\"Extensively documented sheets\" title=\"Telecom_Planning_Sheets_Overview\" alt=\"\" class=\"slider-5623 slide-6570\" data-recalc-dims=\"1\" \/><\/a><a href=\"https:\/\/i0.wp.com\/www.investaura.co\/wordpress\/wp-content\/uploads\/2018\/02\/180216_Adaptive_Model.png\" target=\"_self\"><img src=\"https:\/\/i0.wp.com\/www.investaura.co\/wordpress\/wp-content\/uploads\/2018\/02\/180216_Adaptive_Model.png?resize=720%2C472&#038;ssl=1\" height=\"472\" width=\"720\" data-caption=\"Ideal for all types of models, small and large\" alt=\"\" class=\"slider-5623 slide-5626\" data-recalc-dims=\"1\" \/><\/a><\/div><\/div>\n        \n    <\/div>\n<\/div>\n<p>&nbsp;<\/p>\n<p>Die L\u00f6sung von Investaura basiert auf der Softwareplattform von <a href=\"http:\/\/www.adaptiveinsights.com\" target=\"_blank\">Adaptive Insights<\/a>, einer Firma aus dem Silicon Valley. Adaptive Insights ist der weltweit f\u00fchrende Anbieter von On-Demand-L\u00f6sungen f\u00fcr das Corporate Performance Management (CPM) f\u00fcr Unternehmen jeder Gr\u00f6\u00dfe mit mehr als 3.800 Kunden und 200.000 Nutzern weltweit. Die Adaptive Planning-L\u00f6sung wurde von Anfang an f\u00fcr Gesch\u00e4ftsbenutzer und nicht f\u00fcr IT-Benutzer entwickelt.<\/p>\n<p>Das System, das Investaura f\u00fcr seinen Kunden entwickelt hat, ist sehr umfassend und leistungsstark. Seine Hauptmerkmale umfassen:<\/p>\n<ul>\n<li>Drei Anwendungen in einem integriert: Budgetierung (kurzfristige Sicht), Activity Based Costing (Zuordnung von historischen und laufenden Kosten sowie Kostenprognosen) und Business Planung (Langzeitansicht);<\/li>\n<li>Volle \u00dcbereinstimmung zwischen den drei Anwendungen: gleiche Datenquelle, gleiche Prognoselogik, konsistente Ergebnisse;<\/li>\n<li>Aktivit\u00e4tsbasiertes Kalkulationsmodul: Berechnung der Kosten und Gewinnmargen einzelner Services (Sprache, Messaging, VAS, mobiles Breitband) und Produkte (Prepaid-Produkte, Postpaid-Produkte);<\/li>\n<li>Varianzanalyse (Ist-Wert-Prognose), Performance-Dashboards und Berichte, die von den Benutzern ohne IT-Mitarbeitereinsatz erstellt werden k\u00f6nnen;<\/li>\n<li>Integration und Automatisierung der Datenextraktion aus dem ERP und Data Warehouse, so dass Finanz- und Kundendaten auf Knopfdruck in das Budgeting &amp; Costing System importiert werden k\u00f6nnen;<\/li>\n<li>Multi-User-F\u00e4higkeit, F\u00f6rderung der Zusammenarbeit innerhalb der Service-Provider-Organisation;<\/li>\n<li>Workflow-Funktionalit\u00e4t, die die Verwaltung des gesamten Budgetierungsprozesses erleichtert;<\/li>\n<li>Versionsverwaltung, einschlie\u00dflich Verwaltung von Zugriffsrechten und Versionssperre;<\/li>\n<li>Und am wichtigsten: einfach zu bedienen.<\/li>\n<\/ul>\n<p>Ein \u00dcberblick \u00fcber die Architektur der L\u00f6sung ist in dem folgenden Exponat gegeben.<\/p>\n<p style=\"text-align: center;\"><img data-attachment-id=\"1665\" data-permalink=\"https:\/\/www.investaura.co\/wordpress\/2013\/07\/budgeting-planning-costing-the-first-easy-to-use-solution-in-a-post-excel-world\/130614_architecture\/\" data-orig-file=\"https:\/\/i0.wp.com\/www.investaura.co\/wordpress\/wp-content\/uploads\/2013\/07\/130614_Architecture-e1521735062652.png?fit=1024%2C656&amp;ssl=1\" data-orig-size=\"1024,656\" data-comments-opened=\"1\" data-image-meta=\"{&quot;aperture&quot;:&quot;0&quot;,&quot;credit&quot;:&quot;&quot;,&quot;camera&quot;:&quot;&quot;,&quot;caption&quot;:&quot;&quot;,&quot;created_timestamp&quot;:&quot;0&quot;,&quot;copyright&quot;:&quot;&quot;,&quot;focal_length&quot;:&quot;0&quot;,&quot;iso&quot;:&quot;0&quot;,&quot;shutter_speed&quot;:&quot;0&quot;,&quot;title&quot;:&quot;&quot;}\" data-image-title=\"130614_Architecture\" data-image-description=\"\" data-image-caption=\"\" data-medium-file=\"https:\/\/i0.wp.com\/www.investaura.co\/wordpress\/wp-content\/uploads\/2013\/07\/130614_Architecture-e1521735062652.png?fit=300%2C192&amp;ssl=1\" data-large-file=\"https:\/\/i0.wp.com\/www.investaura.co\/wordpress\/wp-content\/uploads\/2013\/07\/130614_Architecture-e1521735062652.png?fit=720%2C461&amp;ssl=1\" decoding=\"async\" loading=\"lazy\" class=\"aligncenter size-large wp-image-1665\" title=\"BudgetingArchitecture\" src=\"https:\/\/i0.wp.com\/www.invest-aura.com\/wordpress\/wp-content\/uploads\/2013\/07\/130614_Architecture-1024x656.png?resize=640%2C410\" alt=\"\" width=\"640\" height=\"410\" data-recalc-dims=\"1\" \/><\/p>\n<p>Das neue Budgeting &amp; Costing-System wird dem Telekommunikationsdienstleister einen gro\u00dfen Mehrwert bieten:<\/p>\n<ul>\n<li>Verbesserte Zusammenarbeit: das Planungs- und Kostensystem f\u00fcr ein breites Publikum von Schl\u00fcsselpersonen (Managern, Direktoren, VPs) leicht verf\u00fcgbar machen, ihnen eine End-to-End-Sicht auf das Gesch\u00e4ft geben und das gegenseitige Verst\u00e4ndnis zwischen den Abteilungen erleichtern;<\/li>\n<li>Erh\u00f6hung der Effizienz des Budgetierungs &#8211; und Planungsteams mit weniger Zeitaufwand f\u00fcr das Reparieren von Formeln und Excel und mehr Zeitaufwand f\u00fcr die Wertsch\u00f6pfung der Organisation;<\/li>\n<li>Deutlicher R\u00fcckgang des Beratungsbedarfs in der Zukunft, wodurch jedes Jahr Hunderttausende von Euros f\u00fcr die Erstellung des Jahresbudgets und des langfristigen Plans eingespart werden;<\/li>\n<li>Besseres Performance-Management: Umfassende Kommunikation der aktuellen Performance \u00fcber Berichte und Dashboards, sodass wichtige Personen jederzeit wissen, wie das Unternehmen gegen das Budget arbeitet.<\/li>\n<\/ul>\n<p>Weitere Vorteile sind in der folgenden Ausstellung hervorgehoben.<\/p>\n<p style=\"text-align: center;\"><img data-attachment-id=\"1669\" data-permalink=\"https:\/\/www.investaura.co\/wordpress\/2013\/07\/budgeting-planning-costing-the-first-easy-to-use-solution-in-a-post-excel-world\/130705_impact\/\" data-orig-file=\"https:\/\/i0.wp.com\/www.investaura.co\/wordpress\/wp-content\/uploads\/2013\/07\/130705_impact.png?fit=1115%2C617&amp;ssl=1\" data-orig-size=\"1115,617\" data-comments-opened=\"1\" data-image-meta=\"{&quot;aperture&quot;:&quot;0&quot;,&quot;credit&quot;:&quot;&quot;,&quot;camera&quot;:&quot;&quot;,&quot;caption&quot;:&quot;&quot;,&quot;created_timestamp&quot;:&quot;0&quot;,&quot;copyright&quot;:&quot;&quot;,&quot;focal_length&quot;:&quot;0&quot;,&quot;iso&quot;:&quot;0&quot;,&quot;shutter_speed&quot;:&quot;0&quot;,&quot;title&quot;:&quot;&quot;}\" data-image-title=\"BudgetingImpact\" data-image-description=\"\" data-image-caption=\"\" data-medium-file=\"https:\/\/i0.wp.com\/www.investaura.co\/wordpress\/wp-content\/uploads\/2013\/07\/130705_impact.png?fit=300%2C166&amp;ssl=1\" data-large-file=\"https:\/\/i0.wp.com\/www.investaura.co\/wordpress\/wp-content\/uploads\/2013\/07\/130705_impact.png?fit=720%2C398&amp;ssl=1\" decoding=\"async\" loading=\"lazy\" class=\"aligncenter size-large wp-image-1669\" title=\"BudgetingImpact\" src=\"https:\/\/i0.wp.com\/www.invest-aura.com\/wordpress\/wp-content\/uploads\/2013\/07\/130705_impact-1024x566.png?resize=640%2C353\" alt=\"\" width=\"640\" height=\"353\" srcset=\"https:\/\/i0.wp.com\/www.investaura.co\/wordpress\/wp-content\/uploads\/2013\/07\/130705_impact.png?resize=1024%2C566&amp;ssl=1 1024w, https:\/\/i0.wp.com\/www.investaura.co\/wordpress\/wp-content\/uploads\/2013\/07\/130705_impact.png?resize=300%2C166&amp;ssl=1 300w, https:\/\/i0.wp.com\/www.investaura.co\/wordpress\/wp-content\/uploads\/2013\/07\/130705_impact.png?w=1115&amp;ssl=1 1115w\" sizes=\"(max-width: 640px) 100vw, 640px\" data-recalc-dims=\"1\" \/><\/p>\n<p>F\u00fcr weitere Informationen kontaktieren Sie uns bitte.<\/p>\n","protected":false},"excerpt":{"rendered":"<p>Investaura hat vor kurzem ein umfangreiches Budgetierungs-, Gesch\u00e4ftsplanungs- und Kostenprojekt f\u00fcr einen Telekommunikationsdienstleister abgeschlossen. Der Service Provider hatte einige Jahre lang mit Excel-Tools zu k\u00e4mpfen, die niemand wirklich verstanden hatte und die dem Board inkonsistente Ergebnisse brachten.<\/p>\n","protected":false},"author":1,"featured_media":5183,"parent":5685,"menu_order":82,"comment_status":"closed","ping_status":"closed","template":"","meta":{"jetpack_post_was_ever_published":false},"yoast_head":"<!-- This site is optimized with the Yoast SEO plugin v20.4 - https:\/\/yoast.com\/wordpress\/plugins\/seo\/ -->\n<title>Budgetierung, Planung und Prognose | Investaura<\/title>\n<meta name=\"robots\" content=\"index, follow, max-snippet:-1, max-image-preview:large, max-video-preview:-1\" \/>\n<link rel=\"canonical\" href=\"https:\/\/www.investaura.co\/wordpress\/losungen\/budgetierung-und-prognose\/\" \/>\n<meta property=\"og:locale\" content=\"en_GB\" \/>\n<meta property=\"og:type\" content=\"article\" \/>\n<meta property=\"og:title\" content=\"Budgetierung, Planung und Prognose | Investaura\" \/>\n<meta property=\"og:description\" content=\"Investaura hat vor kurzem ein umfangreiches Budgetierungs-, Gesch\u00e4ftsplanungs- und Kostenprojekt f\u00fcr einen Telekommunikationsdienstleister abgeschlossen. Der Service Provider hatte einige Jahre lang mit Excel-Tools zu k\u00e4mpfen, die niemand wirklich verstanden hatte und die dem Board inkonsistente Ergebnisse brachten.\" \/>\n<meta property=\"og:url\" content=\"https:\/\/www.investaura.co\/wordpress\/losungen\/budgetierung-und-prognose\/\" \/>\n<meta property=\"og:site_name\" content=\"Investaura\" \/>\n<meta property=\"article:modified_time\" content=\"2018-04-11T10:11:44+00:00\" \/>\n<meta property=\"og:image\" content=\"https:\/\/i0.wp.com\/www.investaura.co\/wordpress\/wp-content\/uploads\/2016\/03\/130614_Architecture.png?fit=1075%2C689&ssl=1\" \/>\n\t<meta property=\"og:image:width\" content=\"1075\" \/>\n\t<meta property=\"og:image:height\" content=\"689\" \/>\n\t<meta property=\"og:image:type\" content=\"image\/png\" \/>\n<meta name=\"twitter:card\" content=\"summary_large_image\" \/>\n<meta name=\"twitter:label1\" content=\"Estimated reading time\" \/>\n\t<meta name=\"twitter:data1\" content=\"2 minutes\" \/>\n<script type=\"application\/ld+json\" class=\"yoast-schema-graph\">{\"@context\":\"https:\/\/schema.org\",\"@graph\":[{\"@type\":\"WebPage\",\"@id\":\"https:\/\/www.investaura.co\/wordpress\/losungen\/budgetierung-und-prognose\/\",\"url\":\"https:\/\/www.investaura.co\/wordpress\/losungen\/budgetierung-und-prognose\/\",\"name\":\"Budgetierung, Planung und Prognose | Investaura\",\"isPartOf\":{\"@id\":\"https:\/\/www.investaura.co\/wordpress\/#website\"},\"datePublished\":\"2016-03-02T11:44:01+00:00\",\"dateModified\":\"2018-04-11T10:11:44+00:00\",\"breadcrumb\":{\"@id\":\"https:\/\/www.investaura.co\/wordpress\/losungen\/budgetierung-und-prognose\/#breadcrumb\"},\"inLanguage\":\"en-GB\",\"potentialAction\":[{\"@type\":\"ReadAction\",\"target\":[\"https:\/\/www.investaura.co\/wordpress\/losungen\/budgetierung-und-prognose\/\"]}]},{\"@type\":\"BreadcrumbList\",\"@id\":\"https:\/\/www.investaura.co\/wordpress\/losungen\/budgetierung-und-prognose\/#breadcrumb\",\"itemListElement\":[{\"@type\":\"ListItem\",\"position\":1,\"name\":\"Home\",\"item\":\"https:\/\/www.investaura.co\/wordpress\/\"},{\"@type\":\"ListItem\",\"position\":2,\"name\":\"L\u00f6sungen Showcase\",\"item\":\"https:\/\/www.investaura.co\/wordpress\/losungen\/\"},{\"@type\":\"ListItem\",\"position\":3,\"name\":\"Budgetierung, Planung und Prognose\"}]},{\"@type\":\"WebSite\",\"@id\":\"https:\/\/www.investaura.co\/wordpress\/#website\",\"url\":\"https:\/\/www.investaura.co\/wordpress\/\",\"name\":\"Investaura\",\"description\":\"The Value Creation Consultants\",\"publisher\":{\"@id\":\"https:\/\/www.investaura.co\/wordpress\/#organization\"},\"potentialAction\":[{\"@type\":\"SearchAction\",\"target\":{\"@type\":\"EntryPoint\",\"urlTemplate\":\"https:\/\/www.investaura.co\/wordpress\/?s={search_term_string}\"},\"query-input\":\"required name=search_term_string\"}],\"inLanguage\":\"en-GB\"},{\"@type\":\"Organization\",\"@id\":\"https:\/\/www.investaura.co\/wordpress\/#organization\",\"name\":\"Investaura\",\"url\":\"https:\/\/www.investaura.co\/wordpress\/\",\"logo\":{\"@type\":\"ImageObject\",\"inLanguage\":\"en-GB\",\"@id\":\"https:\/\/www.investaura.co\/wordpress\/#\/schema\/logo\/image\/\",\"url\":\"https:\/\/i0.wp.com\/www.investaura.co\/wordpress\/wp-content\/uploads\/Logo-INVESTAURA_RGB-blau-e1450351498844.jpg?fit=256%2C90&ssl=1\",\"contentUrl\":\"https:\/\/i0.wp.com\/www.investaura.co\/wordpress\/wp-content\/uploads\/Logo-INVESTAURA_RGB-blau-e1450351498844.jpg?fit=256%2C90&ssl=1\",\"width\":256,\"height\":90,\"caption\":\"Investaura\"},\"image\":{\"@id\":\"https:\/\/www.investaura.co\/wordpress\/#\/schema\/logo\/image\/\"},\"sameAs\":[\"https:\/\/www.linkedin.com\/company\/1229653\"]}]}<\/script>\n<!-- \/ Yoast SEO plugin. -->","yoast_head_json":{"title":"Budgetierung, Planung und Prognose | Investaura","robots":{"index":"index","follow":"follow","max-snippet":"max-snippet:-1","max-image-preview":"max-image-preview:large","max-video-preview":"max-video-preview:-1"},"canonical":"https:\/\/www.investaura.co\/wordpress\/losungen\/budgetierung-und-prognose\/","og_locale":"en_GB","og_type":"article","og_title":"Budgetierung, Planung und Prognose | Investaura","og_description":"Investaura hat vor kurzem ein umfangreiches Budgetierungs-, Gesch\u00e4ftsplanungs- und Kostenprojekt f\u00fcr einen Telekommunikationsdienstleister abgeschlossen. Der Service Provider hatte einige Jahre lang mit Excel-Tools zu k\u00e4mpfen, die niemand wirklich verstanden hatte und die dem Board inkonsistente Ergebnisse brachten.","og_url":"https:\/\/www.investaura.co\/wordpress\/losungen\/budgetierung-und-prognose\/","og_site_name":"Investaura","article_modified_time":"2018-04-11T10:11:44+00:00","og_image":[{"width":1075,"height":689,"url":"https:\/\/i0.wp.com\/www.investaura.co\/wordpress\/wp-content\/uploads\/2016\/03\/130614_Architecture.png?fit=1075%2C689&ssl=1","type":"image\/png"}],"twitter_card":"summary_large_image","twitter_misc":{"Estimated reading time":"2 minutes"},"schema":{"@context":"https:\/\/schema.org","@graph":[{"@type":"WebPage","@id":"https:\/\/www.investaura.co\/wordpress\/losungen\/budgetierung-und-prognose\/","url":"https:\/\/www.investaura.co\/wordpress\/losungen\/budgetierung-und-prognose\/","name":"Budgetierung, Planung und Prognose | Investaura","isPartOf":{"@id":"https:\/\/www.investaura.co\/wordpress\/#website"},"datePublished":"2016-03-02T11:44:01+00:00","dateModified":"2018-04-11T10:11:44+00:00","breadcrumb":{"@id":"https:\/\/www.investaura.co\/wordpress\/losungen\/budgetierung-und-prognose\/#breadcrumb"},"inLanguage":"en-GB","potentialAction":[{"@type":"ReadAction","target":["https:\/\/www.investaura.co\/wordpress\/losungen\/budgetierung-und-prognose\/"]}]},{"@type":"BreadcrumbList","@id":"https:\/\/www.investaura.co\/wordpress\/losungen\/budgetierung-und-prognose\/#breadcrumb","itemListElement":[{"@type":"ListItem","position":1,"name":"Home","item":"https:\/\/www.investaura.co\/wordpress\/"},{"@type":"ListItem","position":2,"name":"L\u00f6sungen Showcase","item":"https:\/\/www.investaura.co\/wordpress\/losungen\/"},{"@type":"ListItem","position":3,"name":"Budgetierung, Planung und Prognose"}]},{"@type":"WebSite","@id":"https:\/\/www.investaura.co\/wordpress\/#website","url":"https:\/\/www.investaura.co\/wordpress\/","name":"Investaura","description":"The Value Creation Consultants","publisher":{"@id":"https:\/\/www.investaura.co\/wordpress\/#organization"},"potentialAction":[{"@type":"SearchAction","target":{"@type":"EntryPoint","urlTemplate":"https:\/\/www.investaura.co\/wordpress\/?s={search_term_string}"},"query-input":"required name=search_term_string"}],"inLanguage":"en-GB"},{"@type":"Organization","@id":"https:\/\/www.investaura.co\/wordpress\/#organization","name":"Investaura","url":"https:\/\/www.investaura.co\/wordpress\/","logo":{"@type":"ImageObject","inLanguage":"en-GB","@id":"https:\/\/www.investaura.co\/wordpress\/#\/schema\/logo\/image\/","url":"https:\/\/i0.wp.com\/www.investaura.co\/wordpress\/wp-content\/uploads\/Logo-INVESTAURA_RGB-blau-e1450351498844.jpg?fit=256%2C90&ssl=1","contentUrl":"https:\/\/i0.wp.com\/www.investaura.co\/wordpress\/wp-content\/uploads\/Logo-INVESTAURA_RGB-blau-e1450351498844.jpg?fit=256%2C90&ssl=1","width":256,"height":90,"caption":"Investaura"},"image":{"@id":"https:\/\/www.investaura.co\/wordpress\/#\/schema\/logo\/image\/"},"sameAs":["https:\/\/www.linkedin.com\/company\/1229653"]}]}},"jetpack_shortlink":"https:\/\/wp.me\/P7ecno-1u4","jetpack-related-posts":[{"id":6219,"url":"https:\/\/www.investaura.co\/wordpress\/dienstleistungen\/performance-management-losungen\/adaptive-planing\/","url_meta":{"origin":5708,"position":0},"title":"Adaptive Insights Enterprise Performance Management","date":"February 11, 2011","format":false,"excerpt":"Verwenden Sie Microsoft Excel noch immer f\u00fcr Budgetierung, Unternehmensplanung oder Performance Management? Microsoft Excel war vor 10-15 Jahren gut geeignet f\u00fcr solche Aufgaben, aber Excel hat auch seine Grenzen, und Sie haben wahrscheinlich schon viele von diesen selber erfahren. Insbesondere ist Excel keine Datenbank! Heute sind auf dem Markt sehr\u2026","rel":"","context":"Similar post","img":{"alt_text":"","src":"https:\/\/i0.wp.com\/www.investaura.co\/wordpress\/wp-content\/uploads\/2016\/02\/shutterstock_247165378.jpg?fit=1000%2C732&ssl=1&resize=350%2C200","width":350,"height":200},"classes":[]},{"id":6226,"url":"https:\/\/www.investaura.co\/wordpress\/dienstleistungen\/performance-management-losungen\/assoziierte-unternehmen\/","url_meta":{"origin":5708,"position":1},"title":"Trusted Software-Partner","date":"September 9, 2010","format":false,"excerpt":"Investaura Management Consultants hat 3 Softwareanbieter ausgew\u00e4hlt, die das eigene Kerngesch\u00e4ft erg\u00e4nzen und mit denen wir ausgezeichnete Beziehungen unterhalten: Prodacapo bietet Softwarel\u00f6sungen f\u00fcr die Prozesskostenrechnung und -verbesserung.\u00a0Die Prodacapo-Suite enth\u00e4lt Anwendungen f\u00fcr das aktivit\u00e4tsbasierte Management, Rentabilit\u00e4tsanalysen, Planung, Balanced Scorecard und Prozessmanagement.\u00a0Die Software und Methodik des Unternehmens basiert auf 20 Jahren Erfahrung,\u2026","rel":"","context":"Similar post","img":{"alt_text":"","src":"https:\/\/i0.wp.com\/www.investaura.co\/wordpress\/wp-content\/uploads\/2016\/02\/shutterstock_247165378.jpg?fit=1000%2C732&ssl=1&resize=350%2C200","width":350,"height":200},"classes":[]},{"id":5690,"url":"https:\/\/www.investaura.co\/wordpress\/losungen\/fixed-asset-bewertung-und-fair-value-messung-ifrs-13\/","url_meta":{"origin":5708,"position":2},"title":"Anlagenbewertung und Fair Value-Bewertung nach IFRS 13","date":"March 2, 2016","format":false,"excerpt":"Investaura Management Consultants wurde von einem gro\u00dfen Telekommunikations-Konzern beauftragt, eine umfassende Bewertung langfristiger Verm\u00f6genswerte in den Telekommunikationsnetzwerken des Kunden in vier L\u00e4ndern durchzuf\u00fchren. Das Projekt wurde \u00fcber einen Zeitraum von drei Monaten durchgef\u00fchrt und untersuchte 1 Mrd. $ Anlageverm\u00f6gen in den folgenden Anlageklassen: Grundst\u00fccke, Geb\u00e4ude, T\u00fcrme, Telekommunikationsausr\u00fcstungen, Software, Spektrum und\u2026","rel":"","context":"Similar post","img":{"alt_text":"","src":"https:\/\/i0.wp.com\/www.investaura.co\/wordpress\/wp-content\/uploads\/2017\/11\/shutterstock_99389720_1024.jpg?fit=1024%2C680&ssl=1&resize=350%2C200","width":350,"height":200},"classes":[]},{"id":5760,"url":"https:\/\/www.investaura.co\/wordpress\/dienstleistungen\/performance-management-losungen\/","url_meta":{"origin":5708,"position":3},"title":"Performance-Management","date":"September 9, 2010","format":false,"excerpt":"Investaura bietet seinen Kunden leistungsf\u00e4hige Gesch\u00e4ftsanwendungen und nutzt dabei das Know-how der besten Softwareplattformen und die umfassende Expertise der Tech-Branche. Die Auswirkungen f\u00fcr die Kunden bestehen darin, besser zu verstehen, was in ihrem Gesch\u00e4ft vor sich geht, und Ma\u00dfnahmen zu ergreifen, um ihre Leistung zu verbessern. Zus\u00e4tzlich zu den Excel-basierten\u2026","rel":"","context":"Similar post","img":{"alt_text":"","src":"https:\/\/i0.wp.com\/www.investaura.co\/wordpress\/wp-content\/uploads\/2010\/09\/shutterstock_251280265_smaller.jpg?fit=1024%2C678&ssl=1&resize=350%2C200","width":350,"height":200},"classes":[]},{"id":5682,"url":"https:\/\/www.investaura.co\/wordpress\/losungen\/finanzen-pm-expertise-komplex-ftth-projekte\/","url_meta":{"origin":5708,"position":4},"title":"Business Plan und Projekt-Management f\u00fcr FTTH Projekte","date":"November 6, 2017","format":false,"excerpt":"Der im Fr\u00fchjahr 2013 gestartete Plan \"France Tr\u00e8s Haut D\u00e9bit\" zielt darauf ab, das gesamte franz\u00f6sische Staatsgebiet bis 2022 mit sehr schnellen Internet-Zugang (mehr als 30 Mbit\/s) zu versorgen. Der Eckpfeiler des Plans ist der massive Einsatz von FTTH-Technologien f\u00fcr das Land. Um dieses Ziel zu erreichen, mobilisiert es innerhalb\u2026","rel":"","context":"Similar post","img":{"alt_text":"","src":"https:\/\/i0.wp.com\/www.investaura.co\/wordpress\/wp-content\/uploads\/2017\/11\/Fibre400.jpg?fit=1200%2C306&ssl=1&resize=350%2C200","width":350,"height":200},"classes":[]},{"id":5677,"url":"https:\/\/www.investaura.co\/wordpress\/losungen\/intelligent-transportation-systems-its-german\/","url_meta":{"origin":5708,"position":5},"title":"Mega-Deals f\u00fcr ITS Projekte gewinnen","date":"January 18, 2017","format":false,"excerpt":"Der globale Markt f\u00fcr Intelligent Transportation Systems (ITS) wird voraussichtlich um 12% pro Jahr von 36 Mrd. $ im Jahr 2015 auf 64 Mrd. $ im Jahr 2020 wachsen. Die Finanzierung der Verkehrs-infrastruktur \u00fcber Maut-Zahlungsl\u00f6sungen stellt dabei den Hauptteil dieses Marktsegments. Wir wissen, was es f\u00fcr ein Unternehmen braucht, um\u2026","rel":"","context":"Similar post","img":{"alt_text":"","src":"https:\/\/i0.wp.com\/www.investaura.co\/wordpress\/wp-content\/uploads\/2022\/03\/PropTech_small.jpg?fit=1024%2C683&ssl=1&resize=350%2C200","width":350,"height":200},"classes":[]}],"jetpack_sharing_enabled":true,"_links":{"self":[{"href":"https:\/\/www.investaura.co\/wordpress\/wp-json\/wp\/v2\/pages\/5708"}],"collection":[{"href":"https:\/\/www.investaura.co\/wordpress\/wp-json\/wp\/v2\/pages"}],"about":[{"href":"https:\/\/www.investaura.co\/wordpress\/wp-json\/wp\/v2\/types\/page"}],"author":[{"embeddable":true,"href":"https:\/\/www.investaura.co\/wordpress\/wp-json\/wp\/v2\/users\/1"}],"replies":[{"embeddable":true,"href":"https:\/\/www.investaura.co\/wordpress\/wp-json\/wp\/v2\/comments?post=5708"}],"version-history":[{"count":6,"href":"https:\/\/www.investaura.co\/wordpress\/wp-json\/wp\/v2\/pages\/5708\/revisions"}],"predecessor-version":[{"id":6192,"href":"https:\/\/www.investaura.co\/wordpress\/wp-json\/wp\/v2\/pages\/5708\/revisions\/6192"}],"up":[{"embeddable":true,"href":"https:\/\/www.investaura.co\/wordpress\/wp-json\/wp\/v2\/pages\/5685"}],"wp:featuredmedia":[{"embeddable":true,"href":"https:\/\/www.investaura.co\/wordpress\/wp-json\/wp\/v2\/media\/5183"}],"wp:attachment":[{"href":"https:\/\/www.investaura.co\/wordpress\/wp-json\/wp\/v2\/media?parent=5708"}],"curies":[{"name":"wp","href":"https:\/\/api.w.org\/{rel}","templated":true}]}}