{"id":5707,"date":"2016-03-02T13:44:01","date_gmt":"2016-03-02T11:44:01","guid":{"rendered":"http:\/\/www.invest-aura.com\/?page_id=4541"},"modified":"2020-08-10T12:37:29","modified_gmt":"2020-08-10T10:37:29","slug":"budgetisation-et-previsions","status":"publish","type":"page","link":"https:\/\/www.investaura.co\/wordpress\/boite-a-solutions\/budgetisation-et-previsions\/","title":{"rendered":"Elaborations et pr\u00e9visions budg\u00e9taires"},"content":{"rendered":"<p>Investaura a r\u00e9cemment men\u00e9 \u00e0 bien un projet majeur d&#8217;\u00e9laboration budg\u00e9taire, de planification \u00e0 moyen terme, et de calcul des co\u00fbts des services pour un op\u00e9rateur t\u00e9l\u00e9com. L&#8217;\u00e9quipe responsable du budget \u00e9tait confront\u00e9e depuis longtemps aux limites de leur outil Excel, que personne ne comprenait plus vraiment et qui fournissait des r\u00e9sultats incoh\u00e9rents \u00e0 la Direction.<\/p>\n<p><!--more--><\/p>\n<p>Pire encore, chaque cycle de pr\u00e9paration du budget \u00e9tait v\u00e9cu comme une exp\u00e9rience douloureuse, avec de nombreuses nuits blanches et une frustration importante. Cela vous semble familier?<\/p>\n<div id=\"metaslider-id-5623\" style=\"max-width: 1450px; margin: 0 auto;\" class=\"ml-slider-3-90-0 metaslider metaslider-nivo metaslider-5623 ml-slider ms-theme-default\" role=\"region\" aria-roledescription=\"Slideshow\" aria-label=\"Adaptive\">\n    <div id=\"metaslider_container_5623\">\n        <div class='slider-wrapper theme-default'><div class='ribbon'><\/div><div id='metaslider_5623' class='nivoSlider'><a href=\"https:\/\/i0.wp.com\/www.investaura.co\/wordpress\/wp-content\/uploads\/2018\/02\/AP_PIC.png\" target=\"_self\"><img src=\"https:\/\/i0.wp.com\/www.investaura.co\/wordpress\/wp-content\/uploads\/2018\/02\/AP_PIC.png?resize=720%2C472&#038;ssl=1\" height=\"472\" width=\"720\" data-caption=\"Easy to use, Excel look and feel\" alt=\"\" class=\"slider-5623 slide-5622\" data-recalc-dims=\"1\" \/><\/a><a href=\"https:\/\/i0.wp.com\/www.invest-aura.com\/wordpress\/wp-content\/uploads\/2018\/05\/Adaptive_Dashboards.png\" target=\"_self\"><img src=\"https:\/\/i0.wp.com\/www.investaura.co\/wordpress\/wp-content\/uploads\/2018\/05\/Adaptive_Dashboards.png?resize=720%2C472&#038;ssl=1\" height=\"472\" width=\"720\" data-caption=\"Beautiful Dashboards\" title=\"Adaptive_Dashboards\" alt=\"\" class=\"slider-5623 slide-6572\" data-recalc-dims=\"1\" \/><\/a><a href=\"https:\/\/i0.wp.com\/www.invest-aura.com\/wordpress\/wp-content\/uploads\/2018\/05\/Sales_Capex_Opex_Planning2.png\" target=\"_self\"><img src=\"https:\/\/i0.wp.com\/www.investaura.co\/wordpress\/wp-content\/uploads\/2018\/05\/Sales_Capex_Opex_Planning2.png?resize=720%2C472&#038;ssl=1\" height=\"472\" width=\"720\" data-caption=\"Powerful planning and forecasting of Sales, CAPEX and OPEX\" title=\"Sales_Capex_Opex_Planning2\" alt=\"\" class=\"slider-5623 slide-6568\" data-recalc-dims=\"1\" \/><\/a><a href=\"https:\/\/i0.wp.com\/www.invest-aura.com\/wordpress\/wp-content\/uploads\/2018\/05\/Telecom_Planning_Sheets_Overview.png\" target=\"_self\"><img src=\"https:\/\/i0.wp.com\/www.investaura.co\/wordpress\/wp-content\/uploads\/2018\/05\/Telecom_Planning_Sheets_Overview.png?resize=720%2C472&#038;ssl=1\" height=\"472\" width=\"720\" data-caption=\"Extensively documented sheets\" title=\"Telecom_Planning_Sheets_Overview\" alt=\"\" class=\"slider-5623 slide-6570\" data-recalc-dims=\"1\" \/><\/a><a href=\"https:\/\/i0.wp.com\/www.investaura.co\/wordpress\/wp-content\/uploads\/2018\/02\/180216_Adaptive_Model.png\" target=\"_self\"><img src=\"https:\/\/i0.wp.com\/www.investaura.co\/wordpress\/wp-content\/uploads\/2018\/02\/180216_Adaptive_Model.png?resize=720%2C472&#038;ssl=1\" height=\"472\" width=\"720\" data-caption=\"Ideal for all types of models, small and large\" alt=\"\" class=\"slider-5623 slide-5626\" data-recalc-dims=\"1\" \/><\/a><\/div><\/div>\n        \n    <\/div>\n<\/div>\n<p>&nbsp;<\/p>\n<p>La solution mise en place par Investaura a \u00e9t\u00e9 construite sur la plateforme EPM de <a href=\"https:\/\/www.adaptiveinsights.com\" target=\"_blank\">Adaptive Insights<\/a>. Adaptive Insights est le leader mondial des solutions &#8216;Cloud&#8217; de pilotage de la performance d&#8217;entreprise (EPM) pour des entreprises de toutes tailles, avec plus de 3 800 clients et 200 000 utilisateurs dans le monde entier. D\u00e8s sa conception, le produit &#8216;Adaptive Planning&#8217; a \u00e9t\u00e9 con\u00e7u pour les utilisateurs, et non pas pour les sp\u00e9cialistes IT.<\/p>\n<p>Le syst\u00e8me mis en place par Investaura pour son client est tr\u00e8s complet et puissant. Ses principales caract\u00e9ristiques comprennent:<\/p>\n<ul>\n<li>Trois applications int\u00e9gr\u00e9es en une: pr\u00e9visions budg\u00e9tiares \u00e0 court terme, \u00e9tablissement des co\u00fbts par activit\u00e9 et profitabilit\u00e9 par produit et segment de client\u00e8le, et business plan \u00e0 moyen terme;<\/li>\n<li>Coh\u00e9rence entre les trois applications: m\u00eame source de donn\u00e9es, m\u00eame logique de pr\u00e9vision, r\u00e9sultats coh\u00e9rents;<\/li>\n<li>Module d&#8217;\u00e9tablissement des co\u00fbts bas\u00e9 sur les activit\u00e9s: calcul du co\u00fbt et des marges b\u00e9n\u00e9ficiaires des services (voix, messagerie, Internet haut d\u00e9bit etc.) et des produits (pr\u00e9pay\u00e9s, postpay\u00e9s);<\/li>\n<li>Analyse des \u00e9carts (r\u00e9sultats r\u00e9els compar\u00e9s aux pr\u00e9visions), tableaux de bord, rapports de performance, qui peuvent \u00eatre cr\u00e9\u00e9s directement par les utilisateurs sans implication du personnel IT;<\/li>\n<li>Int\u00e9gration et automatisation de l&#8217;extraction de donn\u00e9es de l&#8217;ERP et de la data warehouse, afin que les donn\u00e9es financi\u00e8res et non-financi\u00e8res puissent \u00eatre import\u00e9es dans le syst\u00e8me d&#8217;\u00e9laboration budg\u00e9taire par un simple clic;<\/li>\n<li>Environement multi-utilisateurs, encourageant la collaboration au sein du client et de ses nombreux d\u00e9partements;<\/li>\n<li>Fonctionnalit\u00e9 de workflow, facilitant la gestion du processus global de pr\u00e9paration budg\u00e9taire;<\/li>\n<li>Gestion des versions, y compris gestion des droits d&#8217;acc\u00e8s;<\/li>\n<li>Et le plus important: la solution est facile \u00e0 utiliser.<\/li>\n<\/ul>\n<p>Une vue d&#8217;ensemble de l&#8217;architecture de la solution est fournie ci-dessous.<\/p>\n<p style=\"text-align: center;\"><img data-attachment-id=\"1665\" data-permalink=\"https:\/\/www.investaura.co\/wordpress\/2013\/07\/budgeting-planning-costing-the-first-easy-to-use-solution-in-a-post-excel-world\/130614_architecture\/\" data-orig-file=\"https:\/\/i0.wp.com\/www.investaura.co\/wordpress\/wp-content\/uploads\/2013\/07\/130614_Architecture-e1521735062652.png?fit=1024%2C656&amp;ssl=1\" data-orig-size=\"1024,656\" data-comments-opened=\"1\" data-image-meta=\"{&quot;aperture&quot;:&quot;0&quot;,&quot;credit&quot;:&quot;&quot;,&quot;camera&quot;:&quot;&quot;,&quot;caption&quot;:&quot;&quot;,&quot;created_timestamp&quot;:&quot;0&quot;,&quot;copyright&quot;:&quot;&quot;,&quot;focal_length&quot;:&quot;0&quot;,&quot;iso&quot;:&quot;0&quot;,&quot;shutter_speed&quot;:&quot;0&quot;,&quot;title&quot;:&quot;&quot;}\" data-image-title=\"130614_Architecture\" data-image-description=\"\" data-image-caption=\"\" data-medium-file=\"https:\/\/i0.wp.com\/www.investaura.co\/wordpress\/wp-content\/uploads\/2013\/07\/130614_Architecture-e1521735062652.png?fit=300%2C192&amp;ssl=1\" data-large-file=\"https:\/\/i0.wp.com\/www.investaura.co\/wordpress\/wp-content\/uploads\/2013\/07\/130614_Architecture-e1521735062652.png?fit=720%2C461&amp;ssl=1\" decoding=\"async\" loading=\"lazy\" class=\"aligncenter size-large wp-image-1665\" title=\"BudgetingArchitecture\" src=\"https:\/\/i0.wp.com\/www.invest-aura.com\/wordpress\/wp-content\/uploads\/2013\/07\/130614_Architecture-1024x656.png?resize=640%2C410\" alt=\"\" width=\"640\" height=\"410\" data-recalc-dims=\"1\" \/><\/p>\n<p>Le nouveau syst\u00e8me de pr\u00e9paration budg\u00e9taire et d&#8217;analyse des co\u00fbts apporte une grande valeur \u00e0 l&#8217;op\u00e9rateur t\u00e9l\u00e9com:<\/p>\n<ul>\n<li>Collaboration am\u00e9lior\u00e9e: le syst\u00e8me est accessible \u00e0 un grand nombre de personnes cl\u00e9s (gestionnaires, directeurs, VPs), en leur donnant une vue de bout en bout de l&#8217;entreprise, tout en facilitant la communication entre les diff\u00e9rents d\u00e9partements;<\/li>\n<li>Am\u00e9lioration de l&#8217;efficacit\u00e9 de l&#8217;\u00e9quipe responsable de la pr\u00e9paration du budget et du business plan, avec moins de temps pass\u00e9 \u00e0 essayer de r\u00e9parer les formules Excel, et plus de temps consacr\u00e9 \u00e0 analyser les r\u00e9sultats et apporter de la valeur ajout\u00e9e r\u00e9elle \u00e0 l&#8217;entreprise;<\/li>\n<li>R\u00e9duction significative du besoin de conseil \u00e0 l&#8217;avenir, \u00e9conomisant des centaines de milliers d&#8217;euros chaque ann\u00e9e pour la pr\u00e9paration du budget et du business plan;<\/li>\n<li>Meilleure gestion de la performance: visibilit\u00e9 \u00e9tendue de la performance actuelle, via des rapports et des tableaux de bord, de sorte que les dirigeants savent \u00e0 tout moment comment se comportent les r\u00e9sultats de l&#8217;entreprise par rapport au budget et aux pr\u00e9visions.<\/li>\n<\/ul>\n<p>D&#8217;autres avantages sont mis en \u00e9vidence dans la figure suivante.<\/p>\n<p style=\"text-align: center;\"><img data-attachment-id=\"1669\" data-permalink=\"https:\/\/www.investaura.co\/wordpress\/2013\/07\/budgeting-planning-costing-the-first-easy-to-use-solution-in-a-post-excel-world\/130705_impact\/\" data-orig-file=\"https:\/\/i0.wp.com\/www.investaura.co\/wordpress\/wp-content\/uploads\/2013\/07\/130705_impact.png?fit=1115%2C617&amp;ssl=1\" data-orig-size=\"1115,617\" data-comments-opened=\"1\" data-image-meta=\"{&quot;aperture&quot;:&quot;0&quot;,&quot;credit&quot;:&quot;&quot;,&quot;camera&quot;:&quot;&quot;,&quot;caption&quot;:&quot;&quot;,&quot;created_timestamp&quot;:&quot;0&quot;,&quot;copyright&quot;:&quot;&quot;,&quot;focal_length&quot;:&quot;0&quot;,&quot;iso&quot;:&quot;0&quot;,&quot;shutter_speed&quot;:&quot;0&quot;,&quot;title&quot;:&quot;&quot;}\" data-image-title=\"BudgetingImpact\" data-image-description=\"\" data-image-caption=\"\" data-medium-file=\"https:\/\/i0.wp.com\/www.investaura.co\/wordpress\/wp-content\/uploads\/2013\/07\/130705_impact.png?fit=300%2C166&amp;ssl=1\" data-large-file=\"https:\/\/i0.wp.com\/www.investaura.co\/wordpress\/wp-content\/uploads\/2013\/07\/130705_impact.png?fit=720%2C398&amp;ssl=1\" decoding=\"async\" loading=\"lazy\" class=\"aligncenter size-large wp-image-1669\" title=\"BudgetingImpact\" src=\"https:\/\/i0.wp.com\/www.invest-aura.com\/wordpress\/wp-content\/uploads\/2013\/07\/130705_impact-1024x566.png?resize=640%2C353\" alt=\"\" width=\"640\" height=\"353\" srcset=\"https:\/\/i0.wp.com\/www.investaura.co\/wordpress\/wp-content\/uploads\/2013\/07\/130705_impact.png?resize=1024%2C566&amp;ssl=1 1024w, https:\/\/i0.wp.com\/www.investaura.co\/wordpress\/wp-content\/uploads\/2013\/07\/130705_impact.png?resize=300%2C166&amp;ssl=1 300w, https:\/\/i0.wp.com\/www.investaura.co\/wordpress\/wp-content\/uploads\/2013\/07\/130705_impact.png?w=1115&amp;ssl=1 1115w\" sizes=\"(max-width: 640px) 100vw, 640px\" data-recalc-dims=\"1\" \/><\/p>\n<p>Pour plus d&#8217;information, veuillez pour <a href=\"http:\/\/www.investaura.co\/contact\/\">nous contacter<\/a>.<\/p>\n","protected":false},"excerpt":{"rendered":"<p>Investaura a r\u00e9cemment men\u00e9 \u00e0 bien un projet majeur d&#8217;\u00e9laboration budg\u00e9taire, de planification \u00e0 moyen terme, et de calcul des co\u00fbts des services pour un op\u00e9rateur t\u00e9l\u00e9com. L&#8217;\u00e9quipe responsable du budget \u00e9tait confront\u00e9e depuis longtemps aux limites de leur outil&#8230; <\/p>\n<div class=\"more-link-container\"><a class=\"more-link\" href=\"https:\/\/www.investaura.co\/wordpress\/boite-a-solutions\/budgetisation-et-previsions\/\">Read More<\/a><\/div>\n","protected":false},"author":1,"featured_media":5183,"parent":5683,"menu_order":82,"comment_status":"closed","ping_status":"closed","template":"","meta":{"jetpack_post_was_ever_published":false},"yoast_head":"<!-- This site is optimized with the Yoast SEO plugin v20.4 - https:\/\/yoast.com\/wordpress\/plugins\/seo\/ -->\n<title>Elaborations et pr\u00e9visions budg\u00e9taires | Investaura<\/title>\n<meta name=\"robots\" content=\"index, follow, max-snippet:-1, max-image-preview:large, max-video-preview:-1\" \/>\n<link rel=\"canonical\" href=\"https:\/\/www.investaura.co\/wordpress\/boite-a-solutions\/budgetisation-et-previsions\/\" \/>\n<meta property=\"og:locale\" content=\"en_GB\" \/>\n<meta property=\"og:type\" content=\"article\" \/>\n<meta property=\"og:title\" content=\"Elaborations et pr\u00e9visions budg\u00e9taires | Investaura\" \/>\n<meta property=\"og:description\" content=\"Investaura a r\u00e9cemment men\u00e9 \u00e0 bien un projet majeur d&#8217;\u00e9laboration budg\u00e9taire, de planification \u00e0 moyen terme, et de calcul des co\u00fbts des services pour un op\u00e9rateur t\u00e9l\u00e9com. L&#8217;\u00e9quipe responsable du budget \u00e9tait confront\u00e9e depuis longtemps aux limites de leur outil... Read More\" \/>\n<meta property=\"og:url\" content=\"https:\/\/www.investaura.co\/wordpress\/boite-a-solutions\/budgetisation-et-previsions\/\" \/>\n<meta property=\"og:site_name\" content=\"Investaura\" \/>\n<meta property=\"article:modified_time\" content=\"2020-08-10T10:37:29+00:00\" \/>\n<meta property=\"og:image\" content=\"https:\/\/i0.wp.com\/www.investaura.co\/wordpress\/wp-content\/uploads\/2016\/03\/130614_Architecture.png?fit=1075%2C689&ssl=1\" \/>\n\t<meta property=\"og:image:width\" content=\"1075\" \/>\n\t<meta property=\"og:image:height\" content=\"689\" \/>\n\t<meta property=\"og:image:type\" content=\"image\/png\" \/>\n<meta name=\"twitter:card\" content=\"summary_large_image\" \/>\n<meta name=\"twitter:label1\" content=\"Estimated reading time\" \/>\n\t<meta name=\"twitter:data1\" content=\"3 minutes\" \/>\n<script type=\"application\/ld+json\" class=\"yoast-schema-graph\">{\"@context\":\"https:\/\/schema.org\",\"@graph\":[{\"@type\":\"WebPage\",\"@id\":\"https:\/\/www.investaura.co\/wordpress\/boite-a-solutions\/budgetisation-et-previsions\/\",\"url\":\"https:\/\/www.investaura.co\/wordpress\/boite-a-solutions\/budgetisation-et-previsions\/\",\"name\":\"Elaborations et pr\u00e9visions budg\u00e9taires | Investaura\",\"isPartOf\":{\"@id\":\"https:\/\/www.investaura.co\/wordpress\/#website\"},\"datePublished\":\"2016-03-02T11:44:01+00:00\",\"dateModified\":\"2020-08-10T10:37:29+00:00\",\"breadcrumb\":{\"@id\":\"https:\/\/www.investaura.co\/wordpress\/boite-a-solutions\/budgetisation-et-previsions\/#breadcrumb\"},\"inLanguage\":\"en-GB\",\"potentialAction\":[{\"@type\":\"ReadAction\",\"target\":[\"https:\/\/www.investaura.co\/wordpress\/boite-a-solutions\/budgetisation-et-previsions\/\"]}]},{\"@type\":\"BreadcrumbList\",\"@id\":\"https:\/\/www.investaura.co\/wordpress\/boite-a-solutions\/budgetisation-et-previsions\/#breadcrumb\",\"itemListElement\":[{\"@type\":\"ListItem\",\"position\":1,\"name\":\"Home\",\"item\":\"https:\/\/www.investaura.co\/wordpress\/\"},{\"@type\":\"ListItem\",\"position\":2,\"name\":\"Solutions Showcase\",\"item\":\"https:\/\/www.investaura.co\/wordpress\/boite-a-solutions\/\"},{\"@type\":\"ListItem\",\"position\":3,\"name\":\"Elaborations et pr\u00e9visions budg\u00e9taires\"}]},{\"@type\":\"WebSite\",\"@id\":\"https:\/\/www.investaura.co\/wordpress\/#website\",\"url\":\"https:\/\/www.investaura.co\/wordpress\/\",\"name\":\"Investaura\",\"description\":\"The Value Creation Consultants\",\"publisher\":{\"@id\":\"https:\/\/www.investaura.co\/wordpress\/#organization\"},\"potentialAction\":[{\"@type\":\"SearchAction\",\"target\":{\"@type\":\"EntryPoint\",\"urlTemplate\":\"https:\/\/www.investaura.co\/wordpress\/?s={search_term_string}\"},\"query-input\":\"required name=search_term_string\"}],\"inLanguage\":\"en-GB\"},{\"@type\":\"Organization\",\"@id\":\"https:\/\/www.investaura.co\/wordpress\/#organization\",\"name\":\"Investaura\",\"url\":\"https:\/\/www.investaura.co\/wordpress\/\",\"logo\":{\"@type\":\"ImageObject\",\"inLanguage\":\"en-GB\",\"@id\":\"https:\/\/www.investaura.co\/wordpress\/#\/schema\/logo\/image\/\",\"url\":\"https:\/\/i0.wp.com\/www.investaura.co\/wordpress\/wp-content\/uploads\/Logo-INVESTAURA_RGB-blau-e1450351498844.jpg?fit=256%2C90&ssl=1\",\"contentUrl\":\"https:\/\/i0.wp.com\/www.investaura.co\/wordpress\/wp-content\/uploads\/Logo-INVESTAURA_RGB-blau-e1450351498844.jpg?fit=256%2C90&ssl=1\",\"width\":256,\"height\":90,\"caption\":\"Investaura\"},\"image\":{\"@id\":\"https:\/\/www.investaura.co\/wordpress\/#\/schema\/logo\/image\/\"},\"sameAs\":[\"https:\/\/www.linkedin.com\/company\/1229653\"]}]}<\/script>\n<!-- \/ Yoast SEO plugin. -->","yoast_head_json":{"title":"Elaborations et pr\u00e9visions budg\u00e9taires | Investaura","robots":{"index":"index","follow":"follow","max-snippet":"max-snippet:-1","max-image-preview":"max-image-preview:large","max-video-preview":"max-video-preview:-1"},"canonical":"https:\/\/www.investaura.co\/wordpress\/boite-a-solutions\/budgetisation-et-previsions\/","og_locale":"en_GB","og_type":"article","og_title":"Elaborations et pr\u00e9visions budg\u00e9taires | Investaura","og_description":"Investaura a r\u00e9cemment men\u00e9 \u00e0 bien un projet majeur d&#8217;\u00e9laboration budg\u00e9taire, de planification \u00e0 moyen terme, et de calcul des co\u00fbts des services pour un op\u00e9rateur t\u00e9l\u00e9com. L&#8217;\u00e9quipe responsable du budget \u00e9tait confront\u00e9e depuis longtemps aux limites de leur outil... Read More","og_url":"https:\/\/www.investaura.co\/wordpress\/boite-a-solutions\/budgetisation-et-previsions\/","og_site_name":"Investaura","article_modified_time":"2020-08-10T10:37:29+00:00","og_image":[{"width":1075,"height":689,"url":"https:\/\/i0.wp.com\/www.investaura.co\/wordpress\/wp-content\/uploads\/2016\/03\/130614_Architecture.png?fit=1075%2C689&ssl=1","type":"image\/png"}],"twitter_card":"summary_large_image","twitter_misc":{"Estimated reading time":"3 minutes"},"schema":{"@context":"https:\/\/schema.org","@graph":[{"@type":"WebPage","@id":"https:\/\/www.investaura.co\/wordpress\/boite-a-solutions\/budgetisation-et-previsions\/","url":"https:\/\/www.investaura.co\/wordpress\/boite-a-solutions\/budgetisation-et-previsions\/","name":"Elaborations et pr\u00e9visions budg\u00e9taires | Investaura","isPartOf":{"@id":"https:\/\/www.investaura.co\/wordpress\/#website"},"datePublished":"2016-03-02T11:44:01+00:00","dateModified":"2020-08-10T10:37:29+00:00","breadcrumb":{"@id":"https:\/\/www.investaura.co\/wordpress\/boite-a-solutions\/budgetisation-et-previsions\/#breadcrumb"},"inLanguage":"en-GB","potentialAction":[{"@type":"ReadAction","target":["https:\/\/www.investaura.co\/wordpress\/boite-a-solutions\/budgetisation-et-previsions\/"]}]},{"@type":"BreadcrumbList","@id":"https:\/\/www.investaura.co\/wordpress\/boite-a-solutions\/budgetisation-et-previsions\/#breadcrumb","itemListElement":[{"@type":"ListItem","position":1,"name":"Home","item":"https:\/\/www.investaura.co\/wordpress\/"},{"@type":"ListItem","position":2,"name":"Solutions Showcase","item":"https:\/\/www.investaura.co\/wordpress\/boite-a-solutions\/"},{"@type":"ListItem","position":3,"name":"Elaborations et pr\u00e9visions budg\u00e9taires"}]},{"@type":"WebSite","@id":"https:\/\/www.investaura.co\/wordpress\/#website","url":"https:\/\/www.investaura.co\/wordpress\/","name":"Investaura","description":"The Value Creation Consultants","publisher":{"@id":"https:\/\/www.investaura.co\/wordpress\/#organization"},"potentialAction":[{"@type":"SearchAction","target":{"@type":"EntryPoint","urlTemplate":"https:\/\/www.investaura.co\/wordpress\/?s={search_term_string}"},"query-input":"required name=search_term_string"}],"inLanguage":"en-GB"},{"@type":"Organization","@id":"https:\/\/www.investaura.co\/wordpress\/#organization","name":"Investaura","url":"https:\/\/www.investaura.co\/wordpress\/","logo":{"@type":"ImageObject","inLanguage":"en-GB","@id":"https:\/\/www.investaura.co\/wordpress\/#\/schema\/logo\/image\/","url":"https:\/\/i0.wp.com\/www.investaura.co\/wordpress\/wp-content\/uploads\/Logo-INVESTAURA_RGB-blau-e1450351498844.jpg?fit=256%2C90&ssl=1","contentUrl":"https:\/\/i0.wp.com\/www.investaura.co\/wordpress\/wp-content\/uploads\/Logo-INVESTAURA_RGB-blau-e1450351498844.jpg?fit=256%2C90&ssl=1","width":256,"height":90,"caption":"Investaura"},"image":{"@id":"https:\/\/www.investaura.co\/wordpress\/#\/schema\/logo\/image\/"},"sameAs":["https:\/\/www.linkedin.com\/company\/1229653"]}]}},"jetpack_shortlink":"https:\/\/wp.me\/P7ecno-1u3","jetpack-related-posts":[{"id":6218,"url":"https:\/\/www.investaura.co\/wordpress\/nos-services\/performance-management-solutions\/adaptive-planning\/","url_meta":{"origin":5707,"position":0},"title":"Adaptive Insights Enterprise Performance Management","date":"February 11, 2011","format":false,"excerpt":"Utilisez-vous encore Microsoft Excel pour l'\u00e9laboration budg\u00e9taire, la planification d'entreprise ou la gestion de la performance? Microsoft Excel \u00e9tait en g\u00e9n\u00e9ral suffisant pour ce type d'activit\u00e9s il y a 15-20 ans, mais l'outil Excel a aussi de nombreuses limites, et vous avez probablement d\u00e9j\u00e0 rencontr\u00e9 beaucoup d'entre elles. La plus\u2026","rel":"","context":"Similar post","img":{"alt_text":"","src":"https:\/\/i0.wp.com\/www.investaura.co\/wordpress\/wp-content\/uploads\/2016\/02\/shutterstock_247165378.jpg?fit=1000%2C732&ssl=1&resize=350%2C200","width":350,"height":200},"classes":[]},{"id":5759,"url":"https:\/\/www.investaura.co\/wordpress\/nos-services\/performance-management-solutions\/","url_meta":{"origin":5707,"position":1},"title":"Pilotage de la performance","date":"September 9, 2010","format":false,"excerpt":"Investaura accompagne ses clients dans la mise en place d'applications puissantes de pilotage de la performance, tirant parti de son savoir-faire des meilleurs logiciels EPM et de son expertise dans l'industrie. L'impact pour les d\u00e9cideurs est de mieux comprendre ce qui se passe dans leur entreprise et de d\u00e9finir des\u2026","rel":"","context":"Similar post","img":{"alt_text":"","src":"https:\/\/i0.wp.com\/www.investaura.co\/wordpress\/wp-content\/uploads\/2010\/09\/shutterstock_251280265_smaller.jpg?fit=1024%2C678&ssl=1&resize=350%2C200","width":350,"height":200},"classes":[]},{"id":6225,"url":"https:\/\/www.investaura.co\/wordpress\/nos-services\/performance-management-solutions\/entreprises-associees\/","url_meta":{"origin":5707,"position":2},"title":"Nos partenaires logiciels","date":"September 9, 2010","format":false,"excerpt":"Investaura Management Consultants a s\u00e9lectionn\u00e9 3 \u00e9diteurs de logiciel qui compl\u00e8tent ses activit\u00e9s de conseil et avec lesquelles nous entretenons d'excellentes relations: Prodacapo fournit des solutions logicielles pour l'\u00e9valuation et l'am\u00e9lioration des processus et l'analyse des co\u00fbts bas\u00e9s sur les activit\u00e9s (Activity-Based Costing).\u00a0La suite Prodacapo permet des applications multiples: les\u2026","rel":"","context":"Similar post","img":{"alt_text":"","src":"https:\/\/i0.wp.com\/www.investaura.co\/wordpress\/wp-content\/uploads\/2016\/02\/shutterstock_247165378.jpg?fit=1000%2C732&ssl=1&resize=350%2C200","width":350,"height":200},"classes":[]},{"id":6307,"url":"https:\/\/www.investaura.co\/wordpress\/nos-services\/conseil\/la-gestion-du-rendement\/","url_meta":{"origin":5707,"position":3},"title":"Gestion de la performance","date":"September 9, 2010","format":false,"excerpt":"Investaura d\u00e9veloppe des applications professionnelles sophistiqu\u00e9es pour ses clients, en s'appuyant sur les meilleures plateformes logicielles du march\u00e9 et sur son expertise approfondie de l'industrie des TIC. L'impact pour les clients est de mieux comprendre ce qui se passe dans leur entreprise - Business Intelligence - et de prendre des\u2026","rel":"","context":"Similar post","img":{"alt_text":"","src":"https:\/\/i0.wp.com\/www.investaura.co\/wordpress\/wp-content\/uploads\/2016\/02\/shutterstock_282394148_smaller.jpg?fit=1024%2C683&ssl=1&resize=350%2C200","width":350,"height":200},"classes":[]},{"id":6269,"url":"https:\/\/www.investaura.co\/wordpress\/nos-services\/fusions-et-acquisitions\/industrie-expertise-et-regional-focus\/","url_meta":{"origin":5707,"position":4},"title":"Expertise sectorielle pour les fusions et acquisitions","date":"March 24, 2015","format":false,"excerpt":"Nos consultants M&A apportent un savoir-faire sp\u00e9cifique et des r\u00e9f\u00e9rences dans les march\u00e9s des TIC suivants: IT: logiciels, d\u00e9veloppement d'applications, ERP, EPM, BI, Big Data, Predictive Analytics, Data warehouse, BPO, s\u00e9curit\u00e9, Services professionnels, gestion d'infrastructure IT, SaaS, Cloud T\u00e9l\u00e9coms et Internet: fournisseur de services, \u00e9quipmentier t\u00e9l\u00e9coms et IT, \u00e9diteur de\u2026","rel":"","context":"Similar post","img":{"alt_text":"","src":"https:\/\/i0.wp.com\/www.investaura.co\/wordpress\/wp-content\/uploads\/shutterstock_139401482.jpg?fit=1000%2C554&ssl=1&resize=350%2C200","width":350,"height":200},"classes":[]},{"id":5703,"url":"https:\/\/www.investaura.co\/wordpress\/boite-a-solutions\/client-produit-couts-rentabilite-analyse\/","url_meta":{"origin":5707,"position":5},"title":"Analyse des co\u00fbts et de la rentabilit\u00e9 des clients &amp; produits","date":"February 1, 2018","format":false,"excerpt":"La soci\u00e9t\u00e9 Investaura a le plaisir de pr\u00e9senter son nouveau Livre Blanc sur l'analyse des co\u00fbts bas\u00e9s sur les activit\u00e9s (Activity-Based Costing), qui fournit une feuille de route d\u00e9taill\u00e9e pour une mise en \u0153uvre op\u00e9rationnelle en 5 semaines. Quantifier le co\u00fbt des produits et des services a la r\u00e9putation d'\u00eatre\u2026","rel":"","context":"Similar post","img":{"alt_text":"","src":"https:\/\/i0.wp.com\/www.investaura.co\/wordpress\/wp-content\/uploads\/2018\/02\/tracings.png?fit=1200%2C576&ssl=1&resize=350%2C200","width":350,"height":200},"classes":[]}],"jetpack_sharing_enabled":true,"_links":{"self":[{"href":"https:\/\/www.investaura.co\/wordpress\/wp-json\/wp\/v2\/pages\/5707"}],"collection":[{"href":"https:\/\/www.investaura.co\/wordpress\/wp-json\/wp\/v2\/pages"}],"about":[{"href":"https:\/\/www.investaura.co\/wordpress\/wp-json\/wp\/v2\/types\/page"}],"author":[{"embeddable":true,"href":"https:\/\/www.investaura.co\/wordpress\/wp-json\/wp\/v2\/users\/1"}],"replies":[{"embeddable":true,"href":"https:\/\/www.investaura.co\/wordpress\/wp-json\/wp\/v2\/comments?post=5707"}],"version-history":[{"count":18,"href":"https:\/\/www.investaura.co\/wordpress\/wp-json\/wp\/v2\/pages\/5707\/revisions"}],"predecessor-version":[{"id":7407,"href":"https:\/\/www.investaura.co\/wordpress\/wp-json\/wp\/v2\/pages\/5707\/revisions\/7407"}],"up":[{"embeddable":true,"href":"https:\/\/www.investaura.co\/wordpress\/wp-json\/wp\/v2\/pages\/5683"}],"wp:featuredmedia":[{"embeddable":true,"href":"https:\/\/www.investaura.co\/wordpress\/wp-json\/wp\/v2\/media\/5183"}],"wp:attachment":[{"href":"https:\/\/www.investaura.co\/wordpress\/wp-json\/wp\/v2\/media?parent=5707"}],"curies":[{"name":"wp","href":"https:\/\/api.w.org\/{rel}","templated":true}]}}