{"id":5706,"date":"2016-03-02T13:44:44","date_gmt":"2016-03-02T11:44:44","guid":{"rendered":"http:\/\/www.invest-aura.com\/?page_id=4543"},"modified":"2020-08-10T12:31:19","modified_gmt":"2020-08-10T10:31:19","slug":"investitionen-betriebs-betriebsplanung","status":"publish","type":"page","link":"https:\/\/www.investaura.co\/wordpress\/losungen\/investitionen-betriebs-betriebsplanung\/","title":{"rendered":"Investitions- und Betriebliche Kostenplanung, Business Simulation"},"content":{"rendered":"<p>Die Berater von Investaura beherrschen die Wissenschaft und die Kunst, realistische und genaue Modelle innovativer Technologien und Unternehmen zu entwickeln. Die Anwendungsf\u00e4lle sind sehr vielf\u00e4ltig und umfassen insbesondere:<!--more--><\/p>\n<ul>\n<li>CapEx- und OpEx-Planung f\u00fcr neue Netzwerk-Rollouts oder Technologie-Migrationen<\/li>\n<li>Optimierung der Gesamtbetriebskosten (TCO)<\/li>\n<li>Service Kalkulation und Ergebnisrechnung<\/li>\n<li>Value Selling von komplexen High-Tech-L\u00f6sungen<\/li>\n<li>Business-Simulation und Szenario-Analyse f\u00fcr das gesamte Unternehmen<\/li>\n<\/ul>\n<div id=\"metaslider-id-4620\" style=\"max-width: 800px; margin: 0 auto;\" class=\"ml-slider-3-90-0 metaslider metaslider-nivo metaslider-4620 ml-slider ms-theme-default\" role=\"region\" aria-roledescription=\"Slideshow\" aria-label=\"STEM\">\n    <div id=\"metaslider_container_4620\">\n        <div class='slider-wrapper theme-default'><div class='ribbon'><\/div><div id='metaslider_4620' class='nivoSlider'><img src=\"https:\/\/i0.wp.com\/www.investaura.co\/wordpress\/wp-content\/uploads\/2016\/03\/BusinessSimulationModel_smaller.jpg?resize=720%2C450&#038;ssl=1\" height=\"450\" width=\"720\" data-caption=\"Business simulation for a Mobile Operator: 43 views, 350 services, 3000 elements\" alt=\"\" class=\"slider-4620 slide-4615\" data-recalc-dims=\"1\" \/><img src=\"https:\/\/i0.wp.com\/www.investaura.co\/wordpress\/wp-content\/uploads\/2013\/09\/NOT_STEM_Model.png?resize=720%2C450&#038;ssl=1\" height=\"450\" width=\"720\" data-caption=\"STEM: CapEx and OpEx Planning, TCO optimisation\" alt=\"\" class=\"slider-4620 slide-2095\" data-recalc-dims=\"1\" \/><img src=\"https:\/\/i0.wp.com\/www.investaura.co\/wordpress\/wp-content\/uploads\/2016\/03\/KPI_report_smaller.jpg?resize=720%2C450&#038;ssl=1\" height=\"450\" width=\"720\" data-caption=\"Quarterly KPI report: Performance analysis and forecasting\" alt=\"\" class=\"slider-4620 slide-4624\" data-recalc-dims=\"1\" \/><img src=\"https:\/\/i0.wp.com\/www.investaura.co\/wordpress\/wp-content\/uploads\/2010\/09\/NOTM.jpg?resize=720%2C450&#038;ssl=1\" height=\"450\" width=\"720\" data-caption=\"Web interface for results analysis and scenario comparison\" alt=\"\" class=\"slider-4620 slide-1822\" data-recalc-dims=\"1\" \/><\/div><\/div>\n        \n    <\/div>\n<\/div>\n<p>&nbsp;<\/p>\n<p>Eine von Investauras bevorzugte Plattform f\u00fcr Unternehmenssimulation ist STEM von Implied Logic. STEM ist ein generisches Modellierungswerkzeug f\u00fcr die strategische Planung von ICT-Infrastrukturen und -L\u00f6sungen. Als techno-\u00f6konomisches Planungsinstrument blickt es in die Zukunft und generiert kurzfristige (6-24 Monate), mittelfristige (2-5 Jahre) oder langfristige (5-10 Jahre) Prognosen: Finanzposten wie Ums\u00e4tze, Kosten (OPEX, CAPEX), Rentabilit\u00e4t (z.B. EBITDA, EBIT) sowie nicht-finanzielle Positionen (Dimensionierungsregeln, Ausstattungsumfang, Anzahl der Mitarbeiter, Auslastung usw.). STEM ist bedarfsorientiert, d.h. Ressourcen (Netzwerke, Personalressourcen usw.) werden von der Nachfrage (Endkunden, Dienstleistungen, Verkehr, Einnahmen) sowie den Anforderungen an die Netzwerkbereitstellung bestimmt.<\/p>\n<p>Die wichtigsten St\u00e4rken von Stem sind:<\/p>\n<ul>\n<li>Grafische Schnittstelle mit objektorientierter Modellierung, die es erm\u00f6glicht, auch gro\u00dfe und komplexe Modelle, deren Annahmen und Ergebnisse zu kommunizieren<\/li>\n<li>F\u00e4higkeit, sowohl Greenfield- als auch Brownfield-Netzwerke zu bearbeiten und den Status des CSP zu Beginn der Simulation zu erfassen (urspr\u00fcngliche St\u00fcckzahlen f\u00fcr Verm\u00f6gensanlagen; Bilanz \/ Gewinn und Verlust usw.)<\/li>\n<li>Hunderte von vordefinierten Ergebnissen sowie eine Schnittstelle zur Definition neuer Ergebnisse f\u00fcr verschiedene Arten von Elementen im Modell (Gesamtgesch\u00e4ft; Kundensegment; Dienstleistungen; Ressourcen usw.)<\/li>\n<li>K\u00fcrzere Zeitr\u00e4ume (Monate, Quartale, Jahre) mit flexibler Granularit\u00e4t im Zeitverlauf und automatischer Ergebniskonsolidierung<\/li>\n<li>Szenario-Management und Sensitivit\u00e4tsanalyse, so dass alternative F\u00e4lle sehr einfach gehandhabt und ihre jeweiligen Vorteile verglichen werden k\u00f6nnen<\/li>\n<li>Modelle k\u00f6nnen f\u00fcr den Mehrbenutzerzugriff ins Internet exportiert werden, so dass eine gro\u00dfe Anzahl von internen Mitarbeitern und externen Partnern ohne STEM-Kenntnisse eigene Simulationen durchf\u00fchren k\u00f6nnen.<\/li>\n<\/ul>\n<p>[download id=&#8221;3017&#8243;]<\/p>\n<p>Beachten Sie, dass sowohl Bottom-Up- als auch Top-Down-Modelle in STEM implementiert werden k\u00f6nnen. Bottom-up-Modelle sind meist sehr detailliert und laufen Gefahr, im Laufe der Zeit nicht nur sehr komplex zu werden, sondern sind auch schwer zu warten. Dar\u00fcber hinaus neigen sie dazu, unter Pr\u00e4zisionsfehlern zu leiden, und viele Aspekte, die in Bottom-up-Modellen enthalten sind, haben m\u00f6glicherweise nur geringe Auswirkungen auf die Gesamtergebnisse, w\u00e4hrend wichtige, aber schwer zu quantifizierende Probleme in Vergessenheit geraten k\u00f6nnten.<\/p>\n<p>F\u00fcr weitere Informationen oder eine Demo von STEM, bitte kontaktieren Sie uns.<\/p>\n","protected":false},"excerpt":{"rendered":"<p>Die Berater von Investaura beherrschen die Wissenschaft und die Kunst, realistische und genaue Modelle innovativer Technologien und Unternehmen zu entwickeln. Die Anwendungsf\u00e4lle sind sehr vielf\u00e4ltig und umfassen insbesondere:<\/p>\n","protected":false},"author":1,"featured_media":5184,"parent":5685,"menu_order":83,"comment_status":"closed","ping_status":"closed","template":"","meta":{"jetpack_post_was_ever_published":false},"yoast_head":"<!-- This site is optimized with the Yoast SEO plugin v20.4 - https:\/\/yoast.com\/wordpress\/plugins\/seo\/ -->\n<title>Investitions- und Betriebliche Kostenplanung, Business Simulation | Investaura<\/title>\n<meta name=\"robots\" content=\"index, follow, max-snippet:-1, max-image-preview:large, max-video-preview:-1\" \/>\n<link rel=\"canonical\" href=\"https:\/\/www.investaura.co\/wordpress\/losungen\/investitionen-betriebs-betriebsplanung\/\" \/>\n<meta property=\"og:locale\" content=\"en_GB\" \/>\n<meta property=\"og:type\" content=\"article\" \/>\n<meta property=\"og:title\" content=\"Investitions- und Betriebliche Kostenplanung, Business Simulation | Investaura\" \/>\n<meta property=\"og:description\" content=\"Die Berater von Investaura beherrschen die Wissenschaft und die Kunst, realistische und genaue Modelle innovativer Technologien und Unternehmen zu entwickeln. Die Anwendungsf\u00e4lle sind sehr vielf\u00e4ltig und umfassen insbesondere:\" \/>\n<meta property=\"og:url\" content=\"https:\/\/www.investaura.co\/wordpress\/losungen\/investitionen-betriebs-betriebsplanung\/\" \/>\n<meta property=\"og:site_name\" content=\"Investaura\" \/>\n<meta property=\"article:modified_time\" content=\"2020-08-10T10:31:19+00:00\" \/>\n<meta property=\"og:image\" content=\"https:\/\/i0.wp.com\/www.investaura.co\/wordpress\/wp-content\/uploads\/2016\/03\/stem_picture.jpg?fit=1275%2C415&ssl=1\" \/>\n\t<meta property=\"og:image:width\" content=\"1275\" \/>\n\t<meta property=\"og:image:height\" content=\"415\" \/>\n\t<meta property=\"og:image:type\" content=\"image\/jpeg\" \/>\n<meta name=\"twitter:card\" content=\"summary_large_image\" \/>\n<meta name=\"twitter:label1\" content=\"Estimated reading time\" \/>\n\t<meta name=\"twitter:data1\" content=\"2 minutes\" \/>\n<script type=\"application\/ld+json\" class=\"yoast-schema-graph\">{\"@context\":\"https:\/\/schema.org\",\"@graph\":[{\"@type\":\"WebPage\",\"@id\":\"https:\/\/www.investaura.co\/wordpress\/losungen\/investitionen-betriebs-betriebsplanung\/\",\"url\":\"https:\/\/www.investaura.co\/wordpress\/losungen\/investitionen-betriebs-betriebsplanung\/\",\"name\":\"Investitions- und Betriebliche Kostenplanung, Business Simulation | Investaura\",\"isPartOf\":{\"@id\":\"https:\/\/www.investaura.co\/wordpress\/#website\"},\"datePublished\":\"2016-03-02T11:44:44+00:00\",\"dateModified\":\"2020-08-10T10:31:19+00:00\",\"breadcrumb\":{\"@id\":\"https:\/\/www.investaura.co\/wordpress\/losungen\/investitionen-betriebs-betriebsplanung\/#breadcrumb\"},\"inLanguage\":\"en-GB\",\"potentialAction\":[{\"@type\":\"ReadAction\",\"target\":[\"https:\/\/www.investaura.co\/wordpress\/losungen\/investitionen-betriebs-betriebsplanung\/\"]}]},{\"@type\":\"BreadcrumbList\",\"@id\":\"https:\/\/www.investaura.co\/wordpress\/losungen\/investitionen-betriebs-betriebsplanung\/#breadcrumb\",\"itemListElement\":[{\"@type\":\"ListItem\",\"position\":1,\"name\":\"Home\",\"item\":\"https:\/\/www.investaura.co\/wordpress\/\"},{\"@type\":\"ListItem\",\"position\":2,\"name\":\"L\u00f6sungen Showcase\",\"item\":\"https:\/\/www.investaura.co\/wordpress\/losungen\/\"},{\"@type\":\"ListItem\",\"position\":3,\"name\":\"Investitions- und Betriebliche Kostenplanung, Business Simulation\"}]},{\"@type\":\"WebSite\",\"@id\":\"https:\/\/www.investaura.co\/wordpress\/#website\",\"url\":\"https:\/\/www.investaura.co\/wordpress\/\",\"name\":\"Investaura\",\"description\":\"The Value Creation Consultants\",\"publisher\":{\"@id\":\"https:\/\/www.investaura.co\/wordpress\/#organization\"},\"potentialAction\":[{\"@type\":\"SearchAction\",\"target\":{\"@type\":\"EntryPoint\",\"urlTemplate\":\"https:\/\/www.investaura.co\/wordpress\/?s={search_term_string}\"},\"query-input\":\"required name=search_term_string\"}],\"inLanguage\":\"en-GB\"},{\"@type\":\"Organization\",\"@id\":\"https:\/\/www.investaura.co\/wordpress\/#organization\",\"name\":\"Investaura\",\"url\":\"https:\/\/www.investaura.co\/wordpress\/\",\"logo\":{\"@type\":\"ImageObject\",\"inLanguage\":\"en-GB\",\"@id\":\"https:\/\/www.investaura.co\/wordpress\/#\/schema\/logo\/image\/\",\"url\":\"https:\/\/i0.wp.com\/www.investaura.co\/wordpress\/wp-content\/uploads\/Logo-INVESTAURA_RGB-blau-e1450351498844.jpg?fit=256%2C90&ssl=1\",\"contentUrl\":\"https:\/\/i0.wp.com\/www.investaura.co\/wordpress\/wp-content\/uploads\/Logo-INVESTAURA_RGB-blau-e1450351498844.jpg?fit=256%2C90&ssl=1\",\"width\":256,\"height\":90,\"caption\":\"Investaura\"},\"image\":{\"@id\":\"https:\/\/www.investaura.co\/wordpress\/#\/schema\/logo\/image\/\"},\"sameAs\":[\"https:\/\/www.linkedin.com\/company\/1229653\"]}]}<\/script>\n<!-- \/ Yoast SEO plugin. -->","yoast_head_json":{"title":"Investitions- und Betriebliche Kostenplanung, Business Simulation | Investaura","robots":{"index":"index","follow":"follow","max-snippet":"max-snippet:-1","max-image-preview":"max-image-preview:large","max-video-preview":"max-video-preview:-1"},"canonical":"https:\/\/www.investaura.co\/wordpress\/losungen\/investitionen-betriebs-betriebsplanung\/","og_locale":"en_GB","og_type":"article","og_title":"Investitions- und Betriebliche Kostenplanung, Business Simulation | Investaura","og_description":"Die Berater von Investaura beherrschen die Wissenschaft und die Kunst, realistische und genaue Modelle innovativer Technologien und Unternehmen zu entwickeln. Die Anwendungsf\u00e4lle sind sehr vielf\u00e4ltig und umfassen insbesondere:","og_url":"https:\/\/www.investaura.co\/wordpress\/losungen\/investitionen-betriebs-betriebsplanung\/","og_site_name":"Investaura","article_modified_time":"2020-08-10T10:31:19+00:00","og_image":[{"width":1275,"height":415,"url":"https:\/\/i0.wp.com\/www.investaura.co\/wordpress\/wp-content\/uploads\/2016\/03\/stem_picture.jpg?fit=1275%2C415&ssl=1","type":"image\/jpeg"}],"twitter_card":"summary_large_image","twitter_misc":{"Estimated reading time":"2 minutes"},"schema":{"@context":"https:\/\/schema.org","@graph":[{"@type":"WebPage","@id":"https:\/\/www.investaura.co\/wordpress\/losungen\/investitionen-betriebs-betriebsplanung\/","url":"https:\/\/www.investaura.co\/wordpress\/losungen\/investitionen-betriebs-betriebsplanung\/","name":"Investitions- und Betriebliche Kostenplanung, Business Simulation | Investaura","isPartOf":{"@id":"https:\/\/www.investaura.co\/wordpress\/#website"},"datePublished":"2016-03-02T11:44:44+00:00","dateModified":"2020-08-10T10:31:19+00:00","breadcrumb":{"@id":"https:\/\/www.investaura.co\/wordpress\/losungen\/investitionen-betriebs-betriebsplanung\/#breadcrumb"},"inLanguage":"en-GB","potentialAction":[{"@type":"ReadAction","target":["https:\/\/www.investaura.co\/wordpress\/losungen\/investitionen-betriebs-betriebsplanung\/"]}]},{"@type":"BreadcrumbList","@id":"https:\/\/www.investaura.co\/wordpress\/losungen\/investitionen-betriebs-betriebsplanung\/#breadcrumb","itemListElement":[{"@type":"ListItem","position":1,"name":"Home","item":"https:\/\/www.investaura.co\/wordpress\/"},{"@type":"ListItem","position":2,"name":"L\u00f6sungen Showcase","item":"https:\/\/www.investaura.co\/wordpress\/losungen\/"},{"@type":"ListItem","position":3,"name":"Investitions- und Betriebliche Kostenplanung, Business Simulation"}]},{"@type":"WebSite","@id":"https:\/\/www.investaura.co\/wordpress\/#website","url":"https:\/\/www.investaura.co\/wordpress\/","name":"Investaura","description":"The Value Creation Consultants","publisher":{"@id":"https:\/\/www.investaura.co\/wordpress\/#organization"},"potentialAction":[{"@type":"SearchAction","target":{"@type":"EntryPoint","urlTemplate":"https:\/\/www.investaura.co\/wordpress\/?s={search_term_string}"},"query-input":"required name=search_term_string"}],"inLanguage":"en-GB"},{"@type":"Organization","@id":"https:\/\/www.investaura.co\/wordpress\/#organization","name":"Investaura","url":"https:\/\/www.investaura.co\/wordpress\/","logo":{"@type":"ImageObject","inLanguage":"en-GB","@id":"https:\/\/www.investaura.co\/wordpress\/#\/schema\/logo\/image\/","url":"https:\/\/i0.wp.com\/www.investaura.co\/wordpress\/wp-content\/uploads\/Logo-INVESTAURA_RGB-blau-e1450351498844.jpg?fit=256%2C90&ssl=1","contentUrl":"https:\/\/i0.wp.com\/www.investaura.co\/wordpress\/wp-content\/uploads\/Logo-INVESTAURA_RGB-blau-e1450351498844.jpg?fit=256%2C90&ssl=1","width":256,"height":90,"caption":"Investaura"},"image":{"@id":"https:\/\/www.investaura.co\/wordpress\/#\/schema\/logo\/image\/"},"sameAs":["https:\/\/www.linkedin.com\/company\/1229653"]}]}},"jetpack_shortlink":"https:\/\/wp.me\/P7ecno-1u2","jetpack-related-posts":[{"id":6224,"url":"https:\/\/www.investaura.co\/wordpress\/dienstleistungen\/performance-management-losungen\/stem-business-modellierung\/","url_meta":{"origin":5706,"position":0},"title":"STEM-Business-Modeling-Software","date":"September 23, 2010","format":false,"excerpt":"Investaura verf\u00fcgt \u00fcber eine ausgepr\u00e4gte Kompetenz in STEM, die wir f\u00fcr Service Costing, Profitabilit\u00e4tsmanagement und Customer Lifetime Value-Analyse sowie f\u00fcr Network Business Planning nutzen. Die STEM-Business-Modeling-Software von Implied Logic Limited ist eine robuste und effiziente Plattform f\u00fcr die Erstellung von Gesch\u00e4fts- und Investitionspl\u00e4nen, um alternative Markt-, Technik- und Wirtschaftsszenarien abzubilden.\u2026","rel":"","context":"Similar post","img":{"alt_text":"","src":"https:\/\/i0.wp.com\/www.investaura.co\/wordpress\/wp-content\/uploads\/2016\/02\/shutterstock_247165378.jpg?fit=1000%2C732&ssl=1&resize=350%2C200","width":350,"height":200},"classes":[]},{"id":6226,"url":"https:\/\/www.investaura.co\/wordpress\/dienstleistungen\/performance-management-losungen\/assoziierte-unternehmen\/","url_meta":{"origin":5706,"position":1},"title":"Trusted Software-Partner","date":"September 9, 2010","format":false,"excerpt":"Investaura Management Consultants hat 3 Softwareanbieter ausgew\u00e4hlt, die das eigene Kerngesch\u00e4ft erg\u00e4nzen und mit denen wir ausgezeichnete Beziehungen unterhalten: Prodacapo bietet Softwarel\u00f6sungen f\u00fcr die Prozesskostenrechnung und -verbesserung.\u00a0Die Prodacapo-Suite enth\u00e4lt Anwendungen f\u00fcr das aktivit\u00e4tsbasierte Management, Rentabilit\u00e4tsanalysen, Planung, Balanced Scorecard und Prozessmanagement.\u00a0Die Software und Methodik des Unternehmens basiert auf 20 Jahren Erfahrung,\u2026","rel":"","context":"Similar post","img":{"alt_text":"","src":"https:\/\/i0.wp.com\/www.investaura.co\/wordpress\/wp-content\/uploads\/2016\/02\/shutterstock_247165378.jpg?fit=1000%2C732&ssl=1&resize=350%2C200","width":350,"height":200},"classes":[]},{"id":6304,"url":"https:\/\/www.investaura.co\/wordpress\/dienstleistungen\/beratung\/strategie-und-business-planung\/","url_meta":{"origin":5706,"position":2},"title":"Strategie und Gesch\u00e4ftsplanung","date":"March 26, 2015","format":false,"excerpt":"Die Berater von Investaura verf\u00fcgen \u00fcber umfangreiche Erfahrung im Bereich der Strategie - angewandte, detaillierte - und Gesch\u00e4ftsplanung - quantifiziert, robust, umsetzbar -, die bis in die Mitte der 1990er Jahre zur\u00fcckreicht. Wir verstehen sowohl kleine als auch gro\u00dfe Unternehmen. Wir sind Berater, die zu Unternehmern werden und wissen, was\u2026","rel":"","context":"Similar post","img":{"alt_text":"","src":"https:\/\/i0.wp.com\/www.investaura.co\/wordpress\/wp-content\/uploads\/2016\/02\/shutterstock_282394148_smaller.jpg?fit=1024%2C683&ssl=1&resize=350%2C200","width":350,"height":200},"classes":[]},{"id":5760,"url":"https:\/\/www.investaura.co\/wordpress\/dienstleistungen\/performance-management-losungen\/","url_meta":{"origin":5706,"position":3},"title":"Performance-Management","date":"September 9, 2010","format":false,"excerpt":"Investaura bietet seinen Kunden leistungsf\u00e4hige Gesch\u00e4ftsanwendungen und nutzt dabei das Know-how der besten Softwareplattformen und die umfassende Expertise der Tech-Branche. Die Auswirkungen f\u00fcr die Kunden bestehen darin, besser zu verstehen, was in ihrem Gesch\u00e4ft vor sich geht, und Ma\u00dfnahmen zu ergreifen, um ihre Leistung zu verbessern. Zus\u00e4tzlich zu den Excel-basierten\u2026","rel":"","context":"Similar post","img":{"alt_text":"","src":"https:\/\/i0.wp.com\/www.investaura.co\/wordpress\/wp-content\/uploads\/2010\/09\/shutterstock_251280265_smaller.jpg?fit=1024%2C678&ssl=1&resize=350%2C200","width":350,"height":200},"classes":[]},{"id":5708,"url":"https:\/\/www.investaura.co\/wordpress\/losungen\/budgetierung-und-prognose\/","url_meta":{"origin":5706,"position":4},"title":"Budgetierung, Planung und Prognose","date":"March 2, 2016","format":false,"excerpt":"Investaura hat vor kurzem ein umfangreiches Budgetierungs-, Gesch\u00e4ftsplanungs- und Kostenprojekt f\u00fcr einen Telekommunikationsdienstleister abgeschlossen. Der Service Provider hatte einige Jahre lang mit Excel-Tools zu k\u00e4mpfen, die niemand wirklich verstanden hatte und die dem Board inkonsistente Ergebnisse brachten. Schlimmer noch, jede Budgetrunde wurde vom Top-Management-Team als schreckliche Erfahrung in Erinnerung gerufen,\u2026","rel":"","context":"Similar post","img":{"alt_text":"","src":"https:\/\/i0.wp.com\/www.investaura.co\/wordpress\/wp-content\/uploads\/2016\/03\/130614_Architecture.png?fit=1075%2C689&ssl=1&resize=350%2C200","width":350,"height":200},"classes":[]},{"id":5677,"url":"https:\/\/www.investaura.co\/wordpress\/losungen\/intelligent-transportation-systems-its-german\/","url_meta":{"origin":5706,"position":5},"title":"Mega-Deals f\u00fcr ITS Projekte gewinnen","date":"January 18, 2017","format":false,"excerpt":"Der globale Markt f\u00fcr Intelligent Transportation Systems (ITS) wird voraussichtlich um 12% pro Jahr von 36 Mrd. $ im Jahr 2015 auf 64 Mrd. $ im Jahr 2020 wachsen. Die Finanzierung der Verkehrs-infrastruktur \u00fcber Maut-Zahlungsl\u00f6sungen stellt dabei den Hauptteil dieses Marktsegments. Wir wissen, was es f\u00fcr ein Unternehmen braucht, um\u2026","rel":"","context":"Similar post","img":{"alt_text":"","src":"https:\/\/i0.wp.com\/www.investaura.co\/wordpress\/wp-content\/uploads\/2022\/03\/PropTech_small.jpg?fit=1024%2C683&ssl=1&resize=350%2C200","width":350,"height":200},"classes":[]}],"jetpack_sharing_enabled":true,"_links":{"self":[{"href":"https:\/\/www.investaura.co\/wordpress\/wp-json\/wp\/v2\/pages\/5706"}],"collection":[{"href":"https:\/\/www.investaura.co\/wordpress\/wp-json\/wp\/v2\/pages"}],"about":[{"href":"https:\/\/www.investaura.co\/wordpress\/wp-json\/wp\/v2\/types\/page"}],"author":[{"embeddable":true,"href":"https:\/\/www.investaura.co\/wordpress\/wp-json\/wp\/v2\/users\/1"}],"replies":[{"embeddable":true,"href":"https:\/\/www.investaura.co\/wordpress\/wp-json\/wp\/v2\/comments?post=5706"}],"version-history":[{"count":8,"href":"https:\/\/www.investaura.co\/wordpress\/wp-json\/wp\/v2\/pages\/5706\/revisions"}],"predecessor-version":[{"id":7402,"href":"https:\/\/www.investaura.co\/wordpress\/wp-json\/wp\/v2\/pages\/5706\/revisions\/7402"}],"up":[{"embeddable":true,"href":"https:\/\/www.investaura.co\/wordpress\/wp-json\/wp\/v2\/pages\/5685"}],"wp:featuredmedia":[{"embeddable":true,"href":"https:\/\/www.investaura.co\/wordpress\/wp-json\/wp\/v2\/media\/5184"}],"wp:attachment":[{"href":"https:\/\/www.investaura.co\/wordpress\/wp-json\/wp\/v2\/media?parent=5706"}],"curies":[{"name":"wp","href":"https:\/\/api.w.org\/{rel}","templated":true}]}}